{"id":28254534,"date":"2025-03-13T00:27:39","date_gmt":"2025-03-13T00:27:39","guid":{"rendered":"https:\/\/www.inmobrisa.com\/inmueble\/venta\/casa\/murcia\/la-manga-del-mar-menor\/n6154\/"},"modified":"2025-03-13T00:27:39","modified_gmt":"2025-03-13T00:27:39","slug":"venta-de-casa-en-la-manga-del-mar-menor-n6154-fr","status":"publish","type":"property","link":"https:\/\/inmobrisa.com\/fr\/property\/venta-de-casa-en-la-manga-del-mar-menor-n6154-fr\/","title":{"rendered":"Venta de Casa en La Manga del Mar Menor &#8211; n6154"},"content":{"rendered":"<p>BELLES MAISONS DE VILLE \u00c0 LA MANGA Cette r\u00e9sidence est situ\u00e9e au km 14 de La Manga sur un terrain unique, sur la premi\u00e8re ligne du canal Estacio et \u00e0 seulement 50 m\u00e8tres de la Mer M\u00e9diterran\u00e9e. Imbattable pour sa situation, \u00e0 seulement 800 m\u00e8tres du port de Tom\u00e1s Maestre, o\u00f9 nous trouverons une zone de loisirs de choix avec bars, caf\u00e9s, restaurants, magasins, supermarch\u00e9s, pharmacies, banques, etc. Ce projet dispose de 28 magnifiques duplex avec 2 et 3 chambres. Dans Residencial, les maisons ont \u00e9t\u00e9 con\u00e7ues pour profiter de chaque coin de la maison, ainsi que que le soin apport\u00e9 au choix des mat\u00e9riaux et de leur conception La Manga del Mar Menor est une bande de terre naturelle entour\u00e9e de deux mers, la Mar Menor et la mer M\u00e9diterran\u00e9e. A cette raret\u00e9 s`ajoutent les multiples possibilit\u00e9s de loisirs et temps libres, restaurants, supermarch\u00e9s, centres m\u00e9dicaux, pharmacies, centres de sports nautiques, terrains de golf. La Manga est situ\u00e9e sur la c\u00f4te nord de la Costa Calida et est une destination de vacances populaire pour les touristes. L`\u00e9troite bande de terre s\u00e9parant le lagon chaud et la mer plus froide a un microclimat unique. C`est l`une des r\u00e9gions les plus exotiques d`Espagne. L`a\u00e9roport de Corvera est \u00e0 environ 1 heure de route et l`a\u00e9roport d`Alicante \u00e0 environ 2 heures.<\/p>\n","protected":false},"excerpt":{"rendered":"<p>BELLES MAISONS DE VILLE \u00c0 LA MANGA Cette r\u00e9sidence est situ\u00e9e au km 14 de La Manga sur un terrain unique, sur la premi\u00e8re ligne du canal Estacio et \u00e0 seulement 50 m\u00e8tres de la Mer M\u00e9diterran\u00e9e. Imbattable pour sa situation, \u00e0 seulement 800 m\u00e8tres du port de Tom\u00e1s Maestre, o\u00f9 nous trouverons une zone de loisirs de choix avec bars,<\/p>\n","protected":false},"author":3,"featured_media":28254537,"parent":0,"menu_order":0,"template":"","property_type":[5130],"property_status":[5020],"property_feature":[5055],"property_label":[5195],"property_state":[5230],"property_city":[5304],"property_area":[5597],"class_list":["post-28254534","property","type-property","status-publish","has-post-thumbnail","hentry","property_type-houses","property_status-vente","property_feature-piscine","property_label-obra-nova","property_state-murcia","property_city-la-manga-del-mar-menor","property_area-la-manga"],"property_meta":{"fave_agent":["163467"],"fave_agents":["163467"],"fave_agent_display_option":["agent_info"],"custom_permalink":["inmueble\/venta\/casa\/murcia\/la-manga-del-mar-menor\/n6154\/"],"_thumbnail_id":["28254537"],"post_id":["Array"],"original_author":["3"],"property_agent":["163467"],"_edit_lock":["1604137107:1"],"_edit_last":["1"],"fave_property_map_street_view":["show"],"fave_payment_status":["not_paid"],"fave_single_top_area":["global"],"fave_single_content_area":["global"],"houzez_manual_expire":["0"],"fave_property_size_prefix":["m&sup2;"],"fave_property_map":["1"],"fave_additional_features_enable":["disable"],"fave_floor_plans_enable":["disable"],"fave_multiunit_plans_enable":["disable"],"fave_prop_homeslider":["no"],"fave_featured":["0"],"fave_property_address":[" La Manga del Mar Menor, Murcia"],"fave_property_zip":["30380"],"houzez_geolocation_lat":["37.749759"],"houzez_geolocation_long":["-0.740083"],"fave_property_location":["37.749759,-0.740083"],"fave_property_country":["ES"],"fave_property_map_address":[" La Manga del Mar Menor, Murcia, Spain"],"fave_comunidadimporte":[""],"fave_comunidadincluida":["0"],"fave_conservacion":["Obra Nueva"],"fave_orientacion":[""],"fave_carpinteriainterior":[""],"fave_carpinteriaexterior":[""],"fave_tiposuelo":[""],"fave_vistas":[""],"fave_ibi":[""],"additional_features":["a:5:{i:0;a:2:{s:29:\"fave_additional_feature_title\";s:12:\"Carpinter\u00eda\";s:29:\"fave_additional_feature_value\";s:0:\"\";}i:1;a:2:{s:29:\"fave_additional_feature_title\";s:21:\"Carpinter\u00eda exterior\";s:29:\"fave_additional_feature_value\";s:0:\"\";}i:2;a:2:{s:29:\"fave_additional_feature_title\";s:6:\"Estado\";s:29:\"fave_additional_feature_value\";s:10:\"Obra Nueva\";}i:3;a:2:{s:29:\"fave_additional_feature_title\";s:6:\"Vistas\";s:29:\"fave_additional_feature_value\";s:0:\"\";}i:4;a:2:{s:29:\"fave_additional_feature_title\";s:12:\"Orientaci\u00f3n\";s:29:\"fave_additional_feature_value\";s:0:\"\";}}"],"referencia":["n6154"],"fave_property_id":["n6154"],"fave_property_bedrooms":["2"],"fave_property_bathrooms":["2"],"fave_property_garage":[""],"fave_property_land":["30"],"ave_property_land_postfix":["m&sup2;"],"fave_property_size":["97"],"fave_property_year":["0"],"fave_energy_global_index":["0 kWh\/m&sup2; \/0 Kg CO2\/m&sup2;"],"fave_energy_class":["B"],"estate_attr_energy_class":["B"],"REAL_HOMES_property_emisiones":["0"],"REAL_HOMES_property_consumo":["0"],"REAL_HOMES_property_letra":["B"],"estate_video":[""],"fave_virtual_tour":[""],"vendidoInmueble":[""],"fave_property_price":["260560"],"fave_property_price_postfix":[""],"fave_property_images":["28254537","28254538","28254539","28254540","28254541","28254542","28254543","28254544","28254545","28254546","28254547","28254548","28254549","28254550","28254551","28254552","28254553","28254554","28254555","28254556","28254557","28254558","28254559","28254560"],"houzez_total_property_views":["2"],"houzez_views_by_date":["a:1:{s:10:\"05-02-2026\";i:2;}"],"houzez_recently_viewed":["2026-05-02 11:54:44"],"_elementor_page_assets":["a:0:{}"]},"_links":{"self":[{"href":"https:\/\/inmobrisa.com\/fr\/wp-json\/wp\/v2\/properties\/28254534","targetHints":{"allow":["GET"]}}],"collection":[{"href":"https:\/\/inmobrisa.com\/fr\/wp-json\/wp\/v2\/properties"}],"about":[{"href":"https:\/\/inmobrisa.com\/fr\/wp-json\/wp\/v2\/types\/property"}],"author":[{"embeddable":true,"href":"https:\/\/inmobrisa.com\/fr\/wp-json\/wp\/v2\/users\/3"}],"version-history":[{"count":0,"href":"https:\/\/inmobrisa.com\/fr\/wp-json\/wp\/v2\/properties\/28254534\/revisions"}],"wp:featuredmedia":[{"embeddable":true,"href":"https:\/\/inmobrisa.com\/fr\/wp-json\/wp\/v2\/media\/28254537"}],"wp:attachment":[{"href":"https:\/\/inmobrisa.com\/fr\/wp-json\/wp\/v2\/media?parent=28254534"}],"wp:term":[{"taxonomy":"property_type","embeddable":true,"href":"https:\/\/inmobrisa.com\/fr\/wp-json\/wp\/v2\/property_type?post=28254534"},{"taxonomy":"property_status","embeddable":true,"href":"https:\/\/inmobrisa.com\/fr\/wp-json\/wp\/v2\/property_status?post=28254534"},{"taxonomy":"property_feature","embeddable":true,"href":"https:\/\/inmobrisa.com\/fr\/wp-json\/wp\/v2\/property_feature?post=28254534"},{"taxonomy":"property_label","embeddable":true,"href":"https:\/\/inmobrisa.com\/fr\/wp-json\/wp\/v2\/property_label?post=28254534"},{"taxonomy":"property_state","embeddable":true,"href":"https:\/\/inmobrisa.com\/fr\/wp-json\/wp\/v2\/property_state?post=28254534"},{"taxonomy":"property_city","embeddable":true,"href":"https:\/\/inmobrisa.com\/fr\/wp-json\/wp\/v2\/property_city?post=28254534"},{"taxonomy":"property_area","embeddable":true,"href":"https:\/\/inmobrisa.com\/fr\/wp-json\/wp\/v2\/property_area?post=28254534"}],"curies":[{"name":"wp","href":"https:\/\/api.w.org\/{rel}","templated":true}]}}

<p>BELLES MAISONS DE VILLE À LA MANGA Cette résidence est située au km 14 de La Manga sur un terrain unique, sur la première ligne du canal Estacio et à seulement 50 mètres de la Mer Méditerranée. Imbattable pour sa situation, à seulement 800 mètres du port de Tomás Maestre, où nous trouverons une zone de loisirs de choix avec bars, cafés, restaurants, magasins, supermarchés, pharmacies, banques, etc. Ce projet dispose de 28 magnifiques duplex avec 2 et 3 chambres. Dans Residencial, les maisons ont été conçues pour profiter de chaque coin de la maison, ainsi que que le soin apporté au choix des matériaux et de leur conception La Manga del Mar Menor est une bande de terre naturelle entourée de deux mers, la Mar Menor et la mer Méditerranée. A cette rareté s`ajoutent les multiples possibilités de loisirs et temps libres, restaurants, supermarchés, centres médicaux, pharmacies, centres de sports nautiques, terrains de golf. La Manga est située sur la côte nord de la Costa Calida et est une destination de vacances populaire pour les touristes. L`étroite bande de terre séparant le lagon chaud et la mer plus froide a un microclimat unique. C`est l`une des régions les plus exotiques d`Espagne. L`aéroport de Corvera est à environ 1 heure de route et l`aéroport d`Alicante à environ 2 heures.</p>

<p>BELLES MAISONS DE VILLE À LA MANGA Cette résidence est située au km 14 de La Manga sur un terrain unique, sur la première ligne du canal Estacio et à seulement 50 mètres de la Mer Méditerranée. Imbattable pour sa situation, à seulement 800 mètres du port de Tomás Maestre, où nous trouverons une zone de loisirs de choix avec bars,</p>

a:5:{i:0;a:2:{s:29:"fave_additional_feature_title";s:12:"Carpintería";s:29:"fave_additional_feature_value";s:0:"";}i:1;a:2:{s:29:"fave_additional_feature_title";s:21:"Carpintería exterior";s:29:"fave_additional_feature_value";s:0:"";}i:2;a:2:{s:29:"fave_additional_feature_title";s:6:"Estado";s:29:"fave_additional_feature_value";s:10:"Obra Nueva";}i:3;a:2:{s:29:"fave_additional_feature_title";s:6:"Vistas";s:29:"fave_additional_feature_value";s:0:"";}i:4;a:2:{s:29:"fave_additional_feature_title";s:12:"Orientación";s:29:"fave_additional_feature_value";s:0:"";}}
