{"id":35432764,"date":"2026-08-31T09:53:50","date_gmt":"2026-08-31T09:53:50","guid":{"rendered":"https:\/\/www.inmobrisa.com\/inmueble\/venta\/villas\/alicante\/la-nucia\/03479\/"},"modified":"2026-08-31T09:53:50","modified_gmt":"2026-08-31T09:53:50","slug":"villa-de-luxe-nucia-pres-de-benidorm-vie-privee-03479","status":"publish","type":"property","link":"https:\/\/inmobrisa.com\/fr\/property\/villa-de-luxe-nucia-pres-de-benidorm-vie-privee-03479\/","title":{"rendered":"VILLA DE LUXE &#8211; NUCIA. (PR\u00c8S DE BENIDORM) &#8211; VIE PRIV\u00c9E &#8211; 03479"},"content":{"rendered":"<p>Super environnement, proche de la mer et de la nature. Tr\u00e8s calme et beaucoup d&#8217;intimit\u00e9.<\/p>\n<p>  Villa spectaculaire de 500 m2 r\u00e9partis sur 2 niveaux plus un immense sous-sol ouvert. Au rez-de-chauss\u00e9e, nous avons une chambre en suite avec dressing et salle de bain inclus, 2 grandes chambres, 1 salle de bain, une cuisine enti\u00e8rement \u00e9quip\u00e9e et un salon spacieux avec de grandes fen\u00eatres o\u00f9 vous pourrez profiter d&#8217;une vue incroyable sur la mer et la nature de La Nucie. Le premier \u00e9tage dispose de la climatisation centralis\u00e9e chaude et froide, d&#8217;une chemin\u00e9e automatique \u00e0 biomasse et de 3 radiateurs en pierre volcanique. L&#8217;\u00e9tage inf\u00e9rieur est reli\u00e9 par l&#8217;int\u00e9rieur de la maison et se compose de 2 chambres climatis\u00e9es, d&#8217;une salle de sport, d&#8217;un bureau et d&#8217;une salle de bain compl\u00e8te. Ces pi\u00e8ces sont reli\u00e9es \u00e0 une porte de s\u00e9curit\u00e9 qui m\u00e8ne au garage de la maison o\u00f9 il y a de la place pour un maximum de 3 voitures. Jardin parfaitement entretenu avec piscine et diff\u00e9rents espaces pour passer des moments inoubliables en famille et entre amis.<\/p>\n<p>Cette magnifique villa ne manque d&#8217;aucun type de d\u00e9tail: syst\u00e8me de s\u00e9curit\u00e9 avec capteurs et cam\u00e9ras de vid\u00e9osurveillance, portes int\u00e9rieures coulissantes, doubles fen\u00eatres avec vitrage climalit de haute qualit\u00e9 qui maintiennent id\u00e9alement la temp\u00e9rature de la maison, stores \u00e9lectriques, volets \u00e9lectriques , barres de s\u00e9curit\u00e9, portes d&#8217;acc\u00e8s blind\u00e9es et portail automatique pour l&#8217;acc\u00e8s des v\u00e9hicules. Classe \u00e9nerg\u00e9tique de type A. La maison dispose \u00e9galement d&#8217;un grand entrep\u00f4t ext\u00e9rieur o\u00f9 vous pouvez stocker des motos, des v\u00e9los, des quads&#8230; et les outils pour l&#8217;entretien de la maison et de la station d&#8217;\u00e9puration de la piscine. Double fen\u00eatre, bars, La zone o\u00f9 se trouve la maison a des terrains de jeux \u00e0 proximit\u00e9, des courts de tennis, l&#8217;\u00e9cole Montessori d&#8217;\u00e9ducation traditionnelle, des restaurants (Carbon, Panorama, Alcazar, un tr\u00e8s bon buffet chinois et gratuit au wok, une pharmacie et bien plus encore.<\/p>\n<p>L&#8217;emplacement est id\u00e9al dans la municipalit\u00e9 de La Nuc\u00eda (Costa Blanca), \u00e0 10 minutes de Benidorm et d&#8217;Altea, \u00e0 proximit\u00e9 de tous les services et communications essentiels, tels que l&#8217;a\u00e9roport international d&#8217;Alicante, il a donc l&#8217;\u00e9quilibre parfait pour \u00eatre Une maison pour des escapades sporadiques ou de r\u00e9sider toute l&#8217;ann\u00e9e gr\u00e2ce au climat parfait de la r\u00e9gion. C&#8217;est une maison comme peu d&#8217;autres!<\/p>\n<p>Ne manquez pas cette OPPORTUNITE UNIQUE !<\/p>\n","protected":false},"excerpt":{"rendered":"<p>~Super environnement, proche de la mer et de la nature. Tr\u00e8s calme et beaucoup d&#8217;intimit\u00e9.~~  Villa spectaculaire de 500 m2 r\u00e9partis sur 2 niveaux plus un immense sous-sol ouvert. Au rez-de-chauss\u00e9e, nous avons une chambre en suite avec dressing et salle de bain inclus, 2 grandes chambres, 1 salle de bain, une cuisine enti\u00e8rement <\/p>\n","protected":false},"author":3,"featured_media":35432767,"parent":0,"menu_order":0,"template":"","property_type":[5171],"property_status":[5020],"property_feature":[5138,5105,5030,5070,5060,5045,5055,5085,5025,5090],"property_label":[5281],"property_state":[166],"property_city":[234],"property_area":[294],"class_list":["post-35432764","property","type-property","status-publish","has-post-thumbnail","hentry","property_type-villas","property_status-vente","property_feature-alarme","property_feature-chauffage","property_feature-climatisation","property_feature-debarras","property_feature-jardin","property_feature-parking-fr-","property_feature-piscine","property_feature-porte-blindee","property_feature-terrasse","property_feature-tout-exterieur","property_label-revente","property_state-alicante","property_city-la-nucia","property_area-panorama"],"property_meta":{"fave_agent":["163467"],"fave_agents":["163467"],"fave_agent_display_option":["agent_info"],"custom_permalink":["inmueble\/venta\/villas\/alicante\/la-nucia\/03479\/"],"_thumbnail_id":["35432767"],"original_author":["3"],"property_agent":["163467"],"_edit_lock":["1604137107:1"],"_edit_last":["1"],"fave_property_map_street_view":["show"],"fave_payment_status":["not_paid"],"fave_single_top_area":["global"],"fave_single_content_area":["global"],"houzez_manual_expire":["0"],"fave_property_size_prefix":["m&sup2;"],"fave_property_map":["1"],"fave_additional_features_enable":["disable"],"fave_floor_plans_enable":["disable"],"fave_multiunit_plans_enable":["disable"],"fave_prop_homeslider":["no"],"fave_featured":["0"],"fave_property_address":[" La Nucia, Alicante"],"fave_property_zip":["03530"],"houzez_geolocation_lat":["38.58121825756966"],"houzez_geolocation_long":["-0.13345225244759382"],"fave_property_location":["38.58121825756966,-0.13345225244759382"],"fave_property_country":["ES"],"fave_property_map_address":[" La Nucia, Alicante, Spain"],"fave_comunidadimporte":[""],"fave_comunidadincluida":["0"],"fave_conservacion":["Buen estado"],"fave_orientacion":["Sur"],"fave_carpinteriainterior":[""],"fave_carpinteriaexterior":[""],"fave_tiposuelo":[""],"fave_vistas":[""],"fave_ibi":["1390\u20ac"],"additional_features":["a:6:{i:0;a:2:{s:29:\"fave_additional_feature_title\";s:12:\"Carpinter\u00eda\";s:29:\"fave_additional_feature_value\";s:0:\"\";}i:1;a:2:{s:29:\"fave_additional_feature_title\";s:21:\"Carpinter\u00eda exterior\";s:29:\"fave_additional_feature_value\";s:0:\"\";}i:2;a:2:{s:29:\"fave_additional_feature_title\";s:6:\"Estado\";s:29:\"fave_additional_feature_value\";s:11:\"Buen estado\";}i:3;a:2:{s:29:\"fave_additional_feature_title\";s:6:\"Vistas\";s:29:\"fave_additional_feature_value\";s:0:\"\";}i:4;a:2:{s:29:\"fave_additional_feature_title\";s:12:\"Orientaci\u00f3n\";s:29:\"fave_additional_feature_value\";s:3:\"Sur\";}i:5;a:2:{s:29:\"fave_additional_feature_title\";s:13:\"Gastos de IBI\";s:29:\"fave_additional_feature_value\";s:7:\"1390\u20ac\";}}"],"referencia":["03479"],"fave_property_id":["03479"],"goapis_id_inmueble":["13613165266"],"goapis_images_hash":["fada42400c4d1e1d4056edd5d94b474f"],"fave_property_bedrooms":["5"],"fave_property_bathrooms":["3"],"fave_property_garage":["3"],"fave_property_land":["957"],"ave_property_land_postfix":["m&sup2;"],"fave_property_size":["530"],"fave_property_year":["2002"],"fave_energy_global_index":["0 kWh\/m&sup2; \/0 Kg CO2\/m&sup2;"],"fave_energy_class":["E"],"estate_attr_energy_class":["E"],"REAL_HOMES_property_emisiones":["0"],"REAL_HOMES_property_consumo":["0"],"REAL_HOMES_property_letra":["E"],"estate_video":[""],"fave_virtual_tour":[""],"vendidoInmueble":[""],"fave_property_price":["1200000"],"fave_property_price_postfix":[""],"fave_property_images":["35432767","35432768","35432769","35432770","35432771","35432772","35432773","35432774","35432775","35432776","35432777","35432778","35432779","35432780","35432781","35432782","35432783","35432784","35432785","35432786","35432787","35432788","35432789","35432790","35432791","35432792","35432793","35432794","35432795","35432796","35432797","35432798","35432799","35432800","35432801","35432802","35432803","35432804","35432805","35432806","35432807","35432808","35432809"],"houzez_total_property_views":["2"],"houzez_views_by_date":["a:1:{s:10:\"09-01-2026\";i:2;}"],"houzez_recently_viewed":["2026-09-01 10:55:12"],"_elementor_page_assets":["a:0:{}"]},"_links":{"self":[{"href":"https:\/\/inmobrisa.com\/fr\/wp-json\/wp\/v2\/properties\/35432764","targetHints":{"allow":["GET"]}}],"collection":[{"href":"https:\/\/inmobrisa.com\/fr\/wp-json\/wp\/v2\/properties"}],"about":[{"href":"https:\/\/inmobrisa.com\/fr\/wp-json\/wp\/v2\/types\/property"}],"author":[{"embeddable":true,"href":"https:\/\/inmobrisa.com\/fr\/wp-json\/wp\/v2\/users\/3"}],"version-history":[{"count":0,"href":"https:\/\/inmobrisa.com\/fr\/wp-json\/wp\/v2\/properties\/35432764\/revisions"}],"wp:featuredmedia":[{"embeddable":true,"href":"https:\/\/inmobrisa.com\/fr\/wp-json\/wp\/v2\/media\/35432767"}],"wp:attachment":[{"href":"https:\/\/inmobrisa.com\/fr\/wp-json\/wp\/v2\/media?parent=35432764"}],"wp:term":[{"taxonomy":"property_type","embeddable":true,"href":"https:\/\/inmobrisa.com\/fr\/wp-json\/wp\/v2\/property_type?post=35432764"},{"taxonomy":"property_status","embeddable":true,"href":"https:\/\/inmobrisa.com\/fr\/wp-json\/wp\/v2\/property_status?post=35432764"},{"taxonomy":"property_feature","embeddable":true,"href":"https:\/\/inmobrisa.com\/fr\/wp-json\/wp\/v2\/property_feature?post=35432764"},{"taxonomy":"property_label","embeddable":true,"href":"https:\/\/inmobrisa.com\/fr\/wp-json\/wp\/v2\/property_label?post=35432764"},{"taxonomy":"property_state","embeddable":true,"href":"https:\/\/inmobrisa.com\/fr\/wp-json\/wp\/v2\/property_state?post=35432764"},{"taxonomy":"property_city","embeddable":true,"href":"https:\/\/inmobrisa.com\/fr\/wp-json\/wp\/v2\/property_city?post=35432764"},{"taxonomy":"property_area","embeddable":true,"href":"https:\/\/inmobrisa.com\/fr\/wp-json\/wp\/v2\/property_area?post=35432764"}],"curies":[{"name":"wp","href":"https:\/\/api.w.org\/{rel}","templated":true}]}}

VILLA DE LUXE &#8211; NUCIA. (PRÈS DE BENIDORM) &#8211; VIE PRIVÉE &#8211; 03479

<p>Super environnement, proche de la mer et de la nature. Très calme et beaucoup d&#8217;intimité.</p>
<p>  Villa spectaculaire de 500 m2 répartis sur 2 niveaux plus un immense sous-sol ouvert. Au rez-de-chaussée, nous avons une chambre en suite avec dressing et salle de bain inclus, 2 grandes chambres, 1 salle de bain, une cuisine entièrement équipée et un salon spacieux avec de grandes fenêtres où vous pourrez profiter d&#8217;une vue incroyable sur la mer et la nature de La Nucie. Le premier étage dispose de la climatisation centralisée chaude et froide, d&#8217;une cheminée automatique à biomasse et de 3 radiateurs en pierre volcanique. L&#8217;étage inférieur est relié par l&#8217;intérieur de la maison et se compose de 2 chambres climatisées, d&#8217;une salle de sport, d&#8217;un bureau et d&#8217;une salle de bain complète. Ces pièces sont reliées à une porte de sécurité qui mène au garage de la maison où il y a de la place pour un maximum de 3 voitures. Jardin parfaitement entretenu avec piscine et différents espaces pour passer des moments inoubliables en famille et entre amis.</p>
<p>Cette magnifique villa ne manque d&#8217;aucun type de détail: système de sécurité avec capteurs et caméras de vidéosurveillance, portes intérieures coulissantes, doubles fenêtres avec vitrage climalit de haute qualité qui maintiennent idéalement la température de la maison, stores électriques, volets électriques , barres de sécurité, portes d&#8217;accès blindées et portail automatique pour l&#8217;accès des véhicules. Classe énergétique de type A. La maison dispose également d&#8217;un grand entrepôt extérieur où vous pouvez stocker des motos, des vélos, des quads&#8230; et les outils pour l&#8217;entretien de la maison et de la station d&#8217;épuration de la piscine. Double fenêtre, bars, La zone où se trouve la maison a des terrains de jeux à proximité, des courts de tennis, l&#8217;école Montessori d&#8217;éducation traditionnelle, des restaurants (Carbon, Panorama, Alcazar, un très bon buffet chinois et gratuit au wok, une pharmacie et bien plus encore.</p>
<p>L&#8217;emplacement est idéal dans la municipalité de La Nucía (Costa Blanca), à 10 minutes de Benidorm et d&#8217;Altea, à proximité de tous les services et communications essentiels, tels que l&#8217;aéroport international d&#8217;Alicante, il a donc l&#8217;équilibre parfait pour être Une maison pour des escapades sporadiques ou de résider toute l&#8217;année grâce au climat parfait de la région. C&#8217;est une maison comme peu d&#8217;autres!</p>
<p>Ne manquez pas cette OPPORTUNITE UNIQUE !</p>

<p>~Super environnement, proche de la mer et de la nature. Très calme et beaucoup d&#8217;intimité.~~  Villa spectaculaire de 500 m2 répartis sur 2 niveaux plus un immense sous-sol ouvert. Au rez-de-chaussée, nous avons une chambre en suite avec dressing et salle de bain inclus, 2 grandes chambres, 1 salle de bain, une cuisine entièrement </p>

a:6:{i:0;a:2:{s:29:"fave_additional_feature_title";s:12:"Carpintería";s:29:"fave_additional_feature_value";s:0:"";}i:1;a:2:{s:29:"fave_additional_feature_title";s:21:"Carpintería exterior";s:29:"fave_additional_feature_value";s:0:"";}i:2;a:2:{s:29:"fave_additional_feature_title";s:6:"Estado";s:29:"fave_additional_feature_value";s:11:"Buen estado";}i:3;a:2:{s:29:"fave_additional_feature_title";s:6:"Vistas";s:29:"fave_additional_feature_value";s:0:"";}i:4;a:2:{s:29:"fave_additional_feature_title";s:12:"Orientación";s:29:"fave_additional_feature_value";s:3:"Sur";}i:5;a:2:{s:29:"fave_additional_feature_title";s:13:"Gastos de IBI";s:29:"fave_additional_feature_value";s:7:"1390€";}}
