{"id":27830937,"date":"2026-04-23T08:06:05","date_gmt":"2026-04-23T08:06:05","guid":{"rendered":"https:\/\/www.inmobrisa.com\/inmueble\/venta\/apartamento\/alicante\/benidorm\/05443\/"},"modified":"2026-04-23T08:06:05","modified_gmt":"2026-04-23T08:06:05","slug":"duze-mieszkanie-w-zachodniej-czesci-miasta-z-3-sypialniami-2-lazienkami-pomieszczeniem-gospodarczy-05443","status":"publish","type":"property","link":"https:\/\/inmobrisa.com\/pl\/property\/duze-mieszkanie-w-zachodniej-czesci-miasta-z-3-sypialniami-2-lazienkami-pomieszczeniem-gospodarczy-05443\/","title":{"rendered":"DU\u017bE MIESZKANIE W ZACHODNIEJ CZ\u0118\u015aCI MIASTA Z 3 SYPIALNIAMI, 2 \u0141AZIENKAMI, POMIESZCZENIEM GOSPODARCZY &#8211; 05443"},"content":{"rendered":"<p>Po\u0142o\u017cony w jednej z najbardziej po\u017c\u0105danych dzielnic Benidormu, w pobli\u017cu hotelu Bali, ten wspania\u0142y obiekt oferuje wszystko, czego potrzebujesz, aby cieszy\u0107 si\u0119 \u015br\u00f3dziemnomorskim komfortem, przestronno\u015bci\u0105 i wysok\u0105 jako\u015bci\u0105 \u017cycia. Jego lokalizacja jest idealna zar\u00f3wno na sta\u0142e miejsce zamieszkania, jak i jako inwestycja, w otoczeniu wszystkich niezb\u0119dnych udogodnie\u0144 i zaledwie kilka minut od najlepszych pla\u017c miasta.<\/p>\n<p>Apartament posiada trzy przestronne, jasne sypialnie, zaprojektowane z my\u015bl\u0105 o wypoczynku i funkcjonalno\u015bci dla ca\u0142ej rodziny. Posiada dwie przestronne, w pe\u0142ni wyposa\u017cone \u0142azienki, kt\u00f3re zapewniaj\u0105 wygod\u0119 na co dzie\u0144. Nieruchomo\u015b\u0107 wyr\u00f3\u017cnia si\u0119 doskona\u0142ym uk\u0142adem, kt\u00f3ry maksymalnie wykorzystuje ka\u017cdy metr kwadratowy, tworz\u0105c przyjazne i praktyczne przestrzenie.<\/p>\n<p>Kompleks oferuje wsp\u00f3lny basen, idealny do relaksu w s\u0142oneczne dni, a tak\u017ce wliczone w cen\u0119 miejsce parkingowe, co stanowi istotn\u0105 warto\u015b\u0107 dodan\u0105 w tej okolicy. Do apartamentu przynale\u017cy r\u00f3wnie\u017c kom\u00f3rka lokatorska, idealna do przechowywania rzeczy, bez zajmowania przestrzeni w apartamencie.<\/p>\n<p>Okolica nieruchomo\u015bci to dobrze rozwini\u0119ta i \u0142atwo dost\u0119pna okolica. Zaledwie kilka minut dzieli Ci\u0119 od supermarket\u00f3w, aptek, o\u015brodk\u00f3w zdrowia, szk\u00f3\u0142 i wszelkiego rodzaju sklep\u00f3w. Nieruchomo\u015b\u0107 po\u0142o\u017cona jest w pobli\u017cu teren\u00f3w zielonych i rekreacyjnych, idealnych na spacery i sp\u0119dzanie czasu z rodzin\u0105. Blisko\u015b\u0107 pla\u017cy pozwala cieszy\u0107 si\u0119 morzem o ka\u017cdej porze, co czyni t\u0119 nieruchomo\u015b\u0107 wyj\u0105tkow\u0105 okazj\u0105.<\/p>\n<p>Kompletna, dobrze zlokalizowana i gotowa do zamieszkania nieruchomo\u015b\u0107, \u0142\u0105cz\u0105ca komfort, udogodnienia i doskona\u0142\u0105 lokalizacj\u0119 w Benidormie. Idealna dla rodzin, a tak\u017ce os\u00f3b poszukuj\u0105cych bezpiecznej inwestycji w jednym z najbardziej dynamicznych miast Costa Blanca.<\/p>\n<p>Aby uzyska\u0107 wi\u0119cej informacji, ZADZWO\u0143 DO NAS!<\/p>\n","protected":false},"excerpt":{"rendered":"<p>Po\u0142o\u017cony w jednej z najbardziej po\u017c\u0105danych dzielnic Benidormu, w pobli\u017cu hotelu Bali, ten wspania\u0142y obiekt oferuje wszystko, czego potrzebujesz, aby cieszy\u0107 si\u0119 \u015br\u00f3dziemnomorskim komfortem, przestronno\u015bci\u0105 i wysok\u0105 jako\u015bci\u0105 \u017cycia. Jego lokalizacja jest idealna zar\u00f3wno na sta\u0142e miejsce zamieszkania, jak i jako inwestycja, w <\/p>\n","protected":false},"author":3,"featured_media":27830939,"parent":0,"menu_order":0,"template":"","property_type":[5101],"property_status":[5021],"property_feature":[5056,5091,5046,5182,5071,5026,5096,5051],"property_label":[5282],"property_state":[166],"property_city":[173],"property_area":[476],"class_list":["post-27830937","property","type-property","status-publish","has-post-thumbnail","hentry","property_type-apartamenty","property_status-sprzeda","property_feature-basen","property_feature-cakowicie-zewntrzne","property_feature-parking-pl-","property_feature-pralnia","property_feature-schowek","property_feature-taras","property_feature-urbanizacja","property_feature-winda","property_label-odsprzedaz","property_state-alicante","property_city-benidorm","property_area-hotel-bali"],"property_meta":{"fave_agent":["163467"],"fave_agents":["163467"],"fave_agent_display_option":["agent_info"],"custom_permalink":["inmueble\/venta\/apartamento\/alicante\/benidorm\/05443\/"],"_thumbnail_id":["27830939"],"post_id":["Array"],"original_author":["3"],"property_agent":["163467"],"_edit_lock":["1604137107:1"],"_edit_last":["1"],"fave_property_map_street_view":["show"],"fave_payment_status":["not_paid"],"fave_single_top_area":["global"],"fave_single_content_area":["global"],"houzez_manual_expire":["0"],"fave_property_size_prefix":["m&sup2;"],"fave_property_map":["1"],"fave_additional_features_enable":["disable"],"fave_floor_plans_enable":["disable"],"fave_multiunit_plans_enable":["disable"],"fave_prop_homeslider":["no"],"fave_featured":["0"],"fave_property_address":[" Benidorm, Alicante"],"fave_property_zip":["03502"],"houzez_geolocation_lat":["38.535041644"],"houzez_geolocation_long":["-0.16590985"],"fave_property_location":["38.535041644,-0.16590985"],"fave_property_country":["ES"],"fave_property_map_address":[" Benidorm, Alicante, Spain"],"fave_comunidadimporte":["95\u20ac"],"fave_comunidadincluida":["0"],"fave_conservacion":["Buen estado"],"fave_orientacion":["Sur"],"fave_carpinteriainterior":["Aluminio"],"fave_carpinteriaexterior":["Aluminio"],"fave_tiposuelo":[""],"fave_vistas":[""],"fave_ibi":["550\u20ac"],"additional_features":["a:7:{i:0;a:2:{s:29:\"fave_additional_feature_title\";s:12:\"Carpinter\u00eda\";s:29:\"fave_additional_feature_value\";s:8:\"Aluminio\";}i:1;a:2:{s:29:\"fave_additional_feature_title\";s:21:\"Carpinter\u00eda exterior\";s:29:\"fave_additional_feature_value\";s:8:\"Aluminio\";}i:2;a:2:{s:29:\"fave_additional_feature_title\";s:6:\"Estado\";s:29:\"fave_additional_feature_value\";s:11:\"Buen estado\";}i:3;a:2:{s:29:\"fave_additional_feature_title\";s:6:\"Vistas\";s:29:\"fave_additional_feature_value\";s:0:\"\";}i:4;a:2:{s:29:\"fave_additional_feature_title\";s:12:\"Orientaci\u00f3n\";s:29:\"fave_additional_feature_value\";s:3:\"Sur\";}i:5;a:2:{s:29:\"fave_additional_feature_title\";s:19:\"Gastos de comunidad\";s:29:\"fave_additional_feature_value\";s:5:\"95\u20ac\";}i:6;a:2:{s:29:\"fave_additional_feature_title\";s:13:\"Gastos de IBI\";s:29:\"fave_additional_feature_value\";s:6:\"550\u20ac\";}}"],"referencia":["05443"],"fave_property_id":["05443"],"fave_property_bedrooms":["3"],"fave_property_bathrooms":["2"],"fave_property_garage":["1"],"fave_property_land":["0"],"ave_property_land_postfix":["m&sup2;"],"fave_property_size":["118"],"fave_property_year":["1995"],"fave_energy_global_index":["0 kWh\/m&sup2; \/1234.99 Kg CO2\/m&sup2;"],"fave_energy_class":["G"],"estate_attr_energy_class":["G"],"REAL_HOMES_property_emisiones":["1234.99"],"REAL_HOMES_property_consumo":["0"],"REAL_HOMES_property_letra":["G"],"estate_video":[""],"fave_virtual_tour":[""],"vendidoInmueble":[""],"fave_property_price":["240000"],"fave_property_price_postfix":[""],"fave_property_images":["27830939","27830940","27830941","27830942","27830943","27830944","27830945","27830946","27830947","27830948","27830949","27830950","27830951","27830952","27830953","27830954","27830955","27830956","27830957","27830958","27830959","27830960","27830961","27830962"],"houzez_total_property_views":["3"],"houzez_views_by_date":["a:1:{s:10:\"04-26-2026\";i:3;}"],"houzez_recently_viewed":["2026-04-26 11:59:15"],"_elementor_page_assets":["a:0:{}"]},"_links":{"self":[{"href":"https:\/\/inmobrisa.com\/pl\/wp-json\/wp\/v2\/properties\/27830937","targetHints":{"allow":["GET"]}}],"collection":[{"href":"https:\/\/inmobrisa.com\/pl\/wp-json\/wp\/v2\/properties"}],"about":[{"href":"https:\/\/inmobrisa.com\/pl\/wp-json\/wp\/v2\/types\/property"}],"author":[{"embeddable":true,"href":"https:\/\/inmobrisa.com\/pl\/wp-json\/wp\/v2\/users\/3"}],"version-history":[{"count":0,"href":"https:\/\/inmobrisa.com\/pl\/wp-json\/wp\/v2\/properties\/27830937\/revisions"}],"wp:featuredmedia":[{"embeddable":true,"href":"https:\/\/inmobrisa.com\/pl\/wp-json\/wp\/v2\/media\/27830939"}],"wp:attachment":[{"href":"https:\/\/inmobrisa.com\/pl\/wp-json\/wp\/v2\/media?parent=27830937"}],"wp:term":[{"taxonomy":"property_type","embeddable":true,"href":"https:\/\/inmobrisa.com\/pl\/wp-json\/wp\/v2\/property_type?post=27830937"},{"taxonomy":"property_status","embeddable":true,"href":"https:\/\/inmobrisa.com\/pl\/wp-json\/wp\/v2\/property_status?post=27830937"},{"taxonomy":"property_feature","embeddable":true,"href":"https:\/\/inmobrisa.com\/pl\/wp-json\/wp\/v2\/property_feature?post=27830937"},{"taxonomy":"property_label","embeddable":true,"href":"https:\/\/inmobrisa.com\/pl\/wp-json\/wp\/v2\/property_label?post=27830937"},{"taxonomy":"property_state","embeddable":true,"href":"https:\/\/inmobrisa.com\/pl\/wp-json\/wp\/v2\/property_state?post=27830937"},{"taxonomy":"property_city","embeddable":true,"href":"https:\/\/inmobrisa.com\/pl\/wp-json\/wp\/v2\/property_city?post=27830937"},{"taxonomy":"property_area","embeddable":true,"href":"https:\/\/inmobrisa.com\/pl\/wp-json\/wp\/v2\/property_area?post=27830937"}],"curies":[{"name":"wp","href":"https:\/\/api.w.org\/{rel}","templated":true}]}}

DUŻE MIESZKANIE W ZACHODNIEJ CZĘŚCI MIASTA Z 3 SYPIALNIAMI, 2 ŁAZIENKAMI, POMIESZCZENIEM GOSPODARCZY &#8211; 05443

<p>Położony w jednej z najbardziej pożądanych dzielnic Benidormu, w pobliżu hotelu Bali, ten wspaniały obiekt oferuje wszystko, czego potrzebujesz, aby cieszyć się śródziemnomorskim komfortem, przestronnością i wysoką jakością życia. Jego lokalizacja jest idealna zarówno na stałe miejsce zamieszkania, jak i jako inwestycja, w otoczeniu wszystkich niezbędnych udogodnień i zaledwie kilka minut od najlepszych plaż miasta.</p>
<p>Apartament posiada trzy przestronne, jasne sypialnie, zaprojektowane z myślą o wypoczynku i funkcjonalności dla całej rodziny. Posiada dwie przestronne, w pełni wyposażone łazienki, które zapewniają wygodę na co dzień. Nieruchomość wyróżnia się doskonałym układem, który maksymalnie wykorzystuje każdy metr kwadratowy, tworząc przyjazne i praktyczne przestrzenie.</p>
<p>Kompleks oferuje wspólny basen, idealny do relaksu w słoneczne dni, a także wliczone w cenę miejsce parkingowe, co stanowi istotną wartość dodaną w tej okolicy. Do apartamentu przynależy również komórka lokatorska, idealna do przechowywania rzeczy, bez zajmowania przestrzeni w apartamencie.</p>
<p>Okolica nieruchomości to dobrze rozwinięta i łatwo dostępna okolica. Zaledwie kilka minut dzieli Cię od supermarketów, aptek, ośrodków zdrowia, szkół i wszelkiego rodzaju sklepów. Nieruchomość położona jest w pobliżu terenów zielonych i rekreacyjnych, idealnych na spacery i spędzanie czasu z rodziną. Bliskość plaży pozwala cieszyć się morzem o każdej porze, co czyni tę nieruchomość wyjątkową okazją.</p>
<p>Kompletna, dobrze zlokalizowana i gotowa do zamieszkania nieruchomość, łącząca komfort, udogodnienia i doskonałą lokalizację w Benidormie. Idealna dla rodzin, a także osób poszukujących bezpiecznej inwestycji w jednym z najbardziej dynamicznych miast Costa Blanca.</p>
<p>Aby uzyskać więcej informacji, ZADZWOŃ DO NAS!</p>

<p>Położony w jednej z najbardziej pożądanych dzielnic Benidormu, w pobliżu hotelu Bali, ten wspaniały obiekt oferuje wszystko, czego potrzebujesz, aby cieszyć się śródziemnomorskim komfortem, przestronnością i wysoką jakością życia. Jego lokalizacja jest idealna zarówno na stałe miejsce zamieszkania, jak i jako inwestycja, w </p>

a:7:{i:0;a:2:{s:29:"fave_additional_feature_title";s:12:"Carpintería";s:29:"fave_additional_feature_value";s:8:"Aluminio";}i:1;a:2:{s:29:"fave_additional_feature_title";s:21:"Carpintería exterior";s:29:"fave_additional_feature_value";s:8:"Aluminio";}i:2;a:2:{s:29:"fave_additional_feature_title";s:6:"Estado";s:29:"fave_additional_feature_value";s:11:"Buen estado";}i:3;a:2:{s:29:"fave_additional_feature_title";s:6:"Vistas";s:29:"fave_additional_feature_value";s:0:"";}i:4;a:2:{s:29:"fave_additional_feature_title";s:12:"Orientación";s:29:"fave_additional_feature_value";s:3:"Sur";}i:5;a:2:{s:29:"fave_additional_feature_title";s:19:"Gastos de comunidad";s:29:"fave_additional_feature_value";s:5:"95€";}i:6;a:2:{s:29:"fave_additional_feature_title";s:13:"Gastos de IBI";s:29:"fave_additional_feature_value";s:6:"550€";}}
