{"id":27832164,"date":"2022-08-01T22:00:04","date_gmt":"2022-08-01T22:00:04","guid":{"rendered":"https:\/\/www.inmobrisa.com\/inmueble\/venta\/estudio\/alicante\/benidorm\/03693\/"},"modified":"2022-08-01T22:00:04","modified_gmt":"2022-08-01T22:00:04","slug":"studio-na-sprzedaz-powierzchni-plaza-de-toros-03693","status":"publish","type":"property","link":"https:\/\/inmobrisa.com\/pl\/property\/studio-na-sprzedaz-powierzchni-plaza-de-toros-03693\/","title":{"rendered":"STUDIO NA SPRZEDA\u017b POWIERZCHNI PLAZA DE TOROS. &#8211; 03693"},"content":{"rendered":"<p>Odkryj t\u0119 go\u015bcinn\u0105 nieruchomo\u015b\u0107 w jednej z najbardziej obiecuj\u0105cych dzielnic Benidormu, tu\u017c obok Courts and Bullring. Dzi\u0119ki idealnie zoptymalizowanej powierzchni mieszkalnej 39 m\u00b2, ta cz\u0119\u015bciowo odnowiona nieruchomo\u015b\u0107 oferuje idealne po\u0142\u0105czenie funkcjonalno\u015bci, komfortu i rentowno\u015bci. Orientacja wsch\u00f3d-zach\u00f3d gwarantuje doskona\u0142e naturalne \u015bwiat\u0142o przez ca\u0142y dzie\u0144, tworz\u0105c ciep\u0142\u0105 i przyjazn\u0105 atmosfer\u0119.<br \/>CENA DETALICZNA: 545 EUR MIESI\u0118CZNIE. NAJEMCA P\u0141ACI ZA WYW\u00d3Z \u015aMIECI.<br \/>Nieruchomo\u015b\u0107 posiada parkiet, aluminiow\u0105 stolark\u0119 zewn\u0119trzn\u0105 z podw\u00f3jnymi szybami oraz w pe\u0142ni wyposa\u017con\u0105, niezale\u017cn\u0105 kuchni\u0119. Jest gotowa do zamieszkania lub rozpocz\u0119cia generowania dochodu od pierwszego dnia. Budynek posiada wind\u0119, wsp\u00f3lny basen i dost\u0119pne wej\u015bcia, co zapewnia dodatkow\u0105 wygod\u0119, wysoko cenion\u0105 zar\u00f3wno przez mieszka\u0144c\u00f3w, jak i najemc\u00f3w.<\/p>\n<p>Po\u0142o\u017cona zaledwie 1500 metr\u00f3w od pla\u017cy, ta cz\u0119\u015b\u0107 domu oferuje przyjemny, 20-minutowy spacer do morza, \u0142\u0105cz\u0105c spok\u00f3j okolicy z blisko\u015bci\u0105 atrakcji rekreacyjnych. Zaledwie 3 minuty spacerem dziel\u0105 Ci\u0119 od supermarket\u00f3w Consum i Mercadona, idealnych na codzienne potrzeby, a tak\u017ce apteki Mercedes oddalonej o nieca\u0142e 5 minut, co zapewnia dodatkowe bezpiecze\u0144stwo i wygod\u0119. W pobli\u017cu znajduj\u0105 si\u0119 r\u00f3wnie\u017c przystanki autobusowe i tramwajowe, kt\u00f3re u\u0142atwiaj\u0105 dojazd do ca\u0142ego miasta i okolic. W odleg\u0142o\u015bci 10 minut spacerem znajduj\u0105 si\u0119 o\u015brodki medyczne, szko\u0142y i place zabaw, co czyni t\u0119 nieruchomo\u015b\u0107 doskona\u0142\u0105 zar\u00f3wno do zamieszkania, jak i inwestycji.<\/p>\n<p>Benidorm to jedna z najpopularniejszych destynacji w regionie Morza \u015ar\u00f3dziemnego, s\u0142yn\u0105ca z klimatu, pla\u017c i ca\u0142orocznej aktywno\u015bci turystycznej. To sprawia, \u017ce \u200b\u200bta nieruchomo\u015b\u0107 jest strategiczn\u0105 okazj\u0105 dla inwestor\u00f3w poszukuj\u0105cych wysokich zysk\u00f3w z wynajmu, z bardzo atrakcyjnym miesi\u0119cznym czynszem. Ponadto niskie op\u0142aty wsp\u00f3lnotowe i podatek od nieruchomo\u015bci (IBI) zapewniaj\u0105 ekonomiczne i efektywne utrzymanie.<\/p>\n<p>Niezale\u017cnie od tego, czy jeste\u015b kupuj\u0105cym poszukuj\u0105cym praktycznego i dobrze zlokalizowanego domu, czy w\u0142a\u015bcicielem zainteresowanym sprzeda\u017c\u0105 w okolicy o du\u017cym popycie, to niepowtarzalna okazja. Wszechstronny atut, z du\u017cym potencja\u0142em wzrostu warto\u015bci i mo\u017cliwo\u015bci\u0105 dostosowania do r\u00f3\u017cnych profili.<\/p>\n","protected":false},"excerpt":{"rendered":"<p>Odkryj t\u0119 go\u015bcinn\u0105 nieruchomo\u015b\u0107 w jednej z najbardziej obiecuj\u0105cych dzielnic Benidormu, tu\u017c obok Courts and Bullring. Dzi\u0119ki idealnie zoptymalizowanej powierzchni mieszkalnej 39 m\u00b2, ta cz\u0119\u015bciowo odnowiona nieruchomo\u015b\u0107 oferuje idealne po\u0142\u0105czenie funkcjonalno\u015bci, komfortu i rentowno\u015bci. Orientacja wsch\u00f3d-zach\u00f3d gwarantuje <\/p>\n","protected":false},"author":3,"featured_media":27832166,"parent":0,"menu_order":0,"template":"","property_type":[5270],"property_status":[5021],"property_feature":[5056,5091,5081,5076,5051],"property_label":[5282],"property_state":[166],"property_city":[173],"property_area":[297],"class_list":["post-27832164","property","type-property","status-publish","has-post-thumbnail","hentry","property_type-kawalerki","property_status-sprzeda","property_feature-basen","property_feature-cakowicie-zewntrzne","property_feature-meble","property_feature-sprzt-agd","property_feature-winda","property_label-odsprzedaz","property_state-alicante","property_city-benidorm","property_area-avenida-beniarda"],"property_meta":{"fave_agent":["163467"],"fave_agents":["163467"],"fave_agent_display_option":["agent_info"],"custom_permalink":["inmueble\/venta\/estudio\/alicante\/benidorm\/03693\/"],"_thumbnail_id":["27832166"],"post_id":["Array"],"original_author":["3"],"property_agent":["163467"],"_edit_lock":["1604137107:1"],"_edit_last":["1"],"fave_property_map_street_view":["show"],"fave_payment_status":["not_paid"],"fave_single_top_area":["global"],"fave_single_content_area":["global"],"houzez_manual_expire":["0"],"fave_property_size_prefix":["m&sup2;"],"fave_property_map":["1"],"fave_additional_features_enable":["disable"],"fave_floor_plans_enable":["disable"],"fave_multiunit_plans_enable":["disable"],"fave_prop_homeslider":["no"],"fave_featured":["0"],"fave_property_address":[" Benidorm, Alicante"],"fave_property_zip":["03502"],"houzez_geolocation_lat":["38.545761794398"],"houzez_geolocation_long":["-0.12935852899668"],"fave_property_location":["38.545761794398,-0.12935852899668"],"fave_property_country":["ES"],"fave_property_map_address":[" Benidorm, Alicante, Spain"],"fave_comunidadimporte":["56\u20ac"],"fave_comunidadincluida":["0"],"fave_conservacion":["Semireformado"],"fave_orientacion":["Este Oeste"],"fave_carpinteriainterior":["Madera"],"fave_carpinteriaexterior":["Aluminio"],"fave_tiposuelo":["Climalit"],"fave_vistas":[""],"fave_ibi":[""],"additional_features":["a:6:{i:0;a:2:{s:29:\"fave_additional_feature_title\";s:12:\"Carpinter\u00eda\";s:29:\"fave_additional_feature_value\";s:6:\"Madera\";}i:1;a:2:{s:29:\"fave_additional_feature_title\";s:21:\"Carpinter\u00eda exterior\";s:29:\"fave_additional_feature_value\";s:8:\"Aluminio\";}i:2;a:2:{s:29:\"fave_additional_feature_title\";s:6:\"Estado\";s:29:\"fave_additional_feature_value\";s:13:\"Semireformado\";}i:3;a:2:{s:29:\"fave_additional_feature_title\";s:6:\"Vistas\";s:29:\"fave_additional_feature_value\";s:0:\"\";}i:4;a:2:{s:29:\"fave_additional_feature_title\";s:12:\"Orientaci\u00f3n\";s:29:\"fave_additional_feature_value\";s:10:\"Este Oeste\";}i:5;a:2:{s:29:\"fave_additional_feature_title\";s:19:\"Gastos de comunidad\";s:29:\"fave_additional_feature_value\";s:5:\"56\u20ac\";}}"],"referencia":["03693"],"fave_property_id":["03693"],"fave_property_bedrooms":["0"],"fave_property_bathrooms":["1"],"fave_property_garage":[""],"fave_property_land":["0"],"ave_property_land_postfix":["m&sup2;"],"fave_property_size":["39"],"fave_property_year":["1975"],"fave_energy_global_index":["0 kWh\/m&sup2; \/0 Kg CO2\/m&sup2;"],"fave_energy_class":["D"],"estate_attr_energy_class":["D"],"REAL_HOMES_property_emisiones":["0"],"REAL_HOMES_property_consumo":["0"],"REAL_HOMES_property_letra":["D"],"estate_video":[""],"fave_video_url":["https:\/\/www.youtube.com\/watch?v=_ZMWwlbC0Ug?feature=share"],"fave_video_image":["https:\/\/fotos15.apinmo.com\/8720\/16662786\/7-1.jpg"],"fave_virtual_tour":[""],"vendidoInmueble":[""],"fave_property_price":["128000"],"fave_property_price_postfix":[""],"fave_property_images":["27832166","27832167","27832168","27832169","27832170","27832171","27832172","27832173","27832174","27832175","27832176","27832177","27832178","27832179","27832180"],"houzez_total_property_views":["2"],"houzez_views_by_date":["a:1:{s:10:\"04-26-2026\";i:2;}"],"houzez_recently_viewed":["2026-04-27 01:26:06"],"_elementor_page_assets":["a:0:{}"]},"_links":{"self":[{"href":"https:\/\/inmobrisa.com\/pl\/wp-json\/wp\/v2\/properties\/27832164","targetHints":{"allow":["GET"]}}],"collection":[{"href":"https:\/\/inmobrisa.com\/pl\/wp-json\/wp\/v2\/properties"}],"about":[{"href":"https:\/\/inmobrisa.com\/pl\/wp-json\/wp\/v2\/types\/property"}],"author":[{"embeddable":true,"href":"https:\/\/inmobrisa.com\/pl\/wp-json\/wp\/v2\/users\/3"}],"version-history":[{"count":0,"href":"https:\/\/inmobrisa.com\/pl\/wp-json\/wp\/v2\/properties\/27832164\/revisions"}],"wp:featuredmedia":[{"embeddable":true,"href":"https:\/\/inmobrisa.com\/pl\/wp-json\/wp\/v2\/media\/27832166"}],"wp:attachment":[{"href":"https:\/\/inmobrisa.com\/pl\/wp-json\/wp\/v2\/media?parent=27832164"}],"wp:term":[{"taxonomy":"property_type","embeddable":true,"href":"https:\/\/inmobrisa.com\/pl\/wp-json\/wp\/v2\/property_type?post=27832164"},{"taxonomy":"property_status","embeddable":true,"href":"https:\/\/inmobrisa.com\/pl\/wp-json\/wp\/v2\/property_status?post=27832164"},{"taxonomy":"property_feature","embeddable":true,"href":"https:\/\/inmobrisa.com\/pl\/wp-json\/wp\/v2\/property_feature?post=27832164"},{"taxonomy":"property_label","embeddable":true,"href":"https:\/\/inmobrisa.com\/pl\/wp-json\/wp\/v2\/property_label?post=27832164"},{"taxonomy":"property_state","embeddable":true,"href":"https:\/\/inmobrisa.com\/pl\/wp-json\/wp\/v2\/property_state?post=27832164"},{"taxonomy":"property_city","embeddable":true,"href":"https:\/\/inmobrisa.com\/pl\/wp-json\/wp\/v2\/property_city?post=27832164"},{"taxonomy":"property_area","embeddable":true,"href":"https:\/\/inmobrisa.com\/pl\/wp-json\/wp\/v2\/property_area?post=27832164"}],"curies":[{"name":"wp","href":"https:\/\/api.w.org\/{rel}","templated":true}]}}

STUDIO NA SPRZEDAŻ POWIERZCHNI PLAZA DE TOROS. &#8211; 03693

<p>Odkryj tę gościnną nieruchomość w jednej z najbardziej obiecujących dzielnic Benidormu, tuż obok Courts and Bullring. Dzięki idealnie zoptymalizowanej powierzchni mieszkalnej 39 m², ta częściowo odnowiona nieruchomość oferuje idealne połączenie funkcjonalności, komfortu i rentowności. Orientacja wschód-zachód gwarantuje doskonałe naturalne światło przez cały dzień, tworząc ciepłą i przyjazną atmosferę.<br />CENA DETALICZNA: 545 EUR MIESIĘCZNIE. NAJEMCA PŁACI ZA WYWÓZ ŚMIECI.<br />Nieruchomość posiada parkiet, aluminiową stolarkę zewnętrzną z podwójnymi szybami oraz w pełni wyposażoną, niezależną kuchnię. Jest gotowa do zamieszkania lub rozpoczęcia generowania dochodu od pierwszego dnia. Budynek posiada windę, wspólny basen i dostępne wejścia, co zapewnia dodatkową wygodę, wysoko cenioną zarówno przez mieszkańców, jak i najemców.</p>
<p>Położona zaledwie 1500 metrów od plaży, ta część domu oferuje przyjemny, 20-minutowy spacer do morza, łącząc spokój okolicy z bliskością atrakcji rekreacyjnych. Zaledwie 3 minuty spacerem dzielą Cię od supermarketów Consum i Mercadona, idealnych na codzienne potrzeby, a także apteki Mercedes oddalonej o niecałe 5 minut, co zapewnia dodatkowe bezpieczeństwo i wygodę. W pobliżu znajdują się również przystanki autobusowe i tramwajowe, które ułatwiają dojazd do całego miasta i okolic. W odległości 10 minut spacerem znajdują się ośrodki medyczne, szkoły i place zabaw, co czyni tę nieruchomość doskonałą zarówno do zamieszkania, jak i inwestycji.</p>
<p>Benidorm to jedna z najpopularniejszych destynacji w regionie Morza Śródziemnego, słynąca z klimatu, plaż i całorocznej aktywności turystycznej. To sprawia, że ​​ta nieruchomość jest strategiczną okazją dla inwestorów poszukujących wysokich zysków z wynajmu, z bardzo atrakcyjnym miesięcznym czynszem. Ponadto niskie opłaty wspólnotowe i podatek od nieruchomości (IBI) zapewniają ekonomiczne i efektywne utrzymanie.</p>
<p>Niezależnie od tego, czy jesteś kupującym poszukującym praktycznego i dobrze zlokalizowanego domu, czy właścicielem zainteresowanym sprzedażą w okolicy o dużym popycie, to niepowtarzalna okazja. Wszechstronny atut, z dużym potencjałem wzrostu wartości i możliwością dostosowania do różnych profili.</p>

<p>Odkryj tę gościnną nieruchomość w jednej z najbardziej obiecujących dzielnic Benidormu, tuż obok Courts and Bullring. Dzięki idealnie zoptymalizowanej powierzchni mieszkalnej 39 m², ta częściowo odnowiona nieruchomość oferuje idealne połączenie funkcjonalności, komfortu i rentowności. Orientacja wschód-zachód gwarantuje </p>

a:6:{i:0;a:2:{s:29:"fave_additional_feature_title";s:12:"Carpintería";s:29:"fave_additional_feature_value";s:6:"Madera";}i:1;a:2:{s:29:"fave_additional_feature_title";s:21:"Carpintería exterior";s:29:"fave_additional_feature_value";s:8:"Aluminio";}i:2;a:2:{s:29:"fave_additional_feature_title";s:6:"Estado";s:29:"fave_additional_feature_value";s:13:"Semireformado";}i:3;a:2:{s:29:"fave_additional_feature_title";s:6:"Vistas";s:29:"fave_additional_feature_value";s:0:"";}i:4;a:2:{s:29:"fave_additional_feature_title";s:12:"Orientación";s:29:"fave_additional_feature_value";s:10:"Este Oeste";}i:5;a:2:{s:29:"fave_additional_feature_title";s:19:"Gastos de comunidad";s:29:"fave_additional_feature_value";s:5:"56€";}}
