{"id":27868563,"date":"2026-04-22T10:42:06","date_gmt":"2026-04-22T10:42:06","guid":{"rendered":"https:\/\/www.inmobrisa.com\/inmueble\/venta\/local-comercial\/alicante\/benidorm\/05442\/"},"modified":"2026-04-22T10:42:06","modified_gmt":"2026-04-22T10:42:06","slug":"lokale-handlowe-w-okolicy-colonia-madryt-bezpieczna-inwestycja-w-benidorm-05442","status":"publish","type":"property","link":"https:\/\/inmobrisa.com\/pl\/property\/lokale-handlowe-w-okolicy-colonia-madryt-bezpieczna-inwestycja-w-benidorm-05442\/","title":{"rendered":"LOKALE HANDLOWE W OKOLICY COLONIA MADRYT: BEZPIECZNA INWESTYCJA W BENIDORM &#8211; 05442"},"content":{"rendered":"<p>Je\u015bli szukasz strategicznej okazji w Benidormie, ta przestrze\u0144 komercyjna w renomowanej dzielnicy Colonia Madrid to propozycja \u0142\u0105cz\u0105ca widoczno\u015b\u0107, rentowno\u015b\u0107 i potencja\u0142 na przysz\u0142o\u015b\u0107. Nieruchomo\u015b\u0107 o powierzchni 76 m\u00b2 i powierzchni u\u017cytkowej 63 m\u00b2 wyr\u00f3\u017cnia si\u0119 doskona\u0142ym uk\u0142adem i naturalnym o\u015bwietleniem, dzi\u0119ki po\u0142o\u017ceniu na poziomie ulicy, co czyni j\u0105 idealn\u0105 dla ka\u017cdego rodzaju dzia\u0142alno\u015bci. Jest w dobrym stanie, co pozwala na natychmiastowe rozpocz\u0119cie dzia\u0142alno\u015bci lub \u0142atw\u0105 adaptacj\u0119 do potrzeb firmy.<\/p>\n<p>LOKAL NIE JEST WYPOSA\u017bONY W SYSTEM ODDYMIANIA I MO\u017bE POSIADA\u0106 TARAS PO UZYSKANIU ODPOWIEDNIEGO POZWOLENIA OD URZ\u0118DU MIASTA.<\/p>\n<p>Lokal posiada przy\u0142\u0105cza wody i pr\u0105du. Do lokalu przynale\u017cy r\u00f3wnie\u017c kom\u00f3rka lokatorska, co stanowi kluczow\u0105 warto\u015b\u0107 dodan\u0105 dla powierzchni magazynowej. Niskie koszty operacyjne to kolejny atut: roczny podatek od nieruchomo\u015bci (IBI) w wysoko\u015bci zaledwie 230 euro i miesi\u0119czne op\u0142aty wsp\u00f3lnotowe w wysoko\u015bci 10 euro sprawiaj\u0105, \u017ce nieruchomo\u015b\u0107 pozycjonuje si\u0119 jako efektywna i rentowna inwestycja w jednej z najbardziej dynamicznych dzielnic miasta.<\/p>\n<p>Nieruchomo\u015b\u0107, po\u0142o\u017cona w miejscu o du\u017cym nat\u0119\u017ceniu ruchu, w otoczeniu udogodnie\u0144 i lokalnego \u017cycia, oferuje doskona\u0142e po\u0142\u0105czenie z okolic\u0105. Zaledwie 8 minut spacerem dzieli j\u0105 od supermarket\u00f3w, takich jak Consum, a tak\u017ce znanych aptek, takich jak Farmacia Colonia Madrid. Ponadto, dost\u0119p do komunikacji miejskiej jest doskona\u0142y \u2013 pobliskie przystanki autobusowe i przystanek tramwajowy oddalone s\u0105 o oko\u0142o 2 minuty spacerem, co u\u0142atwia mobilno\u015b\u0107 zar\u00f3wno klientom, jak i pracownikom.<\/p>\n<p>W okolicy znajduj\u0105 si\u0119 r\u00f3wnie\u017c szko\u0142y, place zabaw i plac\u00f3wki medyczne, takie jak pobliskie Centrum Zdrowia Foietes, zapewniaj\u0105ce sta\u0142y nap\u0142yw potencjalnych klient\u00f3w. Zaledwie kilka minut dzieli j\u0105 od kultowego Parque de l&#8217;Aig\u00fcera, zielonej oazy, kt\u00f3ra \u0142\u0105czy r\u00f3\u017cne cz\u0119\u015bci miasta i wzbogaca otoczenie handlowe.<\/p>\n<p>Ta nieruchomo\u015b\u0107 stanowi doskona\u0142\u0105 okazj\u0119 zar\u00f3wno dla przedsi\u0119biorc\u00f3w, kt\u00f3rzy chc\u0105 rozwija\u0107 swoj\u0105 dzia\u0142alno\u015b\u0107 w strategicznej lokalizacji, jak i inwestor\u00f3w poszukuj\u0105cych wysokich zysk\u00f3w w regionie o sta\u0142ym popycie. To pewny wyb\u00f3r na Costa Blanca, a tak\u017ce idealna oferta dla w\u0142a\u015bcicieli, kt\u00f3rzy chc\u0105 sprzeda\u0107 nieruchomo\u015b\u0107 w dobrze prosperuj\u0105cym i rozwijaj\u0105cym si\u0119 \u015brodowisku miejskim.<\/p>\n","protected":false},"excerpt":{"rendered":"<p>Je\u015bli szukasz strategicznej okazji w Benidormie, ta przestrze\u0144 komercyjna w renomowanej dzielnicy Colonia Madrid to propozycja \u0142\u0105cz\u0105ca widoczno\u015b\u0107, rentowno\u015b\u0107 i potencja\u0142 na przysz\u0142o\u015b\u0107. Nieruchomo\u015b\u0107 o powierzchni 76 m\u00b2 i powierzchni u\u017cytkowej 63 m\u00b2 wyr\u00f3\u017cnia si\u0119 doskona\u0142ym uk\u0142adem i naturalnym o\u015bwietleniem, dzi\u0119ki <\/p>\n","protected":false},"author":3,"featured_media":27868565,"parent":0,"menu_order":0,"template":"","property_type":[5016],"property_status":[5021],"property_feature":[5091,5071],"property_label":[5282],"property_state":[166],"property_city":[173],"property_area":[236],"class_list":["post-27868563","property","type-property","status-publish","has-post-thumbnail","hentry","property_type-lokale-uytkowe","property_status-sprzeda","property_feature-cakowicie-zewntrzne","property_feature-schowek","property_label-odsprzedaz","property_state-alicante","property_city-benidorm","property_area-colonia-madrid"],"property_meta":{"fave_agent":["163467"],"fave_agents":["163467"],"fave_agent_display_option":["agent_info"],"custom_permalink":["inmueble\/venta\/local-comercial\/alicante\/benidorm\/05442\/"],"_thumbnail_id":["27868565"],"post_id":["Array"],"original_author":["3"],"property_agent":["163467"],"_edit_lock":["1604137107:1"],"_edit_last":["1"],"fave_property_map_street_view":["show"],"fave_payment_status":["not_paid"],"fave_single_top_area":["global"],"fave_single_content_area":["global"],"houzez_manual_expire":["0"],"fave_property_size_prefix":["m&sup2;"],"fave_property_map":["1"],"fave_additional_features_enable":["disable"],"fave_floor_plans_enable":["disable"],"fave_multiunit_plans_enable":["disable"],"fave_prop_homeslider":["no"],"fave_featured":["0"],"fave_property_address":[" Benidorm, Alicante"],"fave_property_zip":["03502"],"houzez_geolocation_lat":["38.547508232"],"houzez_geolocation_long":["-0.134495764"],"fave_property_location":["38.547508232,-0.134495764"],"fave_property_country":["ES"],"fave_property_map_address":[" Benidorm, Alicante, Spain"],"fave_comunidadimporte":["10\u20ac"],"fave_comunidadincluida":["0"],"fave_conservacion":["Buen estado"],"fave_orientacion":["Sur"],"fave_carpinteriainterior":[""],"fave_carpinteriaexterior":[""],"fave_tiposuelo":[""],"fave_vistas":[""],"fave_ibi":["230\u20ac"],"additional_features":["a:7:{i:0;a:2:{s:29:\"fave_additional_feature_title\";s:12:\"Carpinter\u00eda\";s:29:\"fave_additional_feature_value\";s:0:\"\";}i:1;a:2:{s:29:\"fave_additional_feature_title\";s:21:\"Carpinter\u00eda exterior\";s:29:\"fave_additional_feature_value\";s:0:\"\";}i:2;a:2:{s:29:\"fave_additional_feature_title\";s:6:\"Estado\";s:29:\"fave_additional_feature_value\";s:11:\"Buen estado\";}i:3;a:2:{s:29:\"fave_additional_feature_title\";s:6:\"Vistas\";s:29:\"fave_additional_feature_value\";s:0:\"\";}i:4;a:2:{s:29:\"fave_additional_feature_title\";s:12:\"Orientaci\u00f3n\";s:29:\"fave_additional_feature_value\";s:3:\"Sur\";}i:5;a:2:{s:29:\"fave_additional_feature_title\";s:19:\"Gastos de comunidad\";s:29:\"fave_additional_feature_value\";s:5:\"10\u20ac\";}i:6;a:2:{s:29:\"fave_additional_feature_title\";s:13:\"Gastos de IBI\";s:29:\"fave_additional_feature_value\";s:6:\"230\u20ac\";}}"],"referencia":["05442"],"fave_property_id":["05442"],"fave_property_bedrooms":["0"],"fave_property_bathrooms":["1"],"fave_property_garage":[""],"fave_property_land":["0"],"ave_property_land_postfix":["m&sup2;"],"fave_property_size":["76"],"fave_property_year":["1977"],"fave_energy_global_index":["0 kWh\/m&sup2; \/1234.99 Kg CO2\/m&sup2;"],"fave_energy_class":["E"],"estate_attr_energy_class":["E"],"REAL_HOMES_property_emisiones":["1234.99"],"REAL_HOMES_property_consumo":["0"],"REAL_HOMES_property_letra":["E"],"estate_video":[""],"fave_video_url":["https:\/\/www.youtube.com\/watch?v=pyv7VZnTKa8"],"fave_video_image":["https:\/\/fotos15.apinmo.com\/8720\/28835044\/4-1.jpg"],"fave_virtual_tour":[""],"vendidoInmueble":[""],"fave_property_price":["127500"],"fave_property_price_postfix":[""],"fave_property_images":["27868565","27868566","27868567","27868568","27868569","27868570"],"houzez_total_property_views":["2"],"houzez_views_by_date":["a:1:{s:10:\"04-26-2026\";i:2;}"],"houzez_recently_viewed":["2026-04-27 01:26:05"],"_elementor_page_assets":["a:0:{}"]},"_links":{"self":[{"href":"https:\/\/inmobrisa.com\/pl\/wp-json\/wp\/v2\/properties\/27868563","targetHints":{"allow":["GET"]}}],"collection":[{"href":"https:\/\/inmobrisa.com\/pl\/wp-json\/wp\/v2\/properties"}],"about":[{"href":"https:\/\/inmobrisa.com\/pl\/wp-json\/wp\/v2\/types\/property"}],"author":[{"embeddable":true,"href":"https:\/\/inmobrisa.com\/pl\/wp-json\/wp\/v2\/users\/3"}],"version-history":[{"count":0,"href":"https:\/\/inmobrisa.com\/pl\/wp-json\/wp\/v2\/properties\/27868563\/revisions"}],"wp:featuredmedia":[{"embeddable":true,"href":"https:\/\/inmobrisa.com\/pl\/wp-json\/wp\/v2\/media\/27868565"}],"wp:attachment":[{"href":"https:\/\/inmobrisa.com\/pl\/wp-json\/wp\/v2\/media?parent=27868563"}],"wp:term":[{"taxonomy":"property_type","embeddable":true,"href":"https:\/\/inmobrisa.com\/pl\/wp-json\/wp\/v2\/property_type?post=27868563"},{"taxonomy":"property_status","embeddable":true,"href":"https:\/\/inmobrisa.com\/pl\/wp-json\/wp\/v2\/property_status?post=27868563"},{"taxonomy":"property_feature","embeddable":true,"href":"https:\/\/inmobrisa.com\/pl\/wp-json\/wp\/v2\/property_feature?post=27868563"},{"taxonomy":"property_label","embeddable":true,"href":"https:\/\/inmobrisa.com\/pl\/wp-json\/wp\/v2\/property_label?post=27868563"},{"taxonomy":"property_state","embeddable":true,"href":"https:\/\/inmobrisa.com\/pl\/wp-json\/wp\/v2\/property_state?post=27868563"},{"taxonomy":"property_city","embeddable":true,"href":"https:\/\/inmobrisa.com\/pl\/wp-json\/wp\/v2\/property_city?post=27868563"},{"taxonomy":"property_area","embeddable":true,"href":"https:\/\/inmobrisa.com\/pl\/wp-json\/wp\/v2\/property_area?post=27868563"}],"curies":[{"name":"wp","href":"https:\/\/api.w.org\/{rel}","templated":true}]}}

<p>Jeśli szukasz strategicznej okazji w Benidormie, ta przestrzeń komercyjna w renomowanej dzielnicy Colonia Madrid to propozycja łącząca widoczność, rentowność i potencjał na przyszłość. Nieruchomość o powierzchni 76 m² i powierzchni użytkowej 63 m² wyróżnia się doskonałym układem i naturalnym oświetleniem, dzięki położeniu na poziomie ulicy, co czyni ją idealną dla każdego rodzaju działalności. Jest w dobrym stanie, co pozwala na natychmiastowe rozpoczęcie działalności lub łatwą adaptację do potrzeb firmy.</p>
<p>LOKAL NIE JEST WYPOSAŻONY W SYSTEM ODDYMIANIA I MOŻE POSIADAĆ TARAS PO UZYSKANIU ODPOWIEDNIEGO POZWOLENIA OD URZĘDU MIASTA.</p>
<p>Lokal posiada przyłącza wody i prądu. Do lokalu przynależy również komórka lokatorska, co stanowi kluczową wartość dodaną dla powierzchni magazynowej. Niskie koszty operacyjne to kolejny atut: roczny podatek od nieruchomości (IBI) w wysokości zaledwie 230 euro i miesięczne opłaty wspólnotowe w wysokości 10 euro sprawiają, że nieruchomość pozycjonuje się jako efektywna i rentowna inwestycja w jednej z najbardziej dynamicznych dzielnic miasta.</p>
<p>Nieruchomość, położona w miejscu o dużym natężeniu ruchu, w otoczeniu udogodnień i lokalnego życia, oferuje doskonałe połączenie z okolicą. Zaledwie 8 minut spacerem dzieli ją od supermarketów, takich jak Consum, a także znanych aptek, takich jak Farmacia Colonia Madrid. Ponadto, dostęp do komunikacji miejskiej jest doskonały – pobliskie przystanki autobusowe i przystanek tramwajowy oddalone są o około 2 minuty spacerem, co ułatwia mobilność zarówno klientom, jak i pracownikom.</p>
<p>W okolicy znajdują się również szkoły, place zabaw i placówki medyczne, takie jak pobliskie Centrum Zdrowia Foietes, zapewniające stały napływ potencjalnych klientów. Zaledwie kilka minut dzieli ją od kultowego Parque de l&#8217;Aigüera, zielonej oazy, która łączy różne części miasta i wzbogaca otoczenie handlowe.</p>
<p>Ta nieruchomość stanowi doskonałą okazję zarówno dla przedsiębiorców, którzy chcą rozwijać swoją działalność w strategicznej lokalizacji, jak i inwestorów poszukujących wysokich zysków w regionie o stałym popycie. To pewny wybór na Costa Blanca, a także idealna oferta dla właścicieli, którzy chcą sprzedać nieruchomość w dobrze prosperującym i rozwijającym się środowisku miejskim.</p>

<p>Jeśli szukasz strategicznej okazji w Benidormie, ta przestrzeń komercyjna w renomowanej dzielnicy Colonia Madrid to propozycja łącząca widoczność, rentowność i potencjał na przyszłość. Nieruchomość o powierzchni 76 m² i powierzchni użytkowej 63 m² wyróżnia się doskonałym układem i naturalnym oświetleniem, dzięki </p>

a:7:{i:0;a:2:{s:29:"fave_additional_feature_title";s:12:"Carpintería";s:29:"fave_additional_feature_value";s:0:"";}i:1;a:2:{s:29:"fave_additional_feature_title";s:21:"Carpintería exterior";s:29:"fave_additional_feature_value";s:0:"";}i:2;a:2:{s:29:"fave_additional_feature_title";s:6:"Estado";s:29:"fave_additional_feature_value";s:11:"Buen estado";}i:3;a:2:{s:29:"fave_additional_feature_title";s:6:"Vistas";s:29:"fave_additional_feature_value";s:0:"";}i:4;a:2:{s:29:"fave_additional_feature_title";s:12:"Orientación";s:29:"fave_additional_feature_value";s:3:"Sur";}i:5;a:2:{s:29:"fave_additional_feature_title";s:19:"Gastos de comunidad";s:29:"fave_additional_feature_value";s:5:"10€";}i:6;a:2:{s:29:"fave_additional_feature_title";s:13:"Gastos de IBI";s:29:"fave_additional_feature_value";s:6:"230€";}}
