{"id":28020309,"date":"2026-04-26T00:37:39","date_gmt":"2026-04-26T00:37:39","guid":{"rendered":"https:\/\/www.inmobrisa.com\/inmueble\/venta\/apartamento\/murcia\/san-pedro-del-pinatar\/n9741\/"},"modified":"2026-04-26T00:37:39","modified_gmt":"2026-04-26T00:37:39","slug":"venta-de-apartamento-en-san-pedro-del-pinatar-n9741-pl","status":"publish","type":"property","link":"https:\/\/inmobrisa.com\/pl\/property\/venta-de-apartamento-en-san-pedro-del-pinatar-n9741-pl\/","title":{"rendered":"Venta de Apartamento en San Pedro del Pinatar &#8211; n9741"},"content":{"rendered":"<p>Apartamenty turystyczne w pobli\u017cu pla\u017cy w Lo Pag\u00e1n-San Pedro del Pinatar: okazja inwestycyjna na Costa C\u00e1lidaDoskona\u0142a lokalizacja nadmorska w Lo Pag\u00e1nOdkryj t\u0119 now\u0105 inwestycj\u0119 obejmuj\u0105c\u0105 44 w pe\u0142ni umeblowane apartamenty turystyczne po\u0142o\u017cone w Lo Pag\u00e1n, San Pedro del Pinatar, jednym z najpopularniejszych miejsc na Costa C\u00e1lida. Zaledwie 800 metr\u00f3w od pla\u017cy ten kompleks mieszkaniowy oferuje idealn\u0105 r\u00f3wnowag\u0119 mi\u0119dzy relaksem, nadmorskim stylem \u017cycia a potencja\u0142em inwestycyjnym. Okolica znana jest z blisko\u015bci zar\u00f3wno Mar Menor, jak i Morza \u015ar\u00f3dziemnego, oferuj\u0105c spokojne wody, przystanie i szeroki wyb\u00f3r sport\u00f3w wodnych. Lo Pag\u00e1n posiada r\u00f3wnie\u017c t\u0119tni\u0105c\u0105 \u017cyciem promenad\u0119 z restauracjami, kawiarniami i sklepami, a tak\u017ce s\u0142ynne naturalne k\u0105piele b\u0142otne, kt\u00f3re przyci\u0105gaj\u0105 turyst\u00f3w przez ca\u0142y rok.Nowoczesne apartamenty zaprojektowane z my\u015bl\u0105 o komforcie i elastyczno\u015bciInwestycja oferuje r\u00f3\u017cnorodne rozk\u0142ady pomieszcze\u0144 dostosowane do r\u00f3\u017cnych potrzeb. Nabywcy mog\u0105 wybiera\u0107 spo\u015br\u00f3d przestronnych apartament\u00f3w typu studio z 1 \u0142azienk\u0105 i tarasem lub wi\u0119kszych mieszka\u0144 z 2 sypialniami i 2 \u0142azienkami, w tym jedn\u0105 przy sypialni, wszystkie z prywatnymi tarasami zewn\u0119trznymi. Ka\u017cdy apartament zosta\u0142 starannie zaprojektowany, aby zapewni\u0107 maksymalny komfort, funkcjonalno\u015b\u0107 i dost\u0119p do naturalnego \u015bwiat\u0142a.Wszystkie nieruchomo\u015bci s\u0105 przekazywane w pe\u0142ni umeblowane i wyposa\u017cone w sprz\u0119t AGD, dzi\u0119ki czemu s\u0105 gotowe do natychmiastowego u\u017cytkowania lub wynajmu. Wn\u0119trza odzwierciedlaj\u0105 nowoczesny styl z wysokiej jako\u015bci wyko\u0144czeniami, zapewniaj\u0105c komfortowe i stylowe \u015brodowisko \u017cycia zaledwie kilka minut od morza.Wysokiej jako\u015bci wyposa\u017cenie i inteligentne rozwi\u0105zaniaApartamenty te posiadaj\u0105 w pe\u0142ni zainstalowan\u0105 klimatyzacj\u0119 kana\u0142ow\u0105, system aerotermiczny do podgrzewania wody oraz w pe\u0142ni wyposa\u017cone \u0142azienki z meblami, lustrami i kabinami prysznicowymi. Ponadto budynek i poszczeg\u00f3lne mieszkania s\u0105 wyposa\u017cone w inteligentne systemy zamk\u00f3w, zwi\u0119kszaj\u0105ce bezpiecze\u0144stwo i wygod\u0119. Niekt\u00f3re lokale posiadaj\u0105 r\u00f3wnie\u017c podziemne lub zewn\u0119trzne miejsca parkingowe oraz schowki, w zale\u017cno\u015bci od nieruchomo\u015bci.Udogodnienia w stylu kurortowym zapewniaj\u0105ce relaks i dobre samopoczucieMieszka\u0144cy i go\u015bcie mog\u0105 korzysta\u0107 z doskona\u0142ych udogodnie\u0144 wsp\u00f3lnych, w tym basenu na dachu z solarium, idealnego do relaksu w promieniach \u015br\u00f3dziemnomorskiego s\u0142o\u0144ca. Kompleks posiada r\u00f3wnie\u017c si\u0142owni\u0119 i kawiarni\u0119 na miejscu, tworz\u0105c komfortowe i sprzyjaj\u0105ce kontaktom towarzyskim \u015brodowisko, idealne zar\u00f3wno na wakacje, jak i d\u0142u\u017csze pobyty.Doskona\u0142a komunikacja i pobliskie atrakcjePla\u017ca Lo Pag\u00e1n 0,8 kmMar Menor 0,8 kmCentrum San Pedro del Pinatar 2 kmCentrum handlowe Dos Mares 3 kmPole golfowe Lo Romero 10 kmMi\u0119dzynarodowe lotnisko w Murcji 35 kmLotnisko w Alicante 75 kmPort jachtowy w San Pedro 2 kmInteligentna inwestycja z zarz\u0105dzaniem wynajmemTe apartamenty turystyczne stanowi\u0105 doskona\u0142\u0105 okazj\u0119 inwestycyjn\u0105, z mo\u017cliwo\u015bci\u0105 odliczenia podatku VAT oraz profesjonaln\u0105 firm\u0105 zarz\u0105dzaj\u0105c\u0105 zajmuj\u0105c\u0105 si\u0119 wynajmem, gdy nieruchomo\u015b\u0107 nie jest u\u017cytkowana. Gwarantuje to bezproblemowe posiadanie nieruchomo\u015bci oraz atrakcyjne zyski z wynajmu.Zabezpiecz swoj\u0105 nieruchomo\u015b\u0107 na Costa C\u00e1lidaNiezale\u017cnie od tego, czy szukasz domu wakacyjnego, inwestycji pod wynajem, czy te\u017c obu tych opcji, te apartamenty w Lo Pag\u00e1n oferuj\u0105 doskona\u0142\u0105 lokalizacj\u0119, wysok\u0105 jako\u015b\u0107 i rentowno\u015b\u0107. Skontaktuj si\u0119 z nami ju\u017c dzi\u015b, aby uzyska\u0107 wi\u0119cej informacji lub um\u00f3wi\u0107 si\u0119 na ogl\u0105danie i zabezpieczy\u0107 swoj\u0105 now\u0105 nieruchomo\u015b\u0107 nad morzem.<\/p>\n","protected":false},"excerpt":{"rendered":"<p>Apartamenty turystyczne w pobli\u017cu pla\u017cy w Lo Pag\u00e1n-San Pedro del Pinatar: okazja inwestycyjna na Costa C\u00e1lidaDoskona\u0142a lokalizacja nadmorska w Lo Pag\u00e1nOdkryj t\u0119 now\u0105 inwestycj\u0119 obejmuj\u0105c\u0105 44 w pe\u0142ni umeblowane apartamenty turystyczne po\u0142o\u017cone w Lo Pag\u00e1n, San Pedro del Pinatar, jednym z najpopularniejszych miejsc na Costa <\/p>\n","protected":false},"author":3,"featured_media":28020311,"parent":0,"menu_order":0,"template":"","property_type":[5101],"property_status":[5021],"property_feature":[5056,5081,5148],"property_label":[5196],"property_state":[5230],"property_city":[5300],"property_area":[5637],"class_list":["post-28020309","property","type-property","status-publish","has-post-thumbnail","hentry","property_type-apartamenty","property_status-sprzeda","property_feature-basen","property_feature-meble","property_feature-siownia","property_label-nowy-budynek","property_state-murcia","property_city-san-pedro-del-pinatar","property_area-los-cuarteros"],"property_meta":{"fave_agent":["163467"],"fave_agents":["163467"],"fave_agent_display_option":["agent_info"],"custom_permalink":["inmueble\/venta\/apartamento\/murcia\/san-pedro-del-pinatar\/n9741\/"],"_thumbnail_id":["28020311"],"post_id":["Array"],"original_author":["3"],"property_agent":["163467"],"_edit_lock":["1604137107:1"],"_edit_last":["1"],"fave_property_map_street_view":["show"],"fave_payment_status":["not_paid"],"fave_single_top_area":["global"],"fave_single_content_area":["global"],"houzez_manual_expire":["0"],"fave_property_size_prefix":["m&sup2;"],"fave_property_map":["1"],"fave_additional_features_enable":["disable"],"fave_floor_plans_enable":["disable"],"fave_multiunit_plans_enable":["disable"],"fave_prop_homeslider":["no"],"fave_featured":["0"],"fave_property_address":[" San Pedro del Pinatar, Murcia"],"fave_property_zip":["30740"],"houzez_geolocation_lat":["37.81978950065635"],"houzez_geolocation_long":["-0.7966944281836824"],"fave_property_location":["37.81978950065635,-0.7966944281836824"],"fave_property_country":["ES"],"fave_property_map_address":[" San Pedro del Pinatar, Murcia, Spain"],"fave_comunidadimporte":[""],"fave_comunidadincluida":["0"],"fave_conservacion":["Obra Nueva"],"fave_orientacion":[""],"fave_carpinteriainterior":[""],"fave_carpinteriaexterior":[""],"fave_tiposuelo":[""],"fave_vistas":[""],"fave_ibi":[""],"additional_features":["a:5:{i:0;a:2:{s:29:\"fave_additional_feature_title\";s:12:\"Carpinter\u00eda\";s:29:\"fave_additional_feature_value\";s:0:\"\";}i:1;a:2:{s:29:\"fave_additional_feature_title\";s:21:\"Carpinter\u00eda exterior\";s:29:\"fave_additional_feature_value\";s:0:\"\";}i:2;a:2:{s:29:\"fave_additional_feature_title\";s:6:\"Estado\";s:29:\"fave_additional_feature_value\";s:10:\"Obra Nueva\";}i:3;a:2:{s:29:\"fave_additional_feature_title\";s:6:\"Vistas\";s:29:\"fave_additional_feature_value\";s:0:\"\";}i:4;a:2:{s:29:\"fave_additional_feature_title\";s:12:\"Orientaci\u00f3n\";s:29:\"fave_additional_feature_value\";s:0:\"\";}}"],"referencia":["n9741"],"fave_property_id":["n9741"],"fave_property_bedrooms":["0"],"fave_property_bathrooms":["1"],"fave_property_garage":[""],"fave_property_land":["0"],"ave_property_land_postfix":["m&sup2;"],"fave_property_size":["43"],"fave_property_year":["0"],"fave_energy_global_index":["0 kWh\/m&sup2; \/0 Kg CO2\/m&sup2;"],"fave_energy_class":["B"],"estate_attr_energy_class":["B"],"REAL_HOMES_property_emisiones":["0"],"REAL_HOMES_property_consumo":["0"],"REAL_HOMES_property_letra":["B"],"estate_video":[""],"fave_virtual_tour":[""],"vendidoInmueble":[""],"fave_property_price":["149900"],"fave_property_price_postfix":[""],"fave_property_images":["28020311","28020312","28020313","28020314","28020315","28020316","28020317","28020318","28020319","28020320","28020321","28020322","28020323","28020324","28020325"],"houzez_total_property_views":["1"],"houzez_views_by_date":["a:1:{s:10:\"04-28-2026\";i:1;}"],"houzez_recently_viewed":["2026-04-28 15:29:26"],"_elementor_page_assets":["a:0:{}"]},"_links":{"self":[{"href":"https:\/\/inmobrisa.com\/pl\/wp-json\/wp\/v2\/properties\/28020309","targetHints":{"allow":["GET"]}}],"collection":[{"href":"https:\/\/inmobrisa.com\/pl\/wp-json\/wp\/v2\/properties"}],"about":[{"href":"https:\/\/inmobrisa.com\/pl\/wp-json\/wp\/v2\/types\/property"}],"author":[{"embeddable":true,"href":"https:\/\/inmobrisa.com\/pl\/wp-json\/wp\/v2\/users\/3"}],"version-history":[{"count":0,"href":"https:\/\/inmobrisa.com\/pl\/wp-json\/wp\/v2\/properties\/28020309\/revisions"}],"wp:featuredmedia":[{"embeddable":true,"href":"https:\/\/inmobrisa.com\/pl\/wp-json\/wp\/v2\/media\/28020311"}],"wp:attachment":[{"href":"https:\/\/inmobrisa.com\/pl\/wp-json\/wp\/v2\/media?parent=28020309"}],"wp:term":[{"taxonomy":"property_type","embeddable":true,"href":"https:\/\/inmobrisa.com\/pl\/wp-json\/wp\/v2\/property_type?post=28020309"},{"taxonomy":"property_status","embeddable":true,"href":"https:\/\/inmobrisa.com\/pl\/wp-json\/wp\/v2\/property_status?post=28020309"},{"taxonomy":"property_feature","embeddable":true,"href":"https:\/\/inmobrisa.com\/pl\/wp-json\/wp\/v2\/property_feature?post=28020309"},{"taxonomy":"property_label","embeddable":true,"href":"https:\/\/inmobrisa.com\/pl\/wp-json\/wp\/v2\/property_label?post=28020309"},{"taxonomy":"property_state","embeddable":true,"href":"https:\/\/inmobrisa.com\/pl\/wp-json\/wp\/v2\/property_state?post=28020309"},{"taxonomy":"property_city","embeddable":true,"href":"https:\/\/inmobrisa.com\/pl\/wp-json\/wp\/v2\/property_city?post=28020309"},{"taxonomy":"property_area","embeddable":true,"href":"https:\/\/inmobrisa.com\/pl\/wp-json\/wp\/v2\/property_area?post=28020309"}],"curies":[{"name":"wp","href":"https:\/\/api.w.org\/{rel}","templated":true}]}}

<p>Apartamenty turystyczne w pobliżu plaży w Lo Pagán-San Pedro del Pinatar: okazja inwestycyjna na Costa CálidaDoskonała lokalizacja nadmorska w Lo PagánOdkryj tę nową inwestycję obejmującą 44 w pełni umeblowane apartamenty turystyczne położone w Lo Pagán, San Pedro del Pinatar, jednym z najpopularniejszych miejsc na Costa Cálida. Zaledwie 800 metrów od plaży ten kompleks mieszkaniowy oferuje idealną równowagę między relaksem, nadmorskim stylem życia a potencjałem inwestycyjnym. Okolica znana jest z bliskości zarówno Mar Menor, jak i Morza Śródziemnego, oferując spokojne wody, przystanie i szeroki wybór sportów wodnych. Lo Pagán posiada również tętniącą życiem promenadę z restauracjami, kawiarniami i sklepami, a także słynne naturalne kąpiele błotne, które przyciągają turystów przez cały rok.Nowoczesne apartamenty zaprojektowane z myślą o komforcie i elastycznościInwestycja oferuje różnorodne rozkłady pomieszczeń dostosowane do różnych potrzeb. Nabywcy mogą wybierać spośród przestronnych apartamentów typu studio z 1 łazienką i tarasem lub większych mieszkań z 2 sypialniami i 2 łazienkami, w tym jedną przy sypialni, wszystkie z prywatnymi tarasami zewnętrznymi. Każdy apartament został starannie zaprojektowany, aby zapewnić maksymalny komfort, funkcjonalność i dostęp do naturalnego światła.Wszystkie nieruchomości są przekazywane w pełni umeblowane i wyposażone w sprzęt AGD, dzięki czemu są gotowe do natychmiastowego użytkowania lub wynajmu. Wnętrza odzwierciedlają nowoczesny styl z wysokiej jakości wykończeniami, zapewniając komfortowe i stylowe środowisko życia zaledwie kilka minut od morza.Wysokiej jakości wyposażenie i inteligentne rozwiązaniaApartamenty te posiadają w pełni zainstalowaną klimatyzację kanałową, system aerotermiczny do podgrzewania wody oraz w pełni wyposażone łazienki z meblami, lustrami i kabinami prysznicowymi. Ponadto budynek i poszczególne mieszkania są wyposażone w inteligentne systemy zamków, zwiększające bezpieczeństwo i wygodę. Niektóre lokale posiadają również podziemne lub zewnętrzne miejsca parkingowe oraz schowki, w zależności od nieruchomości.Udogodnienia w stylu kurortowym zapewniające relaks i dobre samopoczucieMieszkańcy i goście mogą korzystać z doskonałych udogodnień wspólnych, w tym basenu na dachu z solarium, idealnego do relaksu w promieniach śródziemnomorskiego słońca. Kompleks posiada również siłownię i kawiarnię na miejscu, tworząc komfortowe i sprzyjające kontaktom towarzyskim środowisko, idealne zarówno na wakacje, jak i dłuższe pobyty.Doskonała komunikacja i pobliskie atrakcjePlaża Lo Pagán 0,8 kmMar Menor 0,8 kmCentrum San Pedro del Pinatar 2 kmCentrum handlowe Dos Mares 3 kmPole golfowe Lo Romero 10 kmMiędzynarodowe lotnisko w Murcji 35 kmLotnisko w Alicante 75 kmPort jachtowy w San Pedro 2 kmInteligentna inwestycja z zarządzaniem wynajmemTe apartamenty turystyczne stanowią doskonałą okazję inwestycyjną, z możliwością odliczenia podatku VAT oraz profesjonalną firmą zarządzającą zajmującą się wynajmem, gdy nieruchomość nie jest użytkowana. Gwarantuje to bezproblemowe posiadanie nieruchomości oraz atrakcyjne zyski z wynajmu.Zabezpiecz swoją nieruchomość na Costa CálidaNiezależnie od tego, czy szukasz domu wakacyjnego, inwestycji pod wynajem, czy też obu tych opcji, te apartamenty w Lo Pagán oferują doskonałą lokalizację, wysoką jakość i rentowność. Skontaktuj się z nami już dziś, aby uzyskać więcej informacji lub umówić się na oglądanie i zabezpieczyć swoją nową nieruchomość nad morzem.</p>

<p>Apartamenty turystyczne w pobliżu plaży w Lo Pagán-San Pedro del Pinatar: okazja inwestycyjna na Costa CálidaDoskonała lokalizacja nadmorska w Lo PagánOdkryj tę nową inwestycję obejmującą 44 w pełni umeblowane apartamenty turystyczne położone w Lo Pagán, San Pedro del Pinatar, jednym z najpopularniejszych miejsc na Costa </p>

a:5:{i:0;a:2:{s:29:"fave_additional_feature_title";s:12:"Carpintería";s:29:"fave_additional_feature_value";s:0:"";}i:1;a:2:{s:29:"fave_additional_feature_title";s:21:"Carpintería exterior";s:29:"fave_additional_feature_value";s:0:"";}i:2;a:2:{s:29:"fave_additional_feature_title";s:6:"Estado";s:29:"fave_additional_feature_value";s:10:"Obra Nueva";}i:3;a:2:{s:29:"fave_additional_feature_title";s:6:"Vistas";s:29:"fave_additional_feature_value";s:0:"";}i:4;a:2:{s:29:"fave_additional_feature_title";s:12:"Orientación";s:29:"fave_additional_feature_value";s:0:"";}}
