{"id":28032609,"date":"2025-03-13T00:27:39","date_gmt":"2025-03-13T00:27:39","guid":{"rendered":"https:\/\/www.inmobrisa.com\/inmueble\/venta\/apartamento\/murcia\/la-manga-del-mar-menor\/n8369\/"},"modified":"2025-03-13T00:27:39","modified_gmt":"2025-03-13T00:27:39","slug":"venta-de-apartamento-en-la-manga-del-mar-menor-n8369-pl","status":"publish","type":"property","link":"https:\/\/inmobrisa.com\/pl\/property\/venta-de-apartamento-en-la-manga-del-mar-menor-n8369-pl\/","title":{"rendered":"Venta de Apartamento en La Manga del Mar Menor &#8211; n8369"},"content":{"rendered":"<p>RYNEK PIERWOTNY KOMPLEKS MIESZKALNY W LA MANGA Rynek Pierwotny kompleks mieszkalny znajduje si\u0119 w wyj\u0105tkowym i szczeg\u00f3lnym miejscu, mi\u0119dzy dwoma morzami, w uprzywilejowanej lokalizacji i ze wszystkimi us\u0142ugami, kt\u00f3rych mo\u017cesz potrzebowa\u0107 na wyci\u0105gni\u0119cie r\u0119ki w regionie Murcji, na pi\u0119knym wybrze\u017cu z przezroczystymi i p\u0142ytkimi pla\u017cami.W tym kompleksie mieszkalnym apartamenty zosta\u0142y zaprojektowane tak, aby maksymalnie wykorzysta\u0107 ka\u017cdy zak\u0105tek nieruchomo\u015bci, a tak\u017cewyb\u00f3r materia\u0142\u00f3w i projekt dom\u00f3w.\u017byj w \u015bwiecie wra\u017ce\u0144 i przyjemnych chwil ze wszystkimi us\u0142ugami i zaj\u0119ciami, kt\u00f3rych pragniesz na wyci\u0105gni\u0119cie r\u0119ki.Instalacje &#8211; Klimatyzacja:System klimatyzacji za pomoc\u0105 kana\u0142\u00f3w, na ciep\u0142o i zimno, w ca\u0142ym domu (z wyj\u0105tkiem dystrybutor\u00f3w i \u0142azienek) i obs\u0142ugiwany przez centraln\u0105 konsol\u0119.Urz\u0105dzenia elektryczne:Piekarnik ze stali nierdzewnej.Czarna p\u0142yta ceramiczna z trzema palnikami.Lod\u00f3wka ze stali nierdzewnej.Okap zintegrowany z meblami.Zintegrowana zmywarka.Cz\u0119\u015bci wsp\u00f3lne:Dost\u0119p do budynku przez bia\u0142e drzwi PCV i podw\u00f3jne szyby z komor\u0105 powietrzn\u0105.Hole wej\u015bciowe i stopnie schod\u00f3w specjalnie ozdobione krajowym marmurem.Bia\u0142a, lakierowana termicznie aluminiowa por\u0119cz na wewn\u0119trznych klatkach schodowych.O\u015bwietlenie wykrywaj\u0105ce obecno\u015b\u0107 w piwnicy i wewn\u0119trznych cz\u0119\u015bciach wsp\u00f3lnych.Bia\u0142a segmentowa brama gara\u017cowa z nap\u0119dem silnikowym. Balustrady urbanistyczne ze stali nierdzewnej.System wideodomofonowy.Antena satelitarna z kana\u0142ami europejskimi.Basen z zagospodarowanym solarium.La Manga del Mar Menor to naturalny pas l\u0105du otoczony dwoma morzami, Mar Menor i Morzem \u015ar\u00f3dziemnym. Do tej rzadko\u015bci mo\u017cna doda\u0107 liczne opcje rekreacji i sp\u0119dzania wolnego czasu, restauracje, supermarkety, centra medyczne, apteki, centra sport\u00f3w wodnych, pola golfowe.La Manga znajduje si\u0119 na p\u00f3\u0142nocnym wybrze\u017cu Costa Calida i jest popularnym miejscem wypoczynku dla turyst\u00f3w. W\u0105ski pas l\u0105du oddzielaj\u0105cy ciep\u0142\u0105 lagun\u0119 od ch\u0142odniejszego morza ma unikalny mikroklimat. Jest to jeden z najbardziej egzotycznych obszar\u00f3w w Hiszpanii.Lotnisko Corvera oddalone jest o oko\u0142o 1 godzin\u0119 jazdy samochodem, a lotnisko Alicante o oko\u0142o 2 godziny.<\/p>\n","protected":false},"excerpt":{"rendered":"<p>RYNEK PIERWOTNY KOMPLEKS MIESZKALNY W LA MANGA Rynek Pierwotny kompleks mieszkalny znajduje si\u0119 w wyj\u0105tkowym i szczeg\u00f3lnym miejscu, mi\u0119dzy dwoma morzami, w uprzywilejowanej lokalizacji i ze wszystkimi us\u0142ugami, kt\u00f3rych mo\u017cesz potrzebowa\u0107 na wyci\u0105gni\u0119cie r\u0119ki w regionie Murcji, na pi\u0119knym wybrze\u017cu z przezroczystymi i p\u0142ytkimi <\/p>\n","protected":false},"author":3,"featured_media":28032611,"parent":0,"menu_order":0,"template":"","property_type":[5101],"property_status":[5021],"property_feature":[5056,5061,5148],"property_label":[5196],"property_state":[5230],"property_city":[5304],"property_area":[5597],"class_list":["post-28032609","property","type-property","status-publish","has-post-thumbnail","hentry","property_type-apartamenty","property_status-sprzeda","property_feature-basen","property_feature-ogrod","property_feature-siownia","property_label-nowy-budynek","property_state-murcia","property_city-la-manga-del-mar-menor","property_area-la-manga"],"property_meta":{"fave_agent":["163467"],"fave_agents":["163467"],"fave_agent_display_option":["agent_info"],"custom_permalink":["inmueble\/venta\/apartamento\/murcia\/la-manga-del-mar-menor\/n8369\/"],"_thumbnail_id":["28032611"],"post_id":["Array"],"original_author":["3"],"property_agent":["163467"],"_edit_lock":["1604137107:1"],"_edit_last":["1"],"fave_property_map_street_view":["show"],"fave_payment_status":["not_paid"],"fave_single_top_area":["global"],"fave_single_content_area":["global"],"houzez_manual_expire":["0"],"fave_property_size_prefix":["m&sup2;"],"fave_property_map":["1"],"fave_additional_features_enable":["disable"],"fave_floor_plans_enable":["disable"],"fave_multiunit_plans_enable":["disable"],"fave_prop_homeslider":["no"],"fave_featured":["0"],"fave_property_address":[" La Manga del Mar Menor, Murcia"],"fave_property_zip":["30380"],"houzez_geolocation_lat":["37.749759"],"houzez_geolocation_long":["-0.740083"],"fave_property_location":["37.749759,-0.740083"],"fave_property_country":["ES"],"fave_property_map_address":[" La Manga del Mar Menor, Murcia, Spain"],"fave_comunidadimporte":[""],"fave_comunidadincluida":["0"],"fave_conservacion":["Obra Nueva"],"fave_orientacion":[""],"fave_carpinteriainterior":[""],"fave_carpinteriaexterior":[""],"fave_tiposuelo":[""],"fave_vistas":[""],"fave_ibi":[""],"additional_features":["a:5:{i:0;a:2:{s:29:\"fave_additional_feature_title\";s:12:\"Carpinter\u00eda\";s:29:\"fave_additional_feature_value\";s:0:\"\";}i:1;a:2:{s:29:\"fave_additional_feature_title\";s:21:\"Carpinter\u00eda exterior\";s:29:\"fave_additional_feature_value\";s:0:\"\";}i:2;a:2:{s:29:\"fave_additional_feature_title\";s:6:\"Estado\";s:29:\"fave_additional_feature_value\";s:10:\"Obra Nueva\";}i:3;a:2:{s:29:\"fave_additional_feature_title\";s:6:\"Vistas\";s:29:\"fave_additional_feature_value\";s:0:\"\";}i:4;a:2:{s:29:\"fave_additional_feature_title\";s:12:\"Orientaci\u00f3n\";s:29:\"fave_additional_feature_value\";s:0:\"\";}}"],"referencia":["n8369"],"fave_property_id":["n8369"],"fave_property_bedrooms":["2"],"fave_property_bathrooms":["2"],"fave_property_garage":[""],"fave_property_land":["0"],"ave_property_land_postfix":["m&sup2;"],"fave_property_size":["92"],"fave_property_year":["0"],"fave_energy_global_index":["0 kWh\/m&sup2; \/0 Kg CO2\/m&sup2;"],"fave_energy_class":["B"],"estate_attr_energy_class":["B"],"REAL_HOMES_property_emisiones":["0"],"REAL_HOMES_property_consumo":["0"],"REAL_HOMES_property_letra":["B"],"estate_video":[""],"fave_virtual_tour":[""],"vendidoInmueble":[""],"fave_property_price":["262963"],"fave_property_price_postfix":[""],"fave_property_images":["28032611","28032612","28032613","28032614","28032615","28032616","28032617","28032618","28032619","28032620","28032621","28032622","28032623","28032624","28032625","28032626"],"houzez_total_property_views":["2"],"houzez_views_by_date":["a:1:{s:10:\"04-29-2026\";i:2;}"],"houzez_recently_viewed":["2026-04-29 10:30:50"],"_elementor_page_assets":["a:0:{}"]},"_links":{"self":[{"href":"https:\/\/inmobrisa.com\/pl\/wp-json\/wp\/v2\/properties\/28032609","targetHints":{"allow":["GET"]}}],"collection":[{"href":"https:\/\/inmobrisa.com\/pl\/wp-json\/wp\/v2\/properties"}],"about":[{"href":"https:\/\/inmobrisa.com\/pl\/wp-json\/wp\/v2\/types\/property"}],"author":[{"embeddable":true,"href":"https:\/\/inmobrisa.com\/pl\/wp-json\/wp\/v2\/users\/3"}],"version-history":[{"count":0,"href":"https:\/\/inmobrisa.com\/pl\/wp-json\/wp\/v2\/properties\/28032609\/revisions"}],"wp:featuredmedia":[{"embeddable":true,"href":"https:\/\/inmobrisa.com\/pl\/wp-json\/wp\/v2\/media\/28032611"}],"wp:attachment":[{"href":"https:\/\/inmobrisa.com\/pl\/wp-json\/wp\/v2\/media?parent=28032609"}],"wp:term":[{"taxonomy":"property_type","embeddable":true,"href":"https:\/\/inmobrisa.com\/pl\/wp-json\/wp\/v2\/property_type?post=28032609"},{"taxonomy":"property_status","embeddable":true,"href":"https:\/\/inmobrisa.com\/pl\/wp-json\/wp\/v2\/property_status?post=28032609"},{"taxonomy":"property_feature","embeddable":true,"href":"https:\/\/inmobrisa.com\/pl\/wp-json\/wp\/v2\/property_feature?post=28032609"},{"taxonomy":"property_label","embeddable":true,"href":"https:\/\/inmobrisa.com\/pl\/wp-json\/wp\/v2\/property_label?post=28032609"},{"taxonomy":"property_state","embeddable":true,"href":"https:\/\/inmobrisa.com\/pl\/wp-json\/wp\/v2\/property_state?post=28032609"},{"taxonomy":"property_city","embeddable":true,"href":"https:\/\/inmobrisa.com\/pl\/wp-json\/wp\/v2\/property_city?post=28032609"},{"taxonomy":"property_area","embeddable":true,"href":"https:\/\/inmobrisa.com\/pl\/wp-json\/wp\/v2\/property_area?post=28032609"}],"curies":[{"name":"wp","href":"https:\/\/api.w.org\/{rel}","templated":true}]}}

<p>RYNEK PIERWOTNY KOMPLEKS MIESZKALNY W LA MANGA Rynek Pierwotny kompleks mieszkalny znajduje się w wyjątkowym i szczególnym miejscu, między dwoma morzami, w uprzywilejowanej lokalizacji i ze wszystkimi usługami, których możesz potrzebować na wyciągnięcie ręki w regionie Murcji, na pięknym wybrzeżu z przezroczystymi i płytkimi plażami.W tym kompleksie mieszkalnym apartamenty zostały zaprojektowane tak, aby maksymalnie wykorzystać każdy zakątek nieruchomości, a takżewybór materiałów i projekt domów.Żyj w świecie wrażeń i przyjemnych chwil ze wszystkimi usługami i zajęciami, których pragniesz na wyciągnięcie ręki.Instalacje &#8211; Klimatyzacja:System klimatyzacji za pomocą kanałów, na ciepło i zimno, w całym domu (z wyjątkiem dystrybutorów i łazienek) i obsługiwany przez centralną konsolę.Urządzenia elektryczne:Piekarnik ze stali nierdzewnej.Czarna płyta ceramiczna z trzema palnikami.Lodówka ze stali nierdzewnej.Okap zintegrowany z meblami.Zintegrowana zmywarka.Części wspólne:Dostęp do budynku przez białe drzwi PCV i podwójne szyby z komorą powietrzną.Hole wejściowe i stopnie schodów specjalnie ozdobione krajowym marmurem.Biała, lakierowana termicznie aluminiowa poręcz na wewnętrznych klatkach schodowych.Oświetlenie wykrywające obecność w piwnicy i wewnętrznych częściach wspólnych.Biała segmentowa brama garażowa z napędem silnikowym. Balustrady urbanistyczne ze stali nierdzewnej.System wideodomofonowy.Antena satelitarna z kanałami europejskimi.Basen z zagospodarowanym solarium.La Manga del Mar Menor to naturalny pas lądu otoczony dwoma morzami, Mar Menor i Morzem Śródziemnym. Do tej rzadkości można dodać liczne opcje rekreacji i spędzania wolnego czasu, restauracje, supermarkety, centra medyczne, apteki, centra sportów wodnych, pola golfowe.La Manga znajduje się na północnym wybrzeżu Costa Calida i jest popularnym miejscem wypoczynku dla turystów. Wąski pas lądu oddzielający ciepłą lagunę od chłodniejszego morza ma unikalny mikroklimat. Jest to jeden z najbardziej egzotycznych obszarów w Hiszpanii.Lotnisko Corvera oddalone jest o około 1 godzinę jazdy samochodem, a lotnisko Alicante o około 2 godziny.</p>

<p>RYNEK PIERWOTNY KOMPLEKS MIESZKALNY W LA MANGA Rynek Pierwotny kompleks mieszkalny znajduje się w wyjątkowym i szczególnym miejscu, między dwoma morzami, w uprzywilejowanej lokalizacji i ze wszystkimi usługami, których możesz potrzebować na wyciągnięcie ręki w regionie Murcji, na pięknym wybrzeżu z przezroczystymi i płytkimi </p>

a:5:{i:0;a:2:{s:29:"fave_additional_feature_title";s:12:"Carpintería";s:29:"fave_additional_feature_value";s:0:"";}i:1;a:2:{s:29:"fave_additional_feature_title";s:21:"Carpintería exterior";s:29:"fave_additional_feature_value";s:0:"";}i:2;a:2:{s:29:"fave_additional_feature_title";s:6:"Estado";s:29:"fave_additional_feature_value";s:10:"Obra Nueva";}i:3;a:2:{s:29:"fave_additional_feature_title";s:6:"Vistas";s:29:"fave_additional_feature_value";s:0:"";}i:4;a:2:{s:29:"fave_additional_feature_title";s:12:"Orientación";s:29:"fave_additional_feature_value";s:0:"";}}
