{"id":28058113,"date":"2026-04-25T00:41:40","date_gmt":"2026-04-25T00:41:40","guid":{"rendered":"https:\/\/www.inmobrisa.com\/inmueble\/venta\/villas\/alicante\/finestrat\/n9739\/"},"modified":"2026-04-25T00:41:40","modified_gmt":"2026-04-25T00:41:40","slug":"venta-de-villa-en-finestrat-n9739-pl","status":"publish","type":"property","link":"https:\/\/inmobrisa.com\/pl\/property\/venta-de-villa-en-finestrat-n9739-pl\/","title":{"rendered":"Venta de Villa en Finestrat &#8211; n9739"},"content":{"rendered":"<p>Nowoczesne, nowo wybudowane wille w Finestrat z prywatnym basenem w pobli\u017cu BenidormuDoskona\u0142a lokalizacja w Finestrat na Costa BlancaOdkryj t\u0119 ekskluzywn\u0105 inwestycj\u0119 sk\u0142adaj\u0105c\u0105 si\u0119 z zaledwie 5 nowoczesnych willi po\u0142o\u017conych w Finestrat, jednej z najbardziej po\u017c\u0105danych dzielnic mieszkaniowych na Costa Blanca. Dzi\u0119ki doskona\u0142ej lokalizacji pomi\u0119dzy urocz\u0105 miejscowo\u015bci\u0105 Finestrat a t\u0119tni\u0105cym \u017cyciem miastem Benidorm, domy te oferuj\u0105 spokojne otoczenie w sercu natury, pozostaj\u0105c jednocze\u015bnie w pobli\u017cu wszystkich udogodnie\u0144. Okolica znana jest z przepi\u0119knych widok\u00f3w na Morze \u015ar\u00f3dziemne i otaczaj\u0105ce g\u00f3ry, a tak\u017ce z blisko\u015bci p\u00f3l golfowych, centr\u00f3w handlowych i obiekt\u00f3w rekreacyjnych.Finestrat \u0142\u0105czy w sobie tradycyjny hiszpa\u0144ski urok z nowoczesn\u0105 infrastruktur\u0105, co czyni go idealnym miejscem zar\u00f3wno do sta\u0142ego zamieszkania, jak i na domy wakacyjne. Po\u0142o\u017cenie na wzniesieniu zapewnia otwarty widok i poczucie prywatno\u015bci, a do tego wybrze\u017ce znajduje si\u0119 w odleg\u0142o\u015bci kr\u00f3tkiej przeja\u017cd\u017cki samochodem.Nowoczesne wille zaprojektowane z my\u015bl\u0105 o komforcie i styluTe eleganckie wille charakteryzuj\u0105 si\u0119 nowoczesnym, minimalistycznym designem z czystymi liniami, du\u017cymi panoramicznymi oknami i przestronnymi prywatnymi tarasami. Ka\u017cda nieruchomo\u015b\u0107 rozk\u0142ada si\u0119 na dw\u00f3ch pi\u0119trach i oferuje 3 sypialnie oraz 3 \u0142azienki, w tym g\u0142\u00f3wn\u0105 sypialni\u0119 z garderob\u0105 i dost\u0119pem do prywatnego tarasu. Dodatkowa garderoba zapewnia wi\u0119ksz\u0105 wygod\u0119 i miejsce do przechowywania.Otwarta przestrze\u0144 zapewnia lepszy dost\u0119p \u015bwiat\u0142a naturalnego i tworzy p\u0142ynne po\u0142\u0105czenie mi\u0119dzy przestrzeni\u0105 wewn\u0119trzn\u0105 a zewn\u0119trzn\u0105, co idealnie nadaje si\u0119 do cieszenia si\u0119 \u015br\u00f3dziemnomorskim stylem \u017cycia przez ca\u0142y rok.Prywatne przestrzenie zewn\u0119trzne i wyposa\u017cenie klasy premiumKa\u017cda willa po\u0142o\u017cona jest na prywatnej, zagospodarowanej dzia\u0142ce i posiada prywatny basen, idealny do relaksu i rozrywki. Nieruchomo\u015bci oferuj\u0105 r\u00f3wnie\u017c prywatny parking na dwa samochody na terenie dzia\u0142ki.Wysokiej jako\u015bci wyko\u0144czenia i nowoczesne instalacje zapewniaj\u0105 maksymalny komfort i efektywno\u015b\u0107 energetyczn\u0105. Wyposa\u017cenie obejmuje aerotermiczne systemy ciep\u0142ej wody, klimatyzatory typu split z indywidualn\u0105 regulacj\u0105 w ka\u017cdym pokoju oraz designerskie o\u015bwietlenie wewn\u0119trzne i zewn\u0119trzne. Kuchnia jest w pe\u0142ni umeblowana i wyposa\u017cona w p\u0142yt\u0119 ceramiczn\u0105, okap i piekarnik.Energooszcz\u0119dne domy z nowoczesn\u0105 technologi\u0105Wille te, zbudowane z materia\u0142\u00f3w najwy\u017cszej jako\u015bci i posiadaj\u0105ce klas\u0119 energetyczn\u0105 A, zosta\u0142y zaprojektowane tak, aby zmniejszy\u0107 zu\u017cycie energii przy zachowaniu wysokiego poziomu komfortu. Po\u0142\u0105czenie izolacji, wydajnych system\u00f3w i wysokiej jako\u015bci konstrukcji zapewnia zr\u00f3wnowa\u017cony i ekonomiczny dom.Doskona\u0142a komunikacja i pobliskie atrakcjePla\u017ce w Benidormie 5 kmMiejscowo\u015b\u0107 Finestrat 3 kmPole golfowe Puig Campana 2 kmCentrum handlowe La Marina 4 kmPort w Benidormie 6 kmLotnisko w Alicante 55 kmTw\u00f3j idealny dom nad Morzem \u015ar\u00f3dziemnym czekaNiezale\u017cnie od tego, czy szukasz stylowej sta\u0142ej rezydencji, wakacyjnego zacisza, czy te\u017c m\u0105drej inwestycji, te nowoczesne wille w Finestrat oferuj\u0105 lokalizacj\u0119, jako\u015b\u0107 i styl \u017cycia w jednym pakiecie. Skontaktuj si\u0119 z nami ju\u017c dzi\u015b, aby otrzyma\u0107 wi\u0119cej informacji lub um\u00f3wi\u0107 si\u0119 na ogl\u0105danie i zapewni\u0107 sobie nowy dom na Costa Blanca.<\/p>\n","protected":false},"excerpt":{"rendered":"<p>Nowoczesne, nowo wybudowane wille w Finestrat z prywatnym basenem w pobli\u017cu BenidormuDoskona\u0142a lokalizacja w Finestrat na Costa BlancaOdkryj t\u0119 ekskluzywn\u0105 inwestycj\u0119 sk\u0142adaj\u0105c\u0105 si\u0119 z zaledwie 5 nowoczesnych willi po\u0142o\u017conych w Finestrat, jednej z najbardziej po\u017c\u0105danych dzielnic mieszkaniowych na Costa Blanca. Dzi\u0119ki <\/p>\n","protected":false},"author":3,"featured_media":28058115,"parent":0,"menu_order":0,"template":"","property_type":[5172],"property_status":[5021],"property_feature":[5056,5061],"property_label":[5196],"property_state":[166],"property_city":[224],"property_area":[362],"class_list":["post-28058113","property","type-property","status-publish","has-post-thumbnail","hentry","property_type-wille","property_status-sprzeda","property_feature-basen","property_feature-ogrod","property_label-nowy-budynek","property_state-alicante","property_city-finestrat","property_area-finestrat-urbanizaciones"],"property_meta":{"fave_agent":["163467"],"fave_agents":["163467"],"fave_agent_display_option":["agent_info"],"custom_permalink":["inmueble\/venta\/villas\/alicante\/finestrat\/n9739\/"],"_thumbnail_id":["28058115"],"post_id":["Array"],"original_author":["3"],"property_agent":["163467"],"_edit_lock":["1604137107:1"],"_edit_last":["1"],"fave_property_map_street_view":["show"],"fave_payment_status":["not_paid"],"fave_single_top_area":["global"],"fave_single_content_area":["global"],"houzez_manual_expire":["0"],"fave_property_size_prefix":["m&sup2;"],"fave_property_map":["1"],"fave_additional_features_enable":["disable"],"fave_floor_plans_enable":["disable"],"fave_multiunit_plans_enable":["disable"],"fave_prop_homeslider":["no"],"fave_featured":["0"],"fave_property_address":[" Finestrat, Alicante"],"fave_property_zip":["03509"],"houzez_geolocation_lat":["38.558160418991896"],"houzez_geolocation_long":["-0.20115097434858767"],"fave_property_location":["38.558160418991896,-0.20115097434858767"],"fave_property_country":["ES"],"fave_property_map_address":[" Finestrat, Alicante, Spain"],"fave_comunidadimporte":[""],"fave_comunidadincluida":["0"],"fave_conservacion":["Obra Nueva"],"fave_orientacion":[""],"fave_carpinteriainterior":[""],"fave_carpinteriaexterior":[""],"fave_tiposuelo":[""],"fave_vistas":[""],"fave_ibi":[""],"additional_features":["a:5:{i:0;a:2:{s:29:\"fave_additional_feature_title\";s:12:\"Carpinter\u00eda\";s:29:\"fave_additional_feature_value\";s:0:\"\";}i:1;a:2:{s:29:\"fave_additional_feature_title\";s:21:\"Carpinter\u00eda exterior\";s:29:\"fave_additional_feature_value\";s:0:\"\";}i:2;a:2:{s:29:\"fave_additional_feature_title\";s:6:\"Estado\";s:29:\"fave_additional_feature_value\";s:10:\"Obra Nueva\";}i:3;a:2:{s:29:\"fave_additional_feature_title\";s:6:\"Vistas\";s:29:\"fave_additional_feature_value\";s:0:\"\";}i:4;a:2:{s:29:\"fave_additional_feature_title\";s:12:\"Orientaci\u00f3n\";s:29:\"fave_additional_feature_value\";s:0:\"\";}}"],"referencia":["n9739"],"fave_property_id":["n9739"],"fave_property_bedrooms":["3"],"fave_property_bathrooms":["3"],"fave_property_garage":[""],"fave_property_land":["300"],"ave_property_land_postfix":["m&sup2;"],"fave_property_size":["143"],"fave_property_year":["0"],"fave_energy_global_index":["0 kWh\/m&sup2; \/0 Kg CO2\/m&sup2;"],"fave_energy_class":["B"],"estate_attr_energy_class":["B"],"REAL_HOMES_property_emisiones":["0"],"REAL_HOMES_property_consumo":["0"],"REAL_HOMES_property_letra":["B"],"estate_video":[""],"fave_virtual_tour":[""],"vendidoInmueble":[""],"fave_property_price":["550000"],"fave_property_price_postfix":[""],"fave_property_images":["28058115","28058116","28058117","28058118","28058119","28058120","28058121","28058122","28058123","28058124","28058125","28058126","28058127","28058128","28058129","28058130","28058131","28058132","28058133","28058134","28058135"],"houzez_total_property_views":["3"],"houzez_views_by_date":["a:1:{s:10:\"04-29-2026\";i:3;}"],"houzez_recently_viewed":["2026-04-29 10:30:39"],"_elementor_page_assets":["a:0:{}"]},"_links":{"self":[{"href":"https:\/\/inmobrisa.com\/pl\/wp-json\/wp\/v2\/properties\/28058113","targetHints":{"allow":["GET"]}}],"collection":[{"href":"https:\/\/inmobrisa.com\/pl\/wp-json\/wp\/v2\/properties"}],"about":[{"href":"https:\/\/inmobrisa.com\/pl\/wp-json\/wp\/v2\/types\/property"}],"author":[{"embeddable":true,"href":"https:\/\/inmobrisa.com\/pl\/wp-json\/wp\/v2\/users\/3"}],"version-history":[{"count":0,"href":"https:\/\/inmobrisa.com\/pl\/wp-json\/wp\/v2\/properties\/28058113\/revisions"}],"wp:featuredmedia":[{"embeddable":true,"href":"https:\/\/inmobrisa.com\/pl\/wp-json\/wp\/v2\/media\/28058115"}],"wp:attachment":[{"href":"https:\/\/inmobrisa.com\/pl\/wp-json\/wp\/v2\/media?parent=28058113"}],"wp:term":[{"taxonomy":"property_type","embeddable":true,"href":"https:\/\/inmobrisa.com\/pl\/wp-json\/wp\/v2\/property_type?post=28058113"},{"taxonomy":"property_status","embeddable":true,"href":"https:\/\/inmobrisa.com\/pl\/wp-json\/wp\/v2\/property_status?post=28058113"},{"taxonomy":"property_feature","embeddable":true,"href":"https:\/\/inmobrisa.com\/pl\/wp-json\/wp\/v2\/property_feature?post=28058113"},{"taxonomy":"property_label","embeddable":true,"href":"https:\/\/inmobrisa.com\/pl\/wp-json\/wp\/v2\/property_label?post=28058113"},{"taxonomy":"property_state","embeddable":true,"href":"https:\/\/inmobrisa.com\/pl\/wp-json\/wp\/v2\/property_state?post=28058113"},{"taxonomy":"property_city","embeddable":true,"href":"https:\/\/inmobrisa.com\/pl\/wp-json\/wp\/v2\/property_city?post=28058113"},{"taxonomy":"property_area","embeddable":true,"href":"https:\/\/inmobrisa.com\/pl\/wp-json\/wp\/v2\/property_area?post=28058113"}],"curies":[{"name":"wp","href":"https:\/\/api.w.org\/{rel}","templated":true}]}}

<p>Nowoczesne, nowo wybudowane wille w Finestrat z prywatnym basenem w pobliżu BenidormuDoskonała lokalizacja w Finestrat na Costa BlancaOdkryj tę ekskluzywną inwestycję składającą się z zaledwie 5 nowoczesnych willi położonych w Finestrat, jednej z najbardziej pożądanych dzielnic mieszkaniowych na Costa Blanca. Dzięki doskonałej lokalizacji pomiędzy uroczą miejscowością Finestrat a tętniącym życiem miastem Benidorm, domy te oferują spokojne otoczenie w sercu natury, pozostając jednocześnie w pobliżu wszystkich udogodnień. Okolica znana jest z przepięknych widoków na Morze Śródziemne i otaczające góry, a także z bliskości pól golfowych, centrów handlowych i obiektów rekreacyjnych.Finestrat łączy w sobie tradycyjny hiszpański urok z nowoczesną infrastrukturą, co czyni go idealnym miejscem zarówno do stałego zamieszkania, jak i na domy wakacyjne. Położenie na wzniesieniu zapewnia otwarty widok i poczucie prywatności, a do tego wybrzeże znajduje się w odległości krótkiej przejażdżki samochodem.Nowoczesne wille zaprojektowane z myślą o komforcie i styluTe eleganckie wille charakteryzują się nowoczesnym, minimalistycznym designem z czystymi liniami, dużymi panoramicznymi oknami i przestronnymi prywatnymi tarasami. Każda nieruchomość rozkłada się na dwóch piętrach i oferuje 3 sypialnie oraz 3 łazienki, w tym główną sypialnię z garderobą i dostępem do prywatnego tarasu. Dodatkowa garderoba zapewnia większą wygodę i miejsce do przechowywania.Otwarta przestrzeń zapewnia lepszy dostęp światła naturalnego i tworzy płynne połączenie między przestrzenią wewnętrzną a zewnętrzną, co idealnie nadaje się do cieszenia się śródziemnomorskim stylem życia przez cały rok.Prywatne przestrzenie zewnętrzne i wyposażenie klasy premiumKażda willa położona jest na prywatnej, zagospodarowanej działce i posiada prywatny basen, idealny do relaksu i rozrywki. Nieruchomości oferują również prywatny parking na dwa samochody na terenie działki.Wysokiej jakości wykończenia i nowoczesne instalacje zapewniają maksymalny komfort i efektywność energetyczną. Wyposażenie obejmuje aerotermiczne systemy ciepłej wody, klimatyzatory typu split z indywidualną regulacją w każdym pokoju oraz designerskie oświetlenie wewnętrzne i zewnętrzne. Kuchnia jest w pełni umeblowana i wyposażona w płytę ceramiczną, okap i piekarnik.Energooszczędne domy z nowoczesną technologiąWille te, zbudowane z materiałów najwyższej jakości i posiadające klasę energetyczną A, zostały zaprojektowane tak, aby zmniejszyć zużycie energii przy zachowaniu wysokiego poziomu komfortu. Połączenie izolacji, wydajnych systemów i wysokiej jakości konstrukcji zapewnia zrównoważony i ekonomiczny dom.Doskonała komunikacja i pobliskie atrakcjePlaże w Benidormie 5 kmMiejscowość Finestrat 3 kmPole golfowe Puig Campana 2 kmCentrum handlowe La Marina 4 kmPort w Benidormie 6 kmLotnisko w Alicante 55 kmTwój idealny dom nad Morzem Śródziemnym czekaNiezależnie od tego, czy szukasz stylowej stałej rezydencji, wakacyjnego zacisza, czy też mądrej inwestycji, te nowoczesne wille w Finestrat oferują lokalizację, jakość i styl życia w jednym pakiecie. Skontaktuj się z nami już dziś, aby otrzymać więcej informacji lub umówić się na oglądanie i zapewnić sobie nowy dom na Costa Blanca.</p>

<p>Nowoczesne, nowo wybudowane wille w Finestrat z prywatnym basenem w pobliżu BenidormuDoskonała lokalizacja w Finestrat na Costa BlancaOdkryj tę ekskluzywną inwestycję składającą się z zaledwie 5 nowoczesnych willi położonych w Finestrat, jednej z najbardziej pożądanych dzielnic mieszkaniowych na Costa Blanca. Dzięki </p>

a:5:{i:0;a:2:{s:29:"fave_additional_feature_title";s:12:"Carpintería";s:29:"fave_additional_feature_value";s:0:"";}i:1;a:2:{s:29:"fave_additional_feature_title";s:21:"Carpintería exterior";s:29:"fave_additional_feature_value";s:0:"";}i:2;a:2:{s:29:"fave_additional_feature_title";s:6:"Estado";s:29:"fave_additional_feature_value";s:10:"Obra Nueva";}i:3;a:2:{s:29:"fave_additional_feature_title";s:6:"Vistas";s:29:"fave_additional_feature_value";s:0:"";}i:4;a:2:{s:29:"fave_additional_feature_title";s:12:"Orientación";s:29:"fave_additional_feature_value";s:0:"";}}
