{"id":28062786,"date":"2023-12-13T14:42:10","date_gmt":"2023-12-13T14:42:10","guid":{"rendered":"https:\/\/www.inmobrisa.com\/inmueble\/venta\/bungalow\/alicante\/san-miguel-de-salinas\/04799\/"},"modified":"2023-12-13T14:42:10","modified_gmt":"2023-12-13T14:42:10","slug":"nowy-budynek-bungalowow-w-san-miguel-de-salinas-04799","status":"publish","type":"property","link":"https:\/\/inmobrisa.com\/pl\/property\/nowy-budynek-bungalowow-w-san-miguel-de-salinas-04799\/","title":{"rendered":"NOWY BUDYNEK BUNGALOW\u00d3W W SAN MIGUEL DE SALINAS &#8211; 04799"},"content":{"rendered":"<p>NOWY BUDYNEK BUNGALOW\u00d3W W SAN MIGUEL DE SALINAS <\/p>\n<p> New Build mieszkalnych z niezale\u017cnych willi i bungalow\u00f3w projektu, znajduje si\u0119 w Ciudad de las Comunicaciones, w San Miguel de Salinas. <\/p>\n<p> Pi\u0119kne bungalowy pozwoli Ci wybra\u0107 mi\u0119dzy 2 i 3 sypialnie, na pi\u0119trze z solarium lub na dole z ogrodem, nawet opcja piwnicy, je\u015bli chcesz dodatkow\u0105 przestrze\u0144. <\/p>\n<p> Wszystkie w\u0142a\u015bciwo\u015bci pochodzi z miejscem parkingowym. <\/p>\n<p> Rezydentnej ma \u0142adny wsp\u00f3lny obszar z ogrodem i basenem.<\/p>\n<p> Rezydentnej znajduje si\u0119 w pobli\u017cu Las Colinas i Campoamor p\u00f3l golfowych, oferuje wyj\u0105tkowe widoki na Torrevieja i La Mata laguny.<\/p>\n<p> San Miguel de Salinas jest gmin\u0105 we Wsp\u00f3lnocie Walenckiej, Hiszpania. Znajduje si\u0119 w po\u0142udniowej cz\u0119\u015bci prowincji Alicante, w regionie Vega Baja del Segura w pobli\u017cu Regionu Murcia.<\/p>\n<p> Lotnisko Alicante znajduje si\u0119 35 minut jazdy od hotelu, a lotnisko Murcias Corvera jest oko\u0142o 1 godziny jazdy od hotelu.<\/p>\n","protected":false},"excerpt":{"rendered":"<p>NOWY BUDYNEK BUNGALOW\u00d3W W SAN MIGUEL DE SALINAS ~ ~ New Build mieszkalnych z niezale\u017cnych willi i bungalow\u00f3w projektu, znajduje si\u0119 w Ciudad de las Comunicaciones, w San Miguel de Salinas. ~ ~ Pi\u0119kne bungalowy pozwoli Ci wybra\u0107 mi\u0119dzy 2 i 3 sypialnie, na pi\u0119trze z solarium lub na dole z ogrodem, nawet opcja piwnicy, je\u015bli chcesz <\/p>\n","protected":false},"author":3,"featured_media":28062788,"parent":0,"menu_order":0,"template":"","property_type":[5245],"property_status":[5021],"property_feature":[5056,5086,5061,5046,5026,5096],"property_label":[5196],"property_state":[166],"property_city":[484],"property_area":[486],"class_list":["post-28062786","property","type-property","status-publish","has-post-thumbnail","hentry","property_type-bungalowy","property_status-sprzeda","property_feature-basen","property_feature-drzwi-pancerne","property_feature-ogrod","property_feature-parking-pl-","property_feature-taras","property_feature-urbanizacja","property_label-nowy-budynek","property_state-alicante","property_city-san-miguel-de-salinas","property_area-urbanizaciones"],"property_meta":{"fave_agent":["163467"],"fave_agents":["163467"],"fave_agent_display_option":["agent_info"],"custom_permalink":["inmueble\/venta\/bungalow\/alicante\/san-miguel-de-salinas\/04799\/"],"_thumbnail_id":["28062788"],"post_id":["Array"],"original_author":["3"],"property_agent":["163467"],"_edit_lock":["1604137107:1"],"_edit_last":["1"],"fave_property_map_street_view":["show"],"fave_payment_status":["not_paid"],"fave_single_top_area":["global"],"fave_single_content_area":["global"],"houzez_manual_expire":["0"],"fave_property_size_prefix":["m&sup2;"],"fave_property_map":["1"],"fave_additional_features_enable":["disable"],"fave_floor_plans_enable":["disable"],"fave_multiunit_plans_enable":["disable"],"fave_prop_homeslider":["no"],"fave_featured":["0"],"fave_property_address":[" San Miguel de Salinas, Alicante"],"fave_property_zip":["03193"],"houzez_geolocation_lat":["37.955116"],"houzez_geolocation_long":["-0.79273629"],"fave_property_location":["37.955116,-0.79273629"],"fave_property_country":["ES"],"fave_property_map_address":[" San Miguel de Salinas, Alicante, Spain"],"fave_comunidadimporte":[""],"fave_comunidadincluida":["0"],"fave_conservacion":["Obra Nueva"],"fave_orientacion":[""],"fave_carpinteriainterior":[""],"fave_carpinteriaexterior":[""],"fave_tiposuelo":[""],"fave_vistas":[""],"fave_ibi":[""],"additional_features":["a:5:{i:0;a:2:{s:29:\"fave_additional_feature_title\";s:12:\"Carpinter\u00eda\";s:29:\"fave_additional_feature_value\";s:0:\"\";}i:1;a:2:{s:29:\"fave_additional_feature_title\";s:21:\"Carpinter\u00eda exterior\";s:29:\"fave_additional_feature_value\";s:0:\"\";}i:2;a:2:{s:29:\"fave_additional_feature_title\";s:6:\"Estado\";s:29:\"fave_additional_feature_value\";s:10:\"Obra Nueva\";}i:3;a:2:{s:29:\"fave_additional_feature_title\";s:6:\"Vistas\";s:29:\"fave_additional_feature_value\";s:0:\"\";}i:4;a:2:{s:29:\"fave_additional_feature_title\";s:12:\"Orientaci\u00f3n\";s:29:\"fave_additional_feature_value\";s:0:\"\";}}"],"referencia":["04799"],"fave_property_id":["04799"],"fave_property_bedrooms":["3"],"fave_property_bathrooms":["2"],"fave_property_garage":["1"],"fave_property_land":["132"],"ave_property_land_postfix":["m&sup2;"],"fave_property_size":["92"],"fave_property_year":["2024"],"fave_energy_global_index":["0 kWh\/m&sup2; \/0 Kg CO2\/m&sup2;"],"fave_energy_class":["N"],"estate_attr_energy_class":["Tramitando..."],"REAL_HOMES_property_emisiones":["0"],"REAL_HOMES_property_consumo":["0"],"REAL_HOMES_property_letra":["N"],"estate_video":[""],"fave_virtual_tour":[""],"vendidoInmueble":[""],"fave_property_price":["415000"],"fave_property_price_postfix":[""],"fave_property_images":["28062788","28062789","28062790","28062791","28062792","28062793","28062794","28062795","28062796","28062797","28062798","28062799","28062800","28062801","28062802","28062803","28062804","28062805","28062806","28062807","28062808","28062809","28062810","28062811","28062812"],"houzez_total_property_views":["2"],"houzez_views_by_date":["a:1:{s:10:\"04-29-2026\";i:2;}"],"houzez_recently_viewed":["2026-04-30 01:44:43"],"_elementor_page_assets":["a:0:{}"]},"_links":{"self":[{"href":"https:\/\/inmobrisa.com\/pl\/wp-json\/wp\/v2\/properties\/28062786","targetHints":{"allow":["GET"]}}],"collection":[{"href":"https:\/\/inmobrisa.com\/pl\/wp-json\/wp\/v2\/properties"}],"about":[{"href":"https:\/\/inmobrisa.com\/pl\/wp-json\/wp\/v2\/types\/property"}],"author":[{"embeddable":true,"href":"https:\/\/inmobrisa.com\/pl\/wp-json\/wp\/v2\/users\/3"}],"version-history":[{"count":0,"href":"https:\/\/inmobrisa.com\/pl\/wp-json\/wp\/v2\/properties\/28062786\/revisions"}],"wp:featuredmedia":[{"embeddable":true,"href":"https:\/\/inmobrisa.com\/pl\/wp-json\/wp\/v2\/media\/28062788"}],"wp:attachment":[{"href":"https:\/\/inmobrisa.com\/pl\/wp-json\/wp\/v2\/media?parent=28062786"}],"wp:term":[{"taxonomy":"property_type","embeddable":true,"href":"https:\/\/inmobrisa.com\/pl\/wp-json\/wp\/v2\/property_type?post=28062786"},{"taxonomy":"property_status","embeddable":true,"href":"https:\/\/inmobrisa.com\/pl\/wp-json\/wp\/v2\/property_status?post=28062786"},{"taxonomy":"property_feature","embeddable":true,"href":"https:\/\/inmobrisa.com\/pl\/wp-json\/wp\/v2\/property_feature?post=28062786"},{"taxonomy":"property_label","embeddable":true,"href":"https:\/\/inmobrisa.com\/pl\/wp-json\/wp\/v2\/property_label?post=28062786"},{"taxonomy":"property_state","embeddable":true,"href":"https:\/\/inmobrisa.com\/pl\/wp-json\/wp\/v2\/property_state?post=28062786"},{"taxonomy":"property_city","embeddable":true,"href":"https:\/\/inmobrisa.com\/pl\/wp-json\/wp\/v2\/property_city?post=28062786"},{"taxonomy":"property_area","embeddable":true,"href":"https:\/\/inmobrisa.com\/pl\/wp-json\/wp\/v2\/property_area?post=28062786"}],"curies":[{"name":"wp","href":"https:\/\/api.w.org\/{rel}","templated":true}]}}

NOWY BUDYNEK BUNGALOWÓW W SAN MIGUEL DE SALINAS &#8211; 04799

<p>NOWY BUDYNEK BUNGALOWÓW W SAN MIGUEL DE SALINAS </p>
<p> New Build mieszkalnych z niezależnych willi i bungalowów projektu, znajduje się w Ciudad de las Comunicaciones, w San Miguel de Salinas. </p>
<p> Piękne bungalowy pozwoli Ci wybrać między 2 i 3 sypialnie, na piętrze z solarium lub na dole z ogrodem, nawet opcja piwnicy, jeśli chcesz dodatkową przestrzeń. </p>
<p> Wszystkie właściwości pochodzi z miejscem parkingowym. </p>
<p> Rezydentnej ma ładny wspólny obszar z ogrodem i basenem.</p>
<p> Rezydentnej znajduje się w pobliżu Las Colinas i Campoamor pól golfowych, oferuje wyjątkowe widoki na Torrevieja i La Mata laguny.</p>
<p> San Miguel de Salinas jest gminą we Wspólnocie Walenckiej, Hiszpania. Znajduje się w południowej części prowincji Alicante, w regionie Vega Baja del Segura w pobliżu Regionu Murcia.</p>
<p> Lotnisko Alicante znajduje się 35 minut jazdy od hotelu, a lotnisko Murcias Corvera jest około 1 godziny jazdy od hotelu.</p>

<p>NOWY BUDYNEK BUNGALOWÓW W SAN MIGUEL DE SALINAS ~ ~ New Build mieszkalnych z niezależnych willi i bungalowów projektu, znajduje się w Ciudad de las Comunicaciones, w San Miguel de Salinas. ~ ~ Piękne bungalowy pozwoli Ci wybrać między 2 i 3 sypialnie, na piętrze z solarium lub na dole z ogrodem, nawet opcja piwnicy, jeśli chcesz </p>

a:5:{i:0;a:2:{s:29:"fave_additional_feature_title";s:12:"Carpintería";s:29:"fave_additional_feature_value";s:0:"";}i:1;a:2:{s:29:"fave_additional_feature_title";s:21:"Carpintería exterior";s:29:"fave_additional_feature_value";s:0:"";}i:2;a:2:{s:29:"fave_additional_feature_title";s:6:"Estado";s:29:"fave_additional_feature_value";s:10:"Obra Nueva";}i:3;a:2:{s:29:"fave_additional_feature_title";s:6:"Vistas";s:29:"fave_additional_feature_value";s:0:"";}i:4;a:2:{s:29:"fave_additional_feature_title";s:12:"Orientación";s:29:"fave_additional_feature_value";s:0:"";}}
