{"id":28097456,"date":"2023-05-12T14:19:13","date_gmt":"2023-05-12T14:19:13","guid":{"rendered":"https:\/\/www.inmobrisa.com\/inmueble\/venta\/apartamento\/alicante\/finestrat\/03930\/"},"modified":"2023-05-12T14:19:13","modified_gmt":"2023-05-12T14:19:13","slug":"apartamenty-pod-inwestycje-w-la-cala-de-finestrat-gotowe-do-odbioru-03930","status":"publish","type":"property","link":"https:\/\/inmobrisa.com\/pl\/property\/apartamenty-pod-inwestycje-w-la-cala-de-finestrat-gotowe-do-odbioru-03930\/","title":{"rendered":"APARTAMENTY POD INWESTYCJ\u0118 W LA CALA DE FINESTRAT, GOTOWE DO ODBIORU! &#8211; 03930"},"content":{"rendered":"<p>APARTAMENTY POD INWESTYCJ\u0118 W LA CALA DE FINESTRAT, GOTOWE DO ODBIORU!<\/p>\n<p>Witamy w wyj\u0105tkowej okazji inwestycyjnej w pi\u0119knej okolicy La Cala de Finestrat. Ten nowy projekt budowlany, z imponuj\u0105cymi 21 pi\u0119trami, oferuje niesamowity panoramiczny widok na morze i g\u00f3ry, kt\u00f3ry zaspokoi wszystkie gusta. W Inmobrisa z dum\u0105 prezentujemy Pa\u0144stwu ten luksusowy kompleks mieszkalny, prawdziwy klejnot nowoczesnej architektury sk\u0142adaj\u0105cy si\u0119 z 8 pi\u0119ter i 21 apartament\u00f3w.<\/p>\n<p>Ten imponuj\u0105cy budynek ma wszystko, czego potrzeba do pe\u0142nego i satysfakcjonuj\u0105cego \u017cycia. Ka\u017cdy apartament posiada 1 wygodn\u0105 sypialni\u0119, 2 \u0142azienki, nowoczesn\u0105 i wyposa\u017con\u0105 otwart\u0105 kuchni\u0119, przestronny salon oraz taras, z kt\u00f3rego mo\u017cna podziwia\u0107 wspania\u0142e widoki na okolic\u0119. Wysokiej jako\u015bci materia\u0142y u\u017cyte do jego budowy w po\u0142\u0105czeniu z systemem oszcz\u0119dzania energii pozwalaj\u0105 cieszy\u0107 si\u0119 komfortowym i efektywnym \u017cyciem.<\/p>\n<p>Nasz kompleks mieszkalny posiada wspaniale zaprojektowany wsp\u00f3lny ogr\u00f3d z imponuj\u0105cym basenem typu infinity, hydromasa\u017cem, le\u017cakami i terenami rekreacyjnymi. B\u0119dziesz m\u00f3g\u0142 r\u00f3wnie\u017c skorzysta\u0107 z naszego ekskluzywnego SPA, w kt\u00f3rym zrelaksujesz si\u0119 po m\u0119cz\u0105cym dniu. Je\u015bli chcesz, mo\u017cesz mie\u0107 parking podziemny i kom\u00f3rk\u0119 lokatorsk\u0105 za op\u0142at\u0105.<\/p>\n<p>Us\u0142ugi wynajmu oferowane w La Cala de Finestrat s\u0105 bez zarzutu. Budynek jest zbudowany w celu oferowania pe\u0142nej obs\u0142ugi wynajmu dla turyst\u00f3w. Je\u015bli jeste\u015b inwestorem, kt\u00f3ry chce wynaj\u0105\u0107 swoj\u0105 nieruchomo\u015b\u0107, nie szukaj dalej. To jest miejsce, kt\u00f3rego szukasz.<\/p>\n<p>Idealne miejsce na wymarzone wakacje na Costa Blanca w Benidormie. Ten pi\u0119kny kompleks po\u0142o\u017cony jest 15 minut spacerem od pla\u017cy Poniente, jednej z najlepszych pla\u017c w okolicy, i tylko 15 minut od centrum handlowego \u201eLa Marina de Finestrat\u201d. Lotnisko w Alicante oddalone jest o zaledwie 44 km.<\/p>\n<p>W Inmobrisa dok\u0142adamy wszelkich stara\u0144, aby znale\u017a\u0107 dla Ciebie dom Twoich marze\u0144. Nie przegap tej okazji, aby zainwestowa\u0107 w wyj\u0105tkowy i ekskluzywny dom w najbardziej po\u017c\u0105danym miejscu na Costa Blanca. Skontaktuj si\u0119 z nami, a jeden z naszych specjalist\u00f3w ds. nieruchomo\u015bci z przyjemno\u015bci\u0105 pomo\u017ce Ci zrealizowa\u0107 marzenie o zakupie nieruchomo\u015bci w pi\u0119knej i popularnej okolicy La Cala de Finestrat.<\/p>\n","protected":false},"excerpt":{"rendered":"<p>APARTAMENTY POD INWESTYCJ\u0118 W LA CALA DE FINESTRAT, GOTOWE DO ODBIORU!~~Witamy w wyj\u0105tkowej okazji inwestycyjnej w pi\u0119knej okolicy La Cala de Finestrat. Ten nowy projekt budowlany, z imponuj\u0105cymi 21 pi\u0119trami, oferuje niesamowity panoramiczny widok na morze i g\u00f3ry, kt\u00f3ry zaspokoi wszystkie gusta. W Inmobrisa z dum\u0105 prezentujemy <\/p>\n","protected":false},"author":3,"featured_media":28097458,"parent":0,"menu_order":0,"template":"","property_type":[5101],"property_status":[5021],"property_feature":[5056,5086,5061,5046,5026,5096,5051],"property_label":[5196],"property_state":[166],"property_city":[224],"property_area":[329],"class_list":["post-28097456","property","type-property","status-publish","has-post-thumbnail","hentry","property_type-apartamenty","property_status-sprzeda","property_feature-basen","property_feature-drzwi-pancerne","property_feature-ogrod","property_feature-parking-pl-","property_feature-taras","property_feature-urbanizacja","property_feature-winda","property_label-nowy-budynek","property_state-alicante","property_city-finestrat","property_area-cala-de-finestrat"],"property_meta":{"fave_agent":["163467"],"fave_agents":["163467"],"fave_agent_display_option":["agent_info"],"custom_permalink":["inmueble\/venta\/apartamento\/alicante\/finestrat\/03930\/"],"_thumbnail_id":["28097458"],"post_id":["Array"],"original_author":["3"],"property_agent":["163467"],"_edit_lock":["1604137107:1"],"_edit_last":["1"],"fave_property_map_street_view":["show"],"fave_payment_status":["not_paid"],"fave_single_top_area":["global"],"fave_single_content_area":["global"],"houzez_manual_expire":["0"],"fave_property_size_prefix":["m&sup2;"],"fave_property_map":["1"],"fave_additional_features_enable":["disable"],"fave_floor_plans_enable":["disable"],"fave_multiunit_plans_enable":["disable"],"fave_prop_homeslider":["no"],"fave_featured":["0"],"fave_property_address":[" Finestrat, Alicante"],"fave_property_zip":["03509"],"houzez_geolocation_lat":["38.537741"],"houzez_geolocation_long":["-0.167605"],"fave_property_location":["38.537741,-0.167605"],"fave_property_country":["ES"],"fave_property_map_address":[" Finestrat, Alicante, Spain"],"fave_comunidadimporte":[""],"fave_comunidadincluida":["0"],"fave_conservacion":["Obra Nueva"],"fave_orientacion":[""],"fave_carpinteriainterior":[""],"fave_carpinteriaexterior":[""],"fave_tiposuelo":[""],"fave_vistas":[""],"fave_ibi":[""],"additional_features":["a:5:{i:0;a:2:{s:29:\"fave_additional_feature_title\";s:12:\"Carpinter\u00eda\";s:29:\"fave_additional_feature_value\";s:0:\"\";}i:1;a:2:{s:29:\"fave_additional_feature_title\";s:21:\"Carpinter\u00eda exterior\";s:29:\"fave_additional_feature_value\";s:0:\"\";}i:2;a:2:{s:29:\"fave_additional_feature_title\";s:6:\"Estado\";s:29:\"fave_additional_feature_value\";s:10:\"Obra Nueva\";}i:3;a:2:{s:29:\"fave_additional_feature_title\";s:6:\"Vistas\";s:29:\"fave_additional_feature_value\";s:0:\"\";}i:4;a:2:{s:29:\"fave_additional_feature_title\";s:12:\"Orientaci\u00f3n\";s:29:\"fave_additional_feature_value\";s:0:\"\";}}"],"referencia":["03930"],"fave_property_id":["03930"],"fave_property_bedrooms":["1"],"fave_property_bathrooms":["2"],"fave_property_garage":["1"],"fave_property_land":["0"],"ave_property_land_postfix":["m&sup2;"],"fave_property_size":["82"],"fave_property_year":["2021"],"fave_energy_global_index":["0 kWh\/m&sup2; \/0 Kg CO2\/m&sup2;"],"fave_energy_class":["N"],"estate_attr_energy_class":["Tramitando..."],"REAL_HOMES_property_emisiones":["0"],"REAL_HOMES_property_consumo":["0"],"REAL_HOMES_property_letra":["N"],"estate_video":[""],"fave_virtual_tour":[""],"vendidoInmueble":[""],"fave_property_price":["275000"],"fave_property_price_postfix":[""],"fave_property_images":["28097458","28097459","28097460","28097461","28097462","28097463","28097464","28097465","28097466","28097467","28097468","28097469","28097470","28097471","28097472","28097473","28097474","28097475","28097476","28097477","28097478","28097479","28097480","28097481","28097482","28097483","28097484","28097485","28097486","28097487"],"houzez_total_property_views":["2"],"houzez_views_by_date":["a:1:{s:10:\"04-30-2026\";i:2;}"],"houzez_recently_viewed":["2026-04-30 11:00:55"],"_elementor_page_assets":["a:0:{}"]},"_links":{"self":[{"href":"https:\/\/inmobrisa.com\/pl\/wp-json\/wp\/v2\/properties\/28097456","targetHints":{"allow":["GET"]}}],"collection":[{"href":"https:\/\/inmobrisa.com\/pl\/wp-json\/wp\/v2\/properties"}],"about":[{"href":"https:\/\/inmobrisa.com\/pl\/wp-json\/wp\/v2\/types\/property"}],"author":[{"embeddable":true,"href":"https:\/\/inmobrisa.com\/pl\/wp-json\/wp\/v2\/users\/3"}],"version-history":[{"count":0,"href":"https:\/\/inmobrisa.com\/pl\/wp-json\/wp\/v2\/properties\/28097456\/revisions"}],"wp:featuredmedia":[{"embeddable":true,"href":"https:\/\/inmobrisa.com\/pl\/wp-json\/wp\/v2\/media\/28097458"}],"wp:attachment":[{"href":"https:\/\/inmobrisa.com\/pl\/wp-json\/wp\/v2\/media?parent=28097456"}],"wp:term":[{"taxonomy":"property_type","embeddable":true,"href":"https:\/\/inmobrisa.com\/pl\/wp-json\/wp\/v2\/property_type?post=28097456"},{"taxonomy":"property_status","embeddable":true,"href":"https:\/\/inmobrisa.com\/pl\/wp-json\/wp\/v2\/property_status?post=28097456"},{"taxonomy":"property_feature","embeddable":true,"href":"https:\/\/inmobrisa.com\/pl\/wp-json\/wp\/v2\/property_feature?post=28097456"},{"taxonomy":"property_label","embeddable":true,"href":"https:\/\/inmobrisa.com\/pl\/wp-json\/wp\/v2\/property_label?post=28097456"},{"taxonomy":"property_state","embeddable":true,"href":"https:\/\/inmobrisa.com\/pl\/wp-json\/wp\/v2\/property_state?post=28097456"},{"taxonomy":"property_city","embeddable":true,"href":"https:\/\/inmobrisa.com\/pl\/wp-json\/wp\/v2\/property_city?post=28097456"},{"taxonomy":"property_area","embeddable":true,"href":"https:\/\/inmobrisa.com\/pl\/wp-json\/wp\/v2\/property_area?post=28097456"}],"curies":[{"name":"wp","href":"https:\/\/api.w.org\/{rel}","templated":true}]}}

APARTAMENTY POD INWESTYCJĘ W LA CALA DE FINESTRAT, GOTOWE DO ODBIORU! &#8211; 03930

<p>APARTAMENTY POD INWESTYCJĘ W LA CALA DE FINESTRAT, GOTOWE DO ODBIORU!</p>
<p>Witamy w wyjątkowej okazji inwestycyjnej w pięknej okolicy La Cala de Finestrat. Ten nowy projekt budowlany, z imponującymi 21 piętrami, oferuje niesamowity panoramiczny widok na morze i góry, który zaspokoi wszystkie gusta. W Inmobrisa z dumą prezentujemy Państwu ten luksusowy kompleks mieszkalny, prawdziwy klejnot nowoczesnej architektury składający się z 8 pięter i 21 apartamentów.</p>
<p>Ten imponujący budynek ma wszystko, czego potrzeba do pełnego i satysfakcjonującego życia. Każdy apartament posiada 1 wygodną sypialnię, 2 łazienki, nowoczesną i wyposażoną otwartą kuchnię, przestronny salon oraz taras, z którego można podziwiać wspaniałe widoki na okolicę. Wysokiej jakości materiały użyte do jego budowy w połączeniu z systemem oszczędzania energii pozwalają cieszyć się komfortowym i efektywnym życiem.</p>
<p>Nasz kompleks mieszkalny posiada wspaniale zaprojektowany wspólny ogród z imponującym basenem typu infinity, hydromasażem, leżakami i terenami rekreacyjnymi. Będziesz mógł również skorzystać z naszego ekskluzywnego SPA, w którym zrelaksujesz się po męczącym dniu. Jeśli chcesz, możesz mieć parking podziemny i komórkę lokatorską za opłatą.</p>
<p>Usługi wynajmu oferowane w La Cala de Finestrat są bez zarzutu. Budynek jest zbudowany w celu oferowania pełnej obsługi wynajmu dla turystów. Jeśli jesteś inwestorem, który chce wynająć swoją nieruchomość, nie szukaj dalej. To jest miejsce, którego szukasz.</p>
<p>Idealne miejsce na wymarzone wakacje na Costa Blanca w Benidormie. Ten piękny kompleks położony jest 15 minut spacerem od plaży Poniente, jednej z najlepszych plaż w okolicy, i tylko 15 minut od centrum handlowego „La Marina de Finestrat”. Lotnisko w Alicante oddalone jest o zaledwie 44 km.</p>
<p>W Inmobrisa dokładamy wszelkich starań, aby znaleźć dla Ciebie dom Twoich marzeń. Nie przegap tej okazji, aby zainwestować w wyjątkowy i ekskluzywny dom w najbardziej pożądanym miejscu na Costa Blanca. Skontaktuj się z nami, a jeden z naszych specjalistów ds. nieruchomości z przyjemnością pomoże Ci zrealizować marzenie o zakupie nieruchomości w pięknej i popularnej okolicy La Cala de Finestrat.</p>

<p>APARTAMENTY POD INWESTYCJĘ W LA CALA DE FINESTRAT, GOTOWE DO ODBIORU!~~Witamy w wyjątkowej okazji inwestycyjnej w pięknej okolicy La Cala de Finestrat. Ten nowy projekt budowlany, z imponującymi 21 piętrami, oferuje niesamowity panoramiczny widok na morze i góry, który zaspokoi wszystkie gusta. W Inmobrisa z dumą prezentujemy </p>

a:5:{i:0;a:2:{s:29:"fave_additional_feature_title";s:12:"Carpintería";s:29:"fave_additional_feature_value";s:0:"";}i:1;a:2:{s:29:"fave_additional_feature_title";s:21:"Carpintería exterior";s:29:"fave_additional_feature_value";s:0:"";}i:2;a:2:{s:29:"fave_additional_feature_title";s:6:"Estado";s:29:"fave_additional_feature_value";s:10:"Obra Nueva";}i:3;a:2:{s:29:"fave_additional_feature_title";s:6:"Vistas";s:29:"fave_additional_feature_value";s:0:"";}i:4;a:2:{s:29:"fave_additional_feature_title";s:12:"Orientación";s:29:"fave_additional_feature_value";s:0:"";}}
