{"id":28180860,"date":"2025-03-13T00:27:39","date_gmt":"2025-03-13T00:27:39","guid":{"rendered":"https:\/\/www.inmobrisa.com\/inmueble\/venta\/villas\/murcia\/torre-pacheco\/n8003\/"},"modified":"2025-03-13T00:27:39","modified_gmt":"2025-03-13T00:27:39","slug":"venta-de-villa-en-torre-pacheco-n8003-pl","status":"publish","type":"property","link":"https:\/\/inmobrisa.com\/pl\/property\/venta-de-villa-en-torre-pacheco-n8003-pl\/","title":{"rendered":"Venta de Villa en Torre-Pacheco &#8211; n8003"},"content":{"rendered":"<p>RYNEK PIERWOTNY WILLE W ZABUDOWIE BLI\u0179NIACZEJ W ROLDANRynek Pierwotny wille w zabudowie bli\u017aniaczej w Roldan, Torre Pacheco.Nowoczesne wille zbudowane na jednym pi\u0119trze, maj\u0105 2 lub 3 sypialnie, 2 \u0142azienki, kuchni\u0119 na otwartym planie z cz\u0119\u015bci\u0105 wypoczynkow\u0105, wbudowane szafy, prywatne solarium.Wszystkie wille maj\u0105 prywatny ogr\u00f3d z basenem i miejscem parkingowym.Samo Roldan to tradycyjne miasteczko ze wszystkimi potrzebnymi lokalnymi udogodnieniami, w tym supermarketami, restauracjami, barami, przychodni\u0105 zdrowia, aptek\u0105, posterunkiem policji, stacj\u0105 benzynow\u0105, mechanikami, dentystami, lekarzami i nie tylko.Pobliskie o\u015brodki golfowe La Torre i Terrazas s\u0105 \u0142atwo dost\u0119pne, lotnisko Corvera znajduje si\u0119 15 minut jazdy samochodem, a pla\u017ce Mar Menor zaledwie 20 minut jazdy samochodem.<\/p>\n","protected":false},"excerpt":{"rendered":"<p>RYNEK PIERWOTNY WILLE W ZABUDOWIE BLI\u0179NIACZEJ W ROLDANRynek Pierwotny wille w zabudowie bli\u017aniaczej w Roldan, Torre Pacheco.Nowoczesne wille zbudowane na jednym pi\u0119trze, maj\u0105 2 lub 3 sypialnie, 2 \u0142azienki, kuchni\u0119 na otwartym planie z cz\u0119\u015bci\u0105 wypoczynkow\u0105, wbudowane szafy, prywatne solarium.Wszystkie wille maj\u0105 prywatny ogr\u00f3d z <\/p>\n","protected":false},"author":3,"featured_media":28180862,"parent":0,"menu_order":0,"template":"","property_type":[5172],"property_status":[5021],"property_feature":[5056,5061],"property_label":[5196],"property_state":[5230],"property_city":[5299],"property_area":[5336],"class_list":["post-28180860","property","type-property","status-publish","has-post-thumbnail","hentry","property_type-wille","property_status-sprzeda","property_feature-basen","property_feature-ogrod","property_label-nowy-budynek","property_state-murcia","property_city-torre-pacheco","property_area-roldan"],"property_meta":{"fave_agent":["163467"],"fave_agents":["163467"],"fave_agent_display_option":["agent_info"],"custom_permalink":["inmueble\/venta\/villas\/murcia\/torre-pacheco\/n8003\/"],"_thumbnail_id":["28180862"],"post_id":["Array"],"original_author":["3"],"property_agent":["163467"],"_edit_lock":["1604137107:1"],"_edit_last":["1"],"fave_property_map_street_view":["show"],"fave_payment_status":["not_paid"],"fave_single_top_area":["global"],"fave_single_content_area":["global"],"houzez_manual_expire":["0"],"fave_property_size_prefix":["m&sup2;"],"fave_property_map":["1"],"fave_additional_features_enable":["disable"],"fave_floor_plans_enable":["disable"],"fave_multiunit_plans_enable":["disable"],"fave_prop_homeslider":["no"],"fave_featured":["0"],"fave_property_address":[" Torre-Pacheco, Murcia"],"fave_property_zip":["30709"],"houzez_geolocation_lat":["37.80295093481077"],"houzez_geolocation_long":["-1.000101990858118"],"fave_property_location":["37.80295093481077,-1.000101990858118"],"fave_property_country":["ES"],"fave_property_map_address":[" Torre-Pacheco, Murcia, Spain"],"fave_comunidadimporte":[""],"fave_comunidadincluida":["0"],"fave_conservacion":["Obra Nueva"],"fave_orientacion":[""],"fave_carpinteriainterior":[""],"fave_carpinteriaexterior":[""],"fave_tiposuelo":[""],"fave_vistas":[""],"fave_ibi":[""],"additional_features":["a:5:{i:0;a:2:{s:29:\"fave_additional_feature_title\";s:12:\"Carpinter\u00eda\";s:29:\"fave_additional_feature_value\";s:0:\"\";}i:1;a:2:{s:29:\"fave_additional_feature_title\";s:21:\"Carpinter\u00eda exterior\";s:29:\"fave_additional_feature_value\";s:0:\"\";}i:2;a:2:{s:29:\"fave_additional_feature_title\";s:6:\"Estado\";s:29:\"fave_additional_feature_value\";s:10:\"Obra Nueva\";}i:3;a:2:{s:29:\"fave_additional_feature_title\";s:6:\"Vistas\";s:29:\"fave_additional_feature_value\";s:0:\"\";}i:4;a:2:{s:29:\"fave_additional_feature_title\";s:12:\"Orientaci\u00f3n\";s:29:\"fave_additional_feature_value\";s:0:\"\";}}"],"referencia":["n8003"],"fave_property_id":["n8003"],"fave_property_bedrooms":["2"],"fave_property_bathrooms":["2"],"fave_property_garage":[""],"fave_property_land":["141"],"ave_property_land_postfix":["m&sup2;"],"fave_property_size":["74"],"fave_property_year":["0"],"fave_energy_global_index":["0 kWh\/m&sup2; \/0 Kg CO2\/m&sup2;"],"fave_energy_class":["B"],"estate_attr_energy_class":["B"],"REAL_HOMES_property_emisiones":["0"],"REAL_HOMES_property_consumo":["0"],"REAL_HOMES_property_letra":["B"],"estate_video":[""],"fave_virtual_tour":[""],"vendidoInmueble":[""],"fave_property_price":["242500"],"fave_property_price_postfix":[""],"fave_property_images":["28180862","28180863","28180864","28180865","28180866","28180867","28180868","28180869","28180870","28180871","28180872","28180873","28180874","28180875","28180876","28180877","28180878","28180879","28180880","28180881","28180882","28180883","28180884","28180885","28180886","28180887","28180888","28180889","28180890","28180891"],"houzez_total_property_views":["2"],"houzez_views_by_date":["a:1:{s:10:\"05-01-2026\";i:2;}"],"houzez_recently_viewed":["2026-05-01 11:22:36"],"_elementor_page_assets":["a:0:{}"]},"_links":{"self":[{"href":"https:\/\/inmobrisa.com\/pl\/wp-json\/wp\/v2\/properties\/28180860","targetHints":{"allow":["GET"]}}],"collection":[{"href":"https:\/\/inmobrisa.com\/pl\/wp-json\/wp\/v2\/properties"}],"about":[{"href":"https:\/\/inmobrisa.com\/pl\/wp-json\/wp\/v2\/types\/property"}],"author":[{"embeddable":true,"href":"https:\/\/inmobrisa.com\/pl\/wp-json\/wp\/v2\/users\/3"}],"version-history":[{"count":0,"href":"https:\/\/inmobrisa.com\/pl\/wp-json\/wp\/v2\/properties\/28180860\/revisions"}],"wp:featuredmedia":[{"embeddable":true,"href":"https:\/\/inmobrisa.com\/pl\/wp-json\/wp\/v2\/media\/28180862"}],"wp:attachment":[{"href":"https:\/\/inmobrisa.com\/pl\/wp-json\/wp\/v2\/media?parent=28180860"}],"wp:term":[{"taxonomy":"property_type","embeddable":true,"href":"https:\/\/inmobrisa.com\/pl\/wp-json\/wp\/v2\/property_type?post=28180860"},{"taxonomy":"property_status","embeddable":true,"href":"https:\/\/inmobrisa.com\/pl\/wp-json\/wp\/v2\/property_status?post=28180860"},{"taxonomy":"property_feature","embeddable":true,"href":"https:\/\/inmobrisa.com\/pl\/wp-json\/wp\/v2\/property_feature?post=28180860"},{"taxonomy":"property_label","embeddable":true,"href":"https:\/\/inmobrisa.com\/pl\/wp-json\/wp\/v2\/property_label?post=28180860"},{"taxonomy":"property_state","embeddable":true,"href":"https:\/\/inmobrisa.com\/pl\/wp-json\/wp\/v2\/property_state?post=28180860"},{"taxonomy":"property_city","embeddable":true,"href":"https:\/\/inmobrisa.com\/pl\/wp-json\/wp\/v2\/property_city?post=28180860"},{"taxonomy":"property_area","embeddable":true,"href":"https:\/\/inmobrisa.com\/pl\/wp-json\/wp\/v2\/property_area?post=28180860"}],"curies":[{"name":"wp","href":"https:\/\/api.w.org\/{rel}","templated":true}]}}

<p>RYNEK PIERWOTNY WILLE W ZABUDOWIE BLIŹNIACZEJ W ROLDANRynek Pierwotny wille w zabudowie bliźniaczej w Roldan, Torre Pacheco.Nowoczesne wille zbudowane na jednym piętrze, mają 2 lub 3 sypialnie, 2 łazienki, kuchnię na otwartym planie z częścią wypoczynkową, wbudowane szafy, prywatne solarium.Wszystkie wille mają prywatny ogród z basenem i miejscem parkingowym.Samo Roldan to tradycyjne miasteczko ze wszystkimi potrzebnymi lokalnymi udogodnieniami, w tym supermarketami, restauracjami, barami, przychodnią zdrowia, apteką, posterunkiem policji, stacją benzynową, mechanikami, dentystami, lekarzami i nie tylko.Pobliskie ośrodki golfowe La Torre i Terrazas są łatwo dostępne, lotnisko Corvera znajduje się 15 minut jazdy samochodem, a plaże Mar Menor zaledwie 20 minut jazdy samochodem.</p>

<p>RYNEK PIERWOTNY WILLE W ZABUDOWIE BLIŹNIACZEJ W ROLDANRynek Pierwotny wille w zabudowie bliźniaczej w Roldan, Torre Pacheco.Nowoczesne wille zbudowane na jednym piętrze, mają 2 lub 3 sypialnie, 2 łazienki, kuchnię na otwartym planie z częścią wypoczynkową, wbudowane szafy, prywatne solarium.Wszystkie wille mają prywatny ogród z </p>

a:5:{i:0;a:2:{s:29:"fave_additional_feature_title";s:12:"Carpintería";s:29:"fave_additional_feature_value";s:0:"";}i:1;a:2:{s:29:"fave_additional_feature_title";s:21:"Carpintería exterior";s:29:"fave_additional_feature_value";s:0:"";}i:2;a:2:{s:29:"fave_additional_feature_title";s:6:"Estado";s:29:"fave_additional_feature_value";s:10:"Obra Nueva";}i:3;a:2:{s:29:"fave_additional_feature_title";s:6:"Vistas";s:29:"fave_additional_feature_value";s:0:"";}i:4;a:2:{s:29:"fave_additional_feature_title";s:12:"Orientación";s:29:"fave_additional_feature_value";s:0:"";}}
