{"id":28186177,"date":"2025-03-13T00:27:39","date_gmt":"2025-03-13T00:27:39","guid":{"rendered":"https:\/\/www.inmobrisa.com\/inmueble\/venta\/casa\/murcia\/fuente-alamo-de-murcia\/n8617\/"},"modified":"2025-03-13T00:27:39","modified_gmt":"2025-03-13T00:27:39","slug":"venta-de-casa-en-fuente-alamo-de-murcia-n8617-pl","status":"publish","type":"property","link":"https:\/\/inmobrisa.com\/pl\/property\/venta-de-casa-en-fuente-alamo-de-murcia-n8617-pl\/","title":{"rendered":"Venta de Casa en Fuente \u00c1lamo de Murcia &#8211; n8617"},"content":{"rendered":"<p>Nowa inwestycja mieszkaniowa sk\u0142adaj\u0105ca si\u0119 z willi i dom\u00f3w szeregowych w Fuente \u00c1lamo, w regionie Murcja.Lokalizacja ta oferuje wyj\u0105tkowe otoczenie przyrody, z dala od zgie\u0142ku du\u017cych miast i turystycznego nat\u0119\u017cenia na wybrze\u017cu. Ponadto jeste\u015bmy zaanga\u017cowani w dzia\u0142ania na rzecz zr\u00f3wnowa\u017conego rozwoju, minimalizuj\u0105c nasz wp\u0142yw na \u015brodowisko i maksymalizuj\u0105c integracj\u0119 z lokaln\u0105 spo\u0142eczno\u015bci\u0105. Tutaj Twoje marzenia o spokojnym i zr\u00f3wnowa\u017conym stylu \u017cycia staj\u0105 si\u0119 rzeczywisto\u015bci\u0105. Wyobra\u017a sobie, \u017ce ka\u017cdego ranka budzisz si\u0119 w imponuj\u0105cym otoczeniu natury, w spokoju i w\u015br\u00f3d wyj\u0105tkowego pi\u0119kna murcyjskiej wsi.W tej inwestycji priorytetem jest energooszcz\u0119dno\u015b\u0107, wykorzystanie materia\u0142\u00f3w przyjaznych dla \u015brodowiska oraz harmonijna integracja z otoczeniem. Od projektu nieruchomo\u015bci po planowanie inwestycji \u2013 wszystko ma na celu zmniejszenie naszego \u015bladu w\u0119glowego i promowanie odpowiedzialnych praktyk we wszystkich dzia\u0142aniach.System wideodomofonu.Drzwi wej\u015bciowe w kolorze lakierowanym, z zamkiem i okuciami antywandalskimi.Szafy z baga\u017cnikiem, wy\u0142o\u017cone wewn\u0105trz, lakierowane na bia\u0142o.Meble kuchenne wraz z wyposa\u017ceniem AGD.Ciep\u0142a woda z aerotermii.Elektryczne rolety.Pergole w solarium.Prywatny basen o wymiarach 2,5 x 4,5 m z podwodnym o\u015bwietleniem i systemem oczyszczania chlorem solnym.Instalacja pod kuchni\u0119 zewn\u0119trzn\u0105\/jacuzzi w solarium.Fuente \u00c1lamo de Murcia to miejscowo\u015b\u0107 i gmina w regionie Murcji, na po\u0142udniu Hiszpanii. Po\u0142o\u017cona jest 22 km na p\u00f3\u0142nocny zach\u00f3d od Kartageny i 35 km na po\u0142udniowy zach\u00f3d od Murcji.Miasto le\u017cy w dorzeczu Morza Menor, otoczone pasmami g\u00f3rskimi Algarrobo, Los G\u00f3mez, Los Victorias i Carrascoy. Woda z tych g\u00f3r sp\u0142ywa w d\u00f3\u0142 Rambla de Fuente \u00c1lamo, a nast\u0119pnie do Morza Menor.Fuente \u00c1lamo znajduje si\u0119 30 minut od lotniska Murcia &#8211; Corvera. Najbli\u017csze sklepy znajduj\u0105 si\u0119 w odleg\u0142o\u015bci 6 km.<\/p>\n","protected":false},"excerpt":{"rendered":"<p>Nowa inwestycja mieszkaniowa sk\u0142adaj\u0105ca si\u0119 z willi i dom\u00f3w szeregowych w Fuente \u00c1lamo, w regionie Murcja.Lokalizacja ta oferuje wyj\u0105tkowe otoczenie przyrody, z dala od zgie\u0142ku du\u017cych miast i turystycznego nat\u0119\u017cenia na wybrze\u017cu. Ponadto jeste\u015bmy zaanga\u017cowani w dzia\u0142ania na rzecz zr\u00f3wnowa\u017conego rozwoju, minimalizuj\u0105c nasz <\/p>\n","protected":false},"author":3,"featured_media":28186179,"parent":0,"menu_order":0,"template":"","property_type":[5131],"property_status":[5021],"property_feature":[5056],"property_label":[5196],"property_state":[5230],"property_city":[5238],"property_area":[5446],"class_list":["post-28186177","property","type-property","status-publish","has-post-thumbnail","hentry","property_type-domy","property_status-sprzeda","property_feature-basen","property_label-nowy-budynek","property_state-murcia","property_city-fuente-alamo-de-murcia","property_area-la-pinilla-las-palas"],"property_meta":{"fave_agent":["163467"],"fave_agents":["163467"],"fave_agent_display_option":["agent_info"],"custom_permalink":["inmueble\/venta\/casa\/murcia\/fuente-alamo-de-murcia\/n8617\/"],"_thumbnail_id":["28186179"],"post_id":["Array"],"original_author":["3"],"property_agent":["163467"],"_edit_lock":["1604137107:1"],"_edit_last":["1"],"fave_property_map_street_view":["show"],"fave_payment_status":["not_paid"],"fave_single_top_area":["global"],"fave_single_content_area":["global"],"houzez_manual_expire":["0"],"fave_property_size_prefix":["m&sup2;"],"fave_property_map":["1"],"fave_additional_features_enable":["disable"],"fave_floor_plans_enable":["disable"],"fave_multiunit_plans_enable":["disable"],"fave_prop_homeslider":["no"],"fave_featured":["0"],"fave_property_address":[" Fuente \u00c1lamo de Murcia, Murcia"],"fave_property_zip":["30335"],"houzez_geolocation_lat":["37.68678662761978"],"houzez_geolocation_long":["-1.2831332380392324"],"fave_property_location":["37.68678662761978,-1.2831332380392324"],"fave_property_country":["ES"],"fave_property_map_address":[" Fuente \u00c1lamo de Murcia, Murcia, Spain"],"fave_comunidadimporte":[""],"fave_comunidadincluida":["0"],"fave_conservacion":["Obra Nueva"],"fave_orientacion":[""],"fave_carpinteriainterior":[""],"fave_carpinteriaexterior":[""],"fave_tiposuelo":[""],"fave_vistas":[""],"fave_ibi":[""],"additional_features":["a:5:{i:0;a:2:{s:29:\"fave_additional_feature_title\";s:12:\"Carpinter\u00eda\";s:29:\"fave_additional_feature_value\";s:0:\"\";}i:1;a:2:{s:29:\"fave_additional_feature_title\";s:21:\"Carpinter\u00eda exterior\";s:29:\"fave_additional_feature_value\";s:0:\"\";}i:2;a:2:{s:29:\"fave_additional_feature_title\";s:6:\"Estado\";s:29:\"fave_additional_feature_value\";s:10:\"Obra Nueva\";}i:3;a:2:{s:29:\"fave_additional_feature_title\";s:6:\"Vistas\";s:29:\"fave_additional_feature_value\";s:0:\"\";}i:4;a:2:{s:29:\"fave_additional_feature_title\";s:12:\"Orientaci\u00f3n\";s:29:\"fave_additional_feature_value\";s:0:\"\";}}"],"referencia":["n8617"],"fave_property_id":["n8617"],"fave_property_bedrooms":["2"],"fave_property_bathrooms":["2"],"fave_property_garage":[""],"fave_property_land":["150"],"ave_property_land_postfix":["m&sup2;"],"fave_property_size":["70"],"fave_property_year":["0"],"fave_energy_global_index":["0 kWh\/m&sup2; \/0 Kg CO2\/m&sup2;"],"fave_energy_class":["B"],"estate_attr_energy_class":["B"],"REAL_HOMES_property_emisiones":["0"],"REAL_HOMES_property_consumo":["0"],"REAL_HOMES_property_letra":["B"],"estate_video":[""],"fave_virtual_tour":[""],"vendidoInmueble":[""],"fave_property_price":["199750"],"fave_property_price_postfix":[""],"fave_property_images":["28186179","28186180","28186181","28186182","28186183","28186184","28186185","28186186","28186187","28186188","28186189","28186190","28186191","28186192","28186193","28186194","28186195"],"houzez_total_property_views":["1"],"houzez_views_by_date":["a:1:{s:10:\"05-01-2026\";i:1;}"],"houzez_recently_viewed":["2026-05-01 10:16:10"],"_elementor_page_assets":["a:0:{}"]},"_links":{"self":[{"href":"https:\/\/inmobrisa.com\/pl\/wp-json\/wp\/v2\/properties\/28186177","targetHints":{"allow":["GET"]}}],"collection":[{"href":"https:\/\/inmobrisa.com\/pl\/wp-json\/wp\/v2\/properties"}],"about":[{"href":"https:\/\/inmobrisa.com\/pl\/wp-json\/wp\/v2\/types\/property"}],"author":[{"embeddable":true,"href":"https:\/\/inmobrisa.com\/pl\/wp-json\/wp\/v2\/users\/3"}],"version-history":[{"count":0,"href":"https:\/\/inmobrisa.com\/pl\/wp-json\/wp\/v2\/properties\/28186177\/revisions"}],"wp:featuredmedia":[{"embeddable":true,"href":"https:\/\/inmobrisa.com\/pl\/wp-json\/wp\/v2\/media\/28186179"}],"wp:attachment":[{"href":"https:\/\/inmobrisa.com\/pl\/wp-json\/wp\/v2\/media?parent=28186177"}],"wp:term":[{"taxonomy":"property_type","embeddable":true,"href":"https:\/\/inmobrisa.com\/pl\/wp-json\/wp\/v2\/property_type?post=28186177"},{"taxonomy":"property_status","embeddable":true,"href":"https:\/\/inmobrisa.com\/pl\/wp-json\/wp\/v2\/property_status?post=28186177"},{"taxonomy":"property_feature","embeddable":true,"href":"https:\/\/inmobrisa.com\/pl\/wp-json\/wp\/v2\/property_feature?post=28186177"},{"taxonomy":"property_label","embeddable":true,"href":"https:\/\/inmobrisa.com\/pl\/wp-json\/wp\/v2\/property_label?post=28186177"},{"taxonomy":"property_state","embeddable":true,"href":"https:\/\/inmobrisa.com\/pl\/wp-json\/wp\/v2\/property_state?post=28186177"},{"taxonomy":"property_city","embeddable":true,"href":"https:\/\/inmobrisa.com\/pl\/wp-json\/wp\/v2\/property_city?post=28186177"},{"taxonomy":"property_area","embeddable":true,"href":"https:\/\/inmobrisa.com\/pl\/wp-json\/wp\/v2\/property_area?post=28186177"}],"curies":[{"name":"wp","href":"https:\/\/api.w.org\/{rel}","templated":true}]}}

Venta de Casa en Fuente Álamo de Murcia &#8211; n8617

<p>Nowa inwestycja mieszkaniowa składająca się z willi i domów szeregowych w Fuente Álamo, w regionie Murcja.Lokalizacja ta oferuje wyjątkowe otoczenie przyrody, z dala od zgiełku dużych miast i turystycznego natężenia na wybrzeżu. Ponadto jesteśmy zaangażowani w działania na rzecz zrównoważonego rozwoju, minimalizując nasz wpływ na środowisko i maksymalizując integrację z lokalną społecznością. Tutaj Twoje marzenia o spokojnym i zrównoważonym stylu życia stają się rzeczywistością. Wyobraź sobie, że każdego ranka budzisz się w imponującym otoczeniu natury, w spokoju i wśród wyjątkowego piękna murcyjskiej wsi.W tej inwestycji priorytetem jest energooszczędność, wykorzystanie materiałów przyjaznych dla środowiska oraz harmonijna integracja z otoczeniem. Od projektu nieruchomości po planowanie inwestycji – wszystko ma na celu zmniejszenie naszego śladu węglowego i promowanie odpowiedzialnych praktyk we wszystkich działaniach.System wideodomofonu.Drzwi wejściowe w kolorze lakierowanym, z zamkiem i okuciami antywandalskimi.Szafy z bagażnikiem, wyłożone wewnątrz, lakierowane na biało.Meble kuchenne wraz z wyposażeniem AGD.Ciepła woda z aerotermii.Elektryczne rolety.Pergole w solarium.Prywatny basen o wymiarach 2,5 x 4,5 m z podwodnym oświetleniem i systemem oczyszczania chlorem solnym.Instalacja pod kuchnię zewnętrzną/jacuzzi w solarium.Fuente Álamo de Murcia to miejscowość i gmina w regionie Murcji, na południu Hiszpanii. Położona jest 22 km na północny zachód od Kartageny i 35 km na południowy zachód od Murcji.Miasto leży w dorzeczu Morza Menor, otoczone pasmami górskimi Algarrobo, Los Gómez, Los Victorias i Carrascoy. Woda z tych gór spływa w dół Rambla de Fuente Álamo, a następnie do Morza Menor.Fuente Álamo znajduje się 30 minut od lotniska Murcia &#8211; Corvera. Najbliższe sklepy znajdują się w odległości 6 km.</p>

<p>Nowa inwestycja mieszkaniowa składająca się z willi i domów szeregowych w Fuente Álamo, w regionie Murcja.Lokalizacja ta oferuje wyjątkowe otoczenie przyrody, z dala od zgiełku dużych miast i turystycznego natężenia na wybrzeżu. Ponadto jesteśmy zaangażowani w działania na rzecz zrównoważonego rozwoju, minimalizując nasz </p>

Fuente Álamo de Murcia, Murcia

Fuente Álamo de Murcia, Murcia, Spain

a:5:{i:0;a:2:{s:29:"fave_additional_feature_title";s:12:"Carpintería";s:29:"fave_additional_feature_value";s:0:"";}i:1;a:2:{s:29:"fave_additional_feature_title";s:21:"Carpintería exterior";s:29:"fave_additional_feature_value";s:0:"";}i:2;a:2:{s:29:"fave_additional_feature_title";s:6:"Estado";s:29:"fave_additional_feature_value";s:10:"Obra Nueva";}i:3;a:2:{s:29:"fave_additional_feature_title";s:6:"Vistas";s:29:"fave_additional_feature_value";s:0:"";}i:4;a:2:{s:29:"fave_additional_feature_title";s:12:"Orientación";s:29:"fave_additional_feature_value";s:0:"";}}
