{"id":35432765,"date":"2026-08-31T09:53:50","date_gmt":"2026-08-31T09:53:50","guid":{"rendered":"https:\/\/www.inmobrisa.com\/inmueble\/venta\/villas\/alicante\/la-nucia\/03479\/"},"modified":"2026-08-31T09:53:50","modified_gmt":"2026-08-31T09:53:50","slug":"duza-luksusowa-willa-nucia-w-poblizu-benidorm-prywatnosc-03479","status":"publish","type":"property","link":"https:\/\/inmobrisa.com\/pl\/property\/duza-luksusowa-willa-nucia-w-poblizu-benidorm-prywatnosc-03479\/","title":{"rendered":"DU\u017bA LUKSUSOWA WILLA &#8211; NUCIA. (W POBLI\u017bU BENIDORM) &#8211; PRYWATNO\u015a\u0106 &#8211; 03479"},"content":{"rendered":"<p>\u015awietne otoczenie, blisko morza i natury. Bardzo cicho i du\u017co prywatno\u015bci.<\/p>\n<p>  Spektakularna willa o powierzchni 500 m2 rozmieszczona na 2 poziomach oraz ogromna i otwarta piwnica. Na parterze mamy sypialni\u0119 z \u0142azienk\u0105 z garderob\u0105 i \u0142azienk\u0105 w cenie, 2 du\u017ce sypialnie, 1 \u0142azienk\u0119, w pe\u0142ni wyposa\u017con\u0105 kuchni\u0119 oraz przestronny salon z ogromnymi oknami, przez kt\u00f3re mo\u017cna podziwia\u0107 niesamowite widoki na morze i przyrod\u0119 La Nucia. Na pierwszym pi\u0119trze znajduje si\u0119 centralna klimatyzacja ciep\u0142a i zimna, automatyczny kominek na biomas\u0119 i 3 grzejniki z kamienia wulkanicznego. Dolna kondygnacja po\u0142\u0105czona jest wn\u0119trzem domu i sk\u0142ada si\u0119 z 2 pokoi z klimatyzacj\u0105, si\u0142owni, gabinetu oraz kompletnej \u0142azienki. Pokoje te s\u0105 po\u0142\u0105czone z drzwiami antyw\u0142amaniowymi, kt\u00f3re prowadz\u0105 do gara\u017cu w domu, w kt\u00f3rym jest miejsce na maksymalnie 3 samochody. Doskonale utrzymany ogr\u00f3d z basenem i r\u00f3\u017cnymi terenami do sp\u0119dzenia niezapomnianych chwil z rodzin\u0105 i przyjaci\u00f3\u0142mi.<\/p>\n<p>W tej wspania\u0142ej willi nie brakuje \u017cadnych detali: system bezpiecze\u0144stwa z czujnikami i kamerami monitoringu, przesuwne drzwi wewn\u0119trzne, podw\u00f3jne okna z wysokiej jako\u015bci szybami climalit, kt\u00f3re idealnie utrzymuj\u0105 temperatur\u0119 w domu, elektryczne markizy, elektryczne rolety, kraty bezpiecze\u0144stwa, opancerzone drzwi wej\u015bciowe i automatyczna brama wjazdowa dla pojazd\u00f3w. Klasa energetyczna typu A. Dom posiada r\u00f3wnie\u017c du\u017cy zewn\u0119trzny magazyn, w kt\u00f3rym mo\u017cna przechowywa\u0107 motocykle, rowery, quady&#8230; oraz narz\u0119dzia do konserwacji domu i oczyszczalni basenowej. Podw\u00f3jne okno, bary, W okolicy, na kt\u00f3rej znajduje si\u0119 dom, znajduj\u0105 si\u0119 pobliskie place zabaw, korty tenisowe, szko\u0142a tradycyjnej edukacji Montessori, restauracje (Carbon, Panorama, Alcazar, bardzo dobry chi\u0144ski i bezp\u0142atny wok w formie bufetu, apteka i wiele wi\u0119cej.<\/p>\n<p>Lokalizacja jest idealna w gminie La Nuc\u00eda (Costa Blanca), 10 minut od Benidormu i Altei, w pobli\u017cu wszystkich podstawowych us\u0142ug i \u015brodk\u00f3w komunikacji, takich jak mi\u0119dzynarodowe lotnisko w Alicante, dlatego ma idealn\u0105 r\u00f3wnowag\u0119, aby by\u0107 Domem na sporadyczne wypady lub zamieszka\u0107 przez ca\u0142y rok dzi\u0119ki doskona\u0142emu klimatowi okolicy. To dom jak ma\u0142o kt\u00f3ry!<\/p>\n<p>Nie przegap tej WYJ\u0104TKOWEJ OKAZJI!<\/p>\n","protected":false},"excerpt":{"rendered":"<p>~\u015awietne otoczenie, blisko morza i natury. Bardzo cicho i du\u017co prywatno\u015bci.~~  Spektakularna willa o powierzchni 500 m2 rozmieszczona na 2 poziomach oraz ogromna i otwarta piwnica. Na parterze mamy sypialni\u0119 z \u0142azienk\u0105 z garderob\u0105 i \u0142azienk\u0105 w cenie, 2 du\u017ce sypialnie, 1 \u0142azienk\u0119, w pe\u0142ni wyposa\u017con\u0105 kuchni\u0119 oraz przestronny <\/p>\n","protected":false},"author":3,"featured_media":35432767,"parent":0,"menu_order":0,"template":"","property_type":[5172],"property_status":[5021],"property_feature":[5137,5056,5091,5086,5031,5061,5106,5046,5071,5026],"property_label":[5282],"property_state":[166],"property_city":[234],"property_area":[294],"class_list":["post-35432765","property","type-property","status-publish","has-post-thumbnail","hentry","property_type-wille","property_status-sprzeda","property_feature-alarm","property_feature-basen","property_feature-cakowicie-zewntrzne","property_feature-drzwi-pancerne","property_feature-klimatyzacja","property_feature-ogrod","property_feature-ogrzewanie","property_feature-parking-pl-","property_feature-schowek","property_feature-taras","property_label-odsprzedaz","property_state-alicante","property_city-la-nucia","property_area-panorama"],"property_meta":{"fave_agent":["163467"],"fave_agents":["163467"],"fave_agent_display_option":["agent_info"],"custom_permalink":["inmueble\/venta\/villas\/alicante\/la-nucia\/03479\/"],"_thumbnail_id":["35432767"],"original_author":["3"],"property_agent":["163467"],"_edit_lock":["1604137107:1"],"_edit_last":["1"],"fave_property_map_street_view":["show"],"fave_payment_status":["not_paid"],"fave_single_top_area":["global"],"fave_single_content_area":["global"],"houzez_manual_expire":["0"],"fave_property_size_prefix":["m&sup2;"],"fave_property_map":["1"],"fave_additional_features_enable":["disable"],"fave_floor_plans_enable":["disable"],"fave_multiunit_plans_enable":["disable"],"fave_prop_homeslider":["no"],"fave_featured":["0"],"fave_property_address":[" La Nucia, Alicante"],"fave_property_zip":["03530"],"houzez_geolocation_lat":["38.58121825756966"],"houzez_geolocation_long":["-0.13345225244759382"],"fave_property_location":["38.58121825756966,-0.13345225244759382"],"fave_property_country":["ES"],"fave_property_map_address":[" La Nucia, Alicante, Spain"],"fave_comunidadimporte":[""],"fave_comunidadincluida":["0"],"fave_conservacion":["Buen estado"],"fave_orientacion":["Sur"],"fave_carpinteriainterior":[""],"fave_carpinteriaexterior":[""],"fave_tiposuelo":[""],"fave_vistas":[""],"fave_ibi":["1390\u20ac"],"additional_features":["a:6:{i:0;a:2:{s:29:\"fave_additional_feature_title\";s:12:\"Carpinter\u00eda\";s:29:\"fave_additional_feature_value\";s:0:\"\";}i:1;a:2:{s:29:\"fave_additional_feature_title\";s:21:\"Carpinter\u00eda exterior\";s:29:\"fave_additional_feature_value\";s:0:\"\";}i:2;a:2:{s:29:\"fave_additional_feature_title\";s:6:\"Estado\";s:29:\"fave_additional_feature_value\";s:11:\"Buen estado\";}i:3;a:2:{s:29:\"fave_additional_feature_title\";s:6:\"Vistas\";s:29:\"fave_additional_feature_value\";s:0:\"\";}i:4;a:2:{s:29:\"fave_additional_feature_title\";s:12:\"Orientaci\u00f3n\";s:29:\"fave_additional_feature_value\";s:3:\"Sur\";}i:5;a:2:{s:29:\"fave_additional_feature_title\";s:13:\"Gastos de IBI\";s:29:\"fave_additional_feature_value\";s:7:\"1390\u20ac\";}}"],"referencia":["03479"],"fave_property_id":["03479"],"goapis_id_inmueble":["13613165266"],"goapis_images_hash":["fada42400c4d1e1d4056edd5d94b474f"],"fave_property_bedrooms":["5"],"fave_property_bathrooms":["3"],"fave_property_garage":["3"],"fave_property_land":["957"],"ave_property_land_postfix":["m&sup2;"],"fave_property_size":["530"],"fave_property_year":["2002"],"fave_energy_global_index":["0 kWh\/m&sup2; \/0 Kg CO2\/m&sup2;"],"fave_energy_class":["E"],"estate_attr_energy_class":["E"],"REAL_HOMES_property_emisiones":["0"],"REAL_HOMES_property_consumo":["0"],"REAL_HOMES_property_letra":["E"],"estate_video":[""],"fave_virtual_tour":[""],"vendidoInmueble":[""],"fave_property_price":["1200000"],"fave_property_price_postfix":[""],"fave_property_images":["35432767","35432768","35432769","35432770","35432771","35432772","35432773","35432774","35432775","35432776","35432777","35432778","35432779","35432780","35432781","35432782","35432783","35432784","35432785","35432786","35432787","35432788","35432789","35432790","35432791","35432792","35432793","35432794","35432795","35432796","35432797","35432798","35432799","35432800","35432801","35432802","35432803","35432804","35432805","35432806","35432807","35432808","35432809"],"houzez_total_property_views":["2"],"houzez_views_by_date":["a:1:{s:10:\"09-01-2026\";i:2;}"],"houzez_recently_viewed":["2026-09-01 10:59:22"],"_elementor_page_assets":["a:0:{}"]},"_links":{"self":[{"href":"https:\/\/inmobrisa.com\/pl\/wp-json\/wp\/v2\/properties\/35432765","targetHints":{"allow":["GET"]}}],"collection":[{"href":"https:\/\/inmobrisa.com\/pl\/wp-json\/wp\/v2\/properties"}],"about":[{"href":"https:\/\/inmobrisa.com\/pl\/wp-json\/wp\/v2\/types\/property"}],"author":[{"embeddable":true,"href":"https:\/\/inmobrisa.com\/pl\/wp-json\/wp\/v2\/users\/3"}],"version-history":[{"count":0,"href":"https:\/\/inmobrisa.com\/pl\/wp-json\/wp\/v2\/properties\/35432765\/revisions"}],"wp:featuredmedia":[{"embeddable":true,"href":"https:\/\/inmobrisa.com\/pl\/wp-json\/wp\/v2\/media\/35432767"}],"wp:attachment":[{"href":"https:\/\/inmobrisa.com\/pl\/wp-json\/wp\/v2\/media?parent=35432765"}],"wp:term":[{"taxonomy":"property_type","embeddable":true,"href":"https:\/\/inmobrisa.com\/pl\/wp-json\/wp\/v2\/property_type?post=35432765"},{"taxonomy":"property_status","embeddable":true,"href":"https:\/\/inmobrisa.com\/pl\/wp-json\/wp\/v2\/property_status?post=35432765"},{"taxonomy":"property_feature","embeddable":true,"href":"https:\/\/inmobrisa.com\/pl\/wp-json\/wp\/v2\/property_feature?post=35432765"},{"taxonomy":"property_label","embeddable":true,"href":"https:\/\/inmobrisa.com\/pl\/wp-json\/wp\/v2\/property_label?post=35432765"},{"taxonomy":"property_state","embeddable":true,"href":"https:\/\/inmobrisa.com\/pl\/wp-json\/wp\/v2\/property_state?post=35432765"},{"taxonomy":"property_city","embeddable":true,"href":"https:\/\/inmobrisa.com\/pl\/wp-json\/wp\/v2\/property_city?post=35432765"},{"taxonomy":"property_area","embeddable":true,"href":"https:\/\/inmobrisa.com\/pl\/wp-json\/wp\/v2\/property_area?post=35432765"}],"curies":[{"name":"wp","href":"https:\/\/api.w.org\/{rel}","templated":true}]}}

DUŻA LUKSUSOWA WILLA &#8211; NUCIA. (W POBLIŻU BENIDORM) &#8211; PRYWATNOŚĆ &#8211; 03479

<p>Świetne otoczenie, blisko morza i natury. Bardzo cicho i dużo prywatności.</p>
<p>  Spektakularna willa o powierzchni 500 m2 rozmieszczona na 2 poziomach oraz ogromna i otwarta piwnica. Na parterze mamy sypialnię z łazienką z garderobą i łazienką w cenie, 2 duże sypialnie, 1 łazienkę, w pełni wyposażoną kuchnię oraz przestronny salon z ogromnymi oknami, przez które można podziwiać niesamowite widoki na morze i przyrodę La Nucia. Na pierwszym piętrze znajduje się centralna klimatyzacja ciepła i zimna, automatyczny kominek na biomasę i 3 grzejniki z kamienia wulkanicznego. Dolna kondygnacja połączona jest wnętrzem domu i składa się z 2 pokoi z klimatyzacją, siłowni, gabinetu oraz kompletnej łazienki. Pokoje te są połączone z drzwiami antywłamaniowymi, które prowadzą do garażu w domu, w którym jest miejsce na maksymalnie 3 samochody. Doskonale utrzymany ogród z basenem i różnymi terenami do spędzenia niezapomnianych chwil z rodziną i przyjaciółmi.</p>
<p>W tej wspaniałej willi nie brakuje żadnych detali: system bezpieczeństwa z czujnikami i kamerami monitoringu, przesuwne drzwi wewnętrzne, podwójne okna z wysokiej jakości szybami climalit, które idealnie utrzymują temperaturę w domu, elektryczne markizy, elektryczne rolety, kraty bezpieczeństwa, opancerzone drzwi wejściowe i automatyczna brama wjazdowa dla pojazdów. Klasa energetyczna typu A. Dom posiada również duży zewnętrzny magazyn, w którym można przechowywać motocykle, rowery, quady&#8230; oraz narzędzia do konserwacji domu i oczyszczalni basenowej. Podwójne okno, bary, W okolicy, na której znajduje się dom, znajdują się pobliskie place zabaw, korty tenisowe, szkoła tradycyjnej edukacji Montessori, restauracje (Carbon, Panorama, Alcazar, bardzo dobry chiński i bezpłatny wok w formie bufetu, apteka i wiele więcej.</p>
<p>Lokalizacja jest idealna w gminie La Nucía (Costa Blanca), 10 minut od Benidormu i Altei, w pobliżu wszystkich podstawowych usług i środków komunikacji, takich jak międzynarodowe lotnisko w Alicante, dlatego ma idealną równowagę, aby być Domem na sporadyczne wypady lub zamieszkać przez cały rok dzięki doskonałemu klimatowi okolicy. To dom jak mało który!</p>
<p>Nie przegap tej WYJĄTKOWEJ OKAZJI!</p>

<p>~Świetne otoczenie, blisko morza i natury. Bardzo cicho i dużo prywatności.~~  Spektakularna willa o powierzchni 500 m2 rozmieszczona na 2 poziomach oraz ogromna i otwarta piwnica. Na parterze mamy sypialnię z łazienką z garderobą i łazienką w cenie, 2 duże sypialnie, 1 łazienkę, w pełni wyposażoną kuchnię oraz przestronny </p>

a:6:{i:0;a:2:{s:29:"fave_additional_feature_title";s:12:"Carpintería";s:29:"fave_additional_feature_value";s:0:"";}i:1;a:2:{s:29:"fave_additional_feature_title";s:21:"Carpintería exterior";s:29:"fave_additional_feature_value";s:0:"";}i:2;a:2:{s:29:"fave_additional_feature_title";s:6:"Estado";s:29:"fave_additional_feature_value";s:11:"Buen estado";}i:3;a:2:{s:29:"fave_additional_feature_title";s:6:"Vistas";s:29:"fave_additional_feature_value";s:0:"";}i:4;a:2:{s:29:"fave_additional_feature_title";s:12:"Orientación";s:29:"fave_additional_feature_value";s:3:"Sur";}i:5;a:2:{s:29:"fave_additional_feature_title";s:13:"Gastos de IBI";s:29:"fave_additional_feature_value";s:7:"1390€";}}
