{"id":35432917,"date":"2026-09-03T16:05:23","date_gmt":"2026-09-03T16:05:23","guid":{"rendered":"https:\/\/www.inmobrisa.com\/inmueble\/venta\/chalet\/alicante\/alfaz-del-pi\/05520\/"},"modified":"2026-09-03T16:05:23","modified_gmt":"2026-09-03T16:05:23","slug":"przestronna-willa-o-powierzchni-182-m-z-widokiem-na-morze-i-prywatnym-basenem-w-l-alfas-del-pi-05520","status":"publish","type":"property","link":"https:\/\/inmobrisa.com\/pl\/property\/przestronna-willa-o-powierzchni-182-m-z-widokiem-na-morze-i-prywatnym-basenem-w-l-alfas-del-pi-05520\/","title":{"rendered":"PRZESTRONNA WILLA O POWIERZCHNI 182 M\u00b2 Z WIDOKIEM NA MORZE I PRYWATNYM BASENEM W L\u2019ALF\u00c0S DEL PI &#8211; 05520"},"content":{"rendered":"<p>Odkryj ten przestronny dom po\u0142o\u017cony w spokojnej okolicy l\u2019Alf\u00e0s del Pi, idealny dla os\u00f3b poszukuj\u0105cych przestrzeni, komfortu i blisko\u015bci Morza \u015ar\u00f3dziemnego. Nieruchomo\u015b\u0107 o powierzchni 182 m\u00b2 oferuje przestronny i funkcjonalny uk\u0142ad, z 3 sypialniami dwuosobowymi, 1 sypialni\u0105 jednoosobow\u0105 i 2 \u0142azienkami, idealny dla rodziny lub os\u00f3b potrzebuj\u0105cych dodatkowej przestrzeni dla go\u015bci, biura lub strefy rekreacyjnej.<\/p>\n<p>Dom jest w dobrym stanie i gotowy do zamieszkania. Oferuje w pe\u0142ni wyposa\u017con\u0105, oddzieln\u0105 kuchni\u0119, jasny salon, spi\u017carni\u0119, pomieszczenie gospodarcze, wbudowane szafy wn\u0119kowe i klimatyzacj\u0119 typu split. Posiada r\u00f3wnie\u017c ogrzewanie, okno wykuszowe i taras z przyjemnym, niezak\u0142\u00f3conym widokiem na morze. Na zewn\u0105trz znajduje si\u0119 wiele przestrzeni, w tym patio, ogrodzony teren, prywatny basen i grill, idealnych do delektowania si\u0119 \u015br\u00f3dziemnomorskim klimatem.<\/p>\n<p>Lokalizacja pozwala po\u0142\u0105czy\u0107 spok\u00f3j typowy dla osiedli mieszkaniowych ze wszystkimi niezb\u0119dnymi udogodnieniami. Dzielnica handlowa l\u2019Albir, gdzie znajduj\u0105 si\u0119 supermarkety, restauracje i sklepy, znajduje si\u0119 zaledwie kilka minut spacerem od domu. Dla por\u00f3wnania, supermarket Consum znajduje si\u0119 w odleg\u0142o\u015bci oko\u0142o 10-15 minut spacerem, w zale\u017cno\u015bci od punktu pocz\u0105tkowego.<\/p>\n<p>Wybrze\u017ce oddalone jest o oko\u0142o 1,1 km i mo\u017cna do niego \u0142atwo dojecha\u0107 samochodem lub przyjemnym spacerem. Ponadto, L\u2019Alf\u00e0s del Pi i L\u2019Albir oferuj\u0105 uprzywilejowan\u0105 lokalizacj\u0119 mi\u0119dzy morzem a g\u00f3rami, z naturalnymi terenami, takimi jak Serra Gelada, i licznymi szlakami, kt\u00f3rymi mo\u017cna podziwia\u0107 krajobrazy.<\/p>\n<p>Ta przestronna nieruchomo\u015b\u0107 oferuje prywatny basen, widok na morze i du\u017c\u0105 przestrze\u0144 na zewn\u0105trz, a wszystko to w bardzo po\u017c\u0105danej dzielnicy mieszkalnej na Costa Blanca. Roczny podatek od nieruchomo\u015bci (IBI): 433 EUR. Rok budowy: 1972.<\/p>\n","protected":false},"excerpt":{"rendered":"<p>Odkryj ten przestronny dom po\u0142o\u017cony w spokojnej okolicy l\u2019Alf\u00e0s del Pi, idealny dla os\u00f3b poszukuj\u0105cych przestrzeni, komfortu i blisko\u015bci Morza \u015ar\u00f3dziemnego. Nieruchomo\u015b\u0107 o powierzchni 182 m\u00b2 oferuje przestronny i funkcjonalny uk\u0142ad, z 3 sypialniami dwuosobowymi, 1 sypialni\u0105 jednoosobow\u0105 i 2 \u0142azienkami, idealny dla rodziny <\/p>\n","protected":false},"author":3,"featured_media":35432919,"parent":0,"menu_order":0,"template":"","property_type":[5135],"property_status":[5021],"property_feature":[5056,5091,5121,5143,5031,5081,5106,5046,5177,5076,5026],"property_label":[5282],"property_state":[166],"property_city":[263],"property_area":[5555],"class_list":["post-35432917","property","type-property","status-publish","has-post-thumbnail","hentry","property_type-domki-letniskowe","property_status-sprzeda","property_feature-basen","property_feature-cakowicie-zewntrzne","property_feature-galeria","property_feature-grill","property_feature-klimatyzacja","property_feature-meble","property_feature-ogrzewanie","property_feature-parking-pl-","property_feature-patio","property_feature-sprzt-agd","property_feature-taras","property_label-odsprzedaz","property_state-alicante","property_city-alfaz-del-pi","property_area-alfaz-del-pi-pueblo-urbanizaciones"],"property_meta":{"fave_agent":["163467"],"fave_agents":["163467"],"fave_agent_display_option":["agent_info"],"custom_permalink":["inmueble\/venta\/chalet\/alicante\/alfaz-del-pi\/05520\/"],"_thumbnail_id":["35432919"],"original_author":["3"],"property_agent":["163467"],"_edit_lock":["1604137107:1"],"_edit_last":["1"],"fave_property_map_street_view":["show"],"fave_payment_status":["not_paid"],"fave_single_top_area":["global"],"fave_single_content_area":["global"],"houzez_manual_expire":["0"],"fave_property_size_prefix":["m&sup2;"],"fave_property_map":["1"],"fave_additional_features_enable":["disable"],"fave_floor_plans_enable":["disable"],"fave_multiunit_plans_enable":["disable"],"fave_prop_homeslider":["no"],"fave_featured":["0"],"fave_property_address":[" Alfaz del Pi, Alicante"],"fave_property_zip":["03580"],"houzez_geolocation_lat":["38.58351293"],"houzez_geolocation_long":["-0.084576384"],"fave_property_location":["38.58351293,-0.084576384"],"fave_property_country":["ES"],"fave_property_map_address":[" Alfaz del Pi, Alicante, Spain"],"fave_comunidadimporte":[""],"fave_comunidadincluida":["0"],"fave_conservacion":["Entrar a vivir"],"fave_orientacion":["Sureste"],"fave_carpinteriainterior":[""],"fave_carpinteriaexterior":[""],"fave_tiposuelo":[""],"fave_vistas":[""],"fave_ibi":["433\u20ac"],"additional_features":["a:6:{i:0;a:2:{s:29:\"fave_additional_feature_title\";s:12:\"Carpinter\u00eda\";s:29:\"fave_additional_feature_value\";s:0:\"\";}i:1;a:2:{s:29:\"fave_additional_feature_title\";s:21:\"Carpinter\u00eda exterior\";s:29:\"fave_additional_feature_value\";s:0:\"\";}i:2;a:2:{s:29:\"fave_additional_feature_title\";s:6:\"Estado\";s:29:\"fave_additional_feature_value\";s:14:\"Entrar a vivir\";}i:3;a:2:{s:29:\"fave_additional_feature_title\";s:6:\"Vistas\";s:29:\"fave_additional_feature_value\";s:0:\"\";}i:4;a:2:{s:29:\"fave_additional_feature_title\";s:12:\"Orientaci\u00f3n\";s:29:\"fave_additional_feature_value\";s:7:\"Sureste\";}i:5;a:2:{s:29:\"fave_additional_feature_title\";s:13:\"Gastos de IBI\";s:29:\"fave_additional_feature_value\";s:6:\"433\u20ac\";}}"],"referencia":["05520"],"fave_property_id":["05520"],"goapis_id_inmueble":["13630131018"],"goapis_images_hash":["de95a41f31c6a1bde14b3ee530f0a9c6"],"fave_property_bedrooms":["4"],"fave_property_bathrooms":["2"],"fave_property_garage":["1"],"fave_property_land":["0"],"ave_property_land_postfix":["m&sup2;"],"fave_property_size":["182"],"fave_property_year":["1972"],"fave_energy_global_index":["0 kWh\/m&sup2; \/0 Kg CO2\/m&sup2;"],"fave_energy_class":["D"],"estate_attr_energy_class":["D"],"REAL_HOMES_property_emisiones":["0"],"REAL_HOMES_property_consumo":["0"],"REAL_HOMES_property_letra":["D"],"estate_video":[""],"fave_virtual_tour":[""],"vendidoInmueble":[""],"fave_property_price":["380000"],"fave_property_price_postfix":[""],"fave_property_images":["35432919","35432920","35432921","35432922","35432923","35432924","35432925","35432926","35432927","35432928","35432929","35432930","35432931","35432932","35432933","35432934","35432935","35432936","35432937","35432938","35432939","35432940","35432941","35432942","35432943","35432944","35432945","35432946","35432947","35432948"],"houzez_total_property_views":["3"],"houzez_views_by_date":["a:1:{s:10:\"09-04-2026\";i:3;}"],"houzez_recently_viewed":["2026-09-04 12:03:02"],"_elementor_page_assets":["a:0:{}"]},"_links":{"self":[{"href":"https:\/\/inmobrisa.com\/pl\/wp-json\/wp\/v2\/properties\/35432917","targetHints":{"allow":["GET"]}}],"collection":[{"href":"https:\/\/inmobrisa.com\/pl\/wp-json\/wp\/v2\/properties"}],"about":[{"href":"https:\/\/inmobrisa.com\/pl\/wp-json\/wp\/v2\/types\/property"}],"author":[{"embeddable":true,"href":"https:\/\/inmobrisa.com\/pl\/wp-json\/wp\/v2\/users\/3"}],"version-history":[{"count":0,"href":"https:\/\/inmobrisa.com\/pl\/wp-json\/wp\/v2\/properties\/35432917\/revisions"}],"wp:featuredmedia":[{"embeddable":true,"href":"https:\/\/inmobrisa.com\/pl\/wp-json\/wp\/v2\/media\/35432919"}],"wp:attachment":[{"href":"https:\/\/inmobrisa.com\/pl\/wp-json\/wp\/v2\/media?parent=35432917"}],"wp:term":[{"taxonomy":"property_type","embeddable":true,"href":"https:\/\/inmobrisa.com\/pl\/wp-json\/wp\/v2\/property_type?post=35432917"},{"taxonomy":"property_status","embeddable":true,"href":"https:\/\/inmobrisa.com\/pl\/wp-json\/wp\/v2\/property_status?post=35432917"},{"taxonomy":"property_feature","embeddable":true,"href":"https:\/\/inmobrisa.com\/pl\/wp-json\/wp\/v2\/property_feature?post=35432917"},{"taxonomy":"property_label","embeddable":true,"href":"https:\/\/inmobrisa.com\/pl\/wp-json\/wp\/v2\/property_label?post=35432917"},{"taxonomy":"property_state","embeddable":true,"href":"https:\/\/inmobrisa.com\/pl\/wp-json\/wp\/v2\/property_state?post=35432917"},{"taxonomy":"property_city","embeddable":true,"href":"https:\/\/inmobrisa.com\/pl\/wp-json\/wp\/v2\/property_city?post=35432917"},{"taxonomy":"property_area","embeddable":true,"href":"https:\/\/inmobrisa.com\/pl\/wp-json\/wp\/v2\/property_area?post=35432917"}],"curies":[{"name":"wp","href":"https:\/\/api.w.org\/{rel}","templated":true}]}}

PRZESTRONNA WILLA O POWIERZCHNI 182 M² Z WIDOKIEM NA MORZE I PRYWATNYM BASENEM W L’ALFÀS DEL PI &#8211; 05520

<p>Odkryj ten przestronny dom położony w spokojnej okolicy l’Alfàs del Pi, idealny dla osób poszukujących przestrzeni, komfortu i bliskości Morza Śródziemnego. Nieruchomość o powierzchni 182 m² oferuje przestronny i funkcjonalny układ, z 3 sypialniami dwuosobowymi, 1 sypialnią jednoosobową i 2 łazienkami, idealny dla rodziny lub osób potrzebujących dodatkowej przestrzeni dla gości, biura lub strefy rekreacyjnej.</p>
<p>Dom jest w dobrym stanie i gotowy do zamieszkania. Oferuje w pełni wyposażoną, oddzielną kuchnię, jasny salon, spiżarnię, pomieszczenie gospodarcze, wbudowane szafy wnękowe i klimatyzację typu split. Posiada również ogrzewanie, okno wykuszowe i taras z przyjemnym, niezakłóconym widokiem na morze. Na zewnątrz znajduje się wiele przestrzeni, w tym patio, ogrodzony teren, prywatny basen i grill, idealnych do delektowania się śródziemnomorskim klimatem.</p>
<p>Lokalizacja pozwala połączyć spokój typowy dla osiedli mieszkaniowych ze wszystkimi niezbędnymi udogodnieniami. Dzielnica handlowa l’Albir, gdzie znajdują się supermarkety, restauracje i sklepy, znajduje się zaledwie kilka minut spacerem od domu. Dla porównania, supermarket Consum znajduje się w odległości około 10-15 minut spacerem, w zależności od punktu początkowego.</p>
<p>Wybrzeże oddalone jest o około 1,1 km i można do niego łatwo dojechać samochodem lub przyjemnym spacerem. Ponadto, L’Alfàs del Pi i L’Albir oferują uprzywilejowaną lokalizację między morzem a górami, z naturalnymi terenami, takimi jak Serra Gelada, i licznymi szlakami, którymi można podziwiać krajobrazy.</p>
<p>Ta przestronna nieruchomość oferuje prywatny basen, widok na morze i dużą przestrzeń na zewnątrz, a wszystko to w bardzo pożądanej dzielnicy mieszkalnej na Costa Blanca. Roczny podatek od nieruchomości (IBI): 433 EUR. Rok budowy: 1972.</p>

<p>Odkryj ten przestronny dom położony w spokojnej okolicy l’Alfàs del Pi, idealny dla osób poszukujących przestrzeni, komfortu i bliskości Morza Śródziemnego. Nieruchomość o powierzchni 182 m² oferuje przestronny i funkcjonalny układ, z 3 sypialniami dwuosobowymi, 1 sypialnią jednoosobową i 2 łazienkami, idealny dla rodziny </p>

a:6:{i:0;a:2:{s:29:"fave_additional_feature_title";s:12:"Carpintería";s:29:"fave_additional_feature_value";s:0:"";}i:1;a:2:{s:29:"fave_additional_feature_title";s:21:"Carpintería exterior";s:29:"fave_additional_feature_value";s:0:"";}i:2;a:2:{s:29:"fave_additional_feature_title";s:6:"Estado";s:29:"fave_additional_feature_value";s:14:"Entrar a vivir";}i:3;a:2:{s:29:"fave_additional_feature_title";s:6:"Vistas";s:29:"fave_additional_feature_value";s:0:"";}i:4;a:2:{s:29:"fave_additional_feature_title";s:12:"Orientación";s:29:"fave_additional_feature_value";s:7:"Sureste";}i:5;a:2:{s:29:"fave_additional_feature_title";s:13:"Gastos de IBI";s:29:"fave_additional_feature_value";s:6:"433€";}}
